--
-- Host: localhost    Database: DBSUNPRO_PROD
-- ------------------------------------------------------


--
-- Table structure for table `accesories`
--

CREATE TABLE `accesories` (
  `id` int unsigned NOT NULL AUTO_INCREMENT,
  `name` varchar(100) COLLATE utf8mb4_unicode_ci DEFAULT NULL,
  `code` varchar(255) COLLATE utf8mb4_unicode_ci DEFAULT NULL,
  `cost` double DEFAULT NULL,
  `currency` varchar(10) COLLATE utf8mb4_unicode_ci DEFAULT NULL,
  `photo` varchar(255) COLLATE utf8mb4_unicode_ci DEFAULT NULL,
  `company_id` int unsigned DEFAULT NULL,
  `unit_costing_id` int unsigned DEFAULT NULL,
  `type_accesory_id` int unsigned DEFAULT NULL,
  `type_cost` varchar(255) COLLATE utf8mb4_unicode_ci DEFAULT NULL,
  `deleted_at` timestamp NULL DEFAULT NULL,
  `created_at` timestamp NULL DEFAULT NULL,
  `updated_at` timestamp NULL DEFAULT NULL,
  PRIMARY KEY (`id`),
  KEY `accesories_company_id_foreign` (`company_id`),
  KEY `accesories_unit_costing_id_foreign` (`unit_costing_id`),
  KEY `accesories_type_accesory_id_foreign` (`type_accesory_id`),
  CONSTRAINT `accesories_company_id_foreign` FOREIGN KEY (`company_id`) REFERENCES `companies` (`id`) ON DELETE SET NULL ON UPDATE CASCADE,
  CONSTRAINT `accesories_type_accesory_id_foreign` FOREIGN KEY (`type_accesory_id`) REFERENCES `type_accesories` (`id`) ON DELETE SET NULL ON UPDATE CASCADE,
  CONSTRAINT `accesories_unit_costing_id_foreign` FOREIGN KEY (`unit_costing_id`) REFERENCES `unit_costing` (`id`) ON DELETE SET NULL ON UPDATE CASCADE
) ENGINE=InnoDB DEFAULT CHARSET=utf8mb4 COLLATE=utf8mb4_unicode_ci;

--
-- Dumping data for table `accesories`
--


--
-- Table structure for table `addresses`
--

CREATE TABLE `addresses` (
  `id` int unsigned NOT NULL AUTO_INCREMENT,
  `direction` varchar(255) COLLATE utf8mb4_unicode_ci DEFAULT NULL,
  `latitude` varchar(255) COLLATE utf8mb4_unicode_ci DEFAULT NULL,
  `longitude` varchar(255) COLLATE utf8mb4_unicode_ci DEFAULT NULL,
  `created_at` timestamp NULL DEFAULT NULL,
  `updated_at` timestamp NULL DEFAULT NULL,
  PRIMARY KEY (`id`)
) ENGINE=InnoDB AUTO_INCREMENT=2 DEFAULT CHARSET=utf8mb4 COLLATE=utf8mb4_unicode_ci;

--
-- Dumping data for table `addresses`
--

INSERT INTO `addresses` VALUES (1,'Blvd Adolfo López Mateos #2607 1-A  Colonia Barrio de Guadalupe, León, Guanajuato CP 37280',NULL,NULL,NULL,NULL);

--
-- Table structure for table `advisor_proposals`
--

CREATE TABLE `advisor_proposals` (
  `id` int unsigned NOT NULL AUTO_INCREMENT,
  `proposal_id` char(36) COLLATE utf8mb4_unicode_ci NOT NULL,
  `user_id` int unsigned NOT NULL,
  PRIMARY KEY (`id`),
  KEY `advisor_proposals_proposal_id_foreign` (`proposal_id`),
  KEY `advisor_proposals_user_id_foreign` (`user_id`),
  CONSTRAINT `advisor_proposals_proposal_id_foreign` FOREIGN KEY (`proposal_id`) REFERENCES `proposals` (`id`) ON DELETE CASCADE ON UPDATE CASCADE,
  CONSTRAINT `advisor_proposals_user_id_foreign` FOREIGN KEY (`user_id`) REFERENCES `users` (`id`) ON DELETE CASCADE ON UPDATE CASCADE
) ENGINE=InnoDB AUTO_INCREMENT=3 DEFAULT CHARSET=utf8mb4 COLLATE=utf8mb4_unicode_ci;

--
-- Dumping data for table `advisor_proposals`
--

INSERT INTO `advisor_proposals` VALUES (1,'99c9c258-5534-44c2-bbb6-422f600b73a4',1),(2,'99ca0696-9d4a-4ad7-afca-4d677ed67a7c',1);

--
-- Table structure for table `assigned_tickets`
--

CREATE TABLE `assigned_tickets` (
  `id` int unsigned NOT NULL AUTO_INCREMENT,
  `user_id` int unsigned DEFAULT NULL,
  `ticket_id` char(36) COLLATE utf8mb4_unicode_ci NOT NULL,
  `created_at` timestamp NULL DEFAULT NULL,
  `updated_at` timestamp NULL DEFAULT NULL,
  `deleted_at` timestamp NULL DEFAULT NULL,
  PRIMARY KEY (`id`),
  KEY `assigned_tickets_user_id_foreign` (`user_id`),
  KEY `assigned_tickets_ticket_id_foreign` (`ticket_id`),
  CONSTRAINT `assigned_tickets_ticket_id_foreign` FOREIGN KEY (`ticket_id`) REFERENCES `tickets` (`id`) ON DELETE CASCADE ON UPDATE CASCADE,
  CONSTRAINT `assigned_tickets_user_id_foreign` FOREIGN KEY (`user_id`) REFERENCES `users` (`id`) ON DELETE CASCADE ON UPDATE CASCADE
) ENGINE=InnoDB DEFAULT CHARSET=utf8mb4 COLLATE=utf8mb4_unicode_ci;

--
-- Dumping data for table `assigned_tickets`
--


--
-- Table structure for table `brands`
--

CREATE TABLE `brands` (
  `id` int unsigned NOT NULL AUTO_INCREMENT,
  `name` varchar(100) COLLATE utf8mb4_unicode_ci DEFAULT NULL,
  `logo` varchar(100) COLLATE utf8mb4_unicode_ci DEFAULT NULL,
  `description` text COLLATE utf8mb4_unicode_ci,
  `slug` varchar(150) COLLATE utf8mb4_unicode_ci DEFAULT NULL,
  `created_at` timestamp NULL DEFAULT NULL,
  `updated_at` timestamp NULL DEFAULT NULL,
  `deleted_at` timestamp NULL DEFAULT NULL,
  PRIMARY KEY (`id`)
) ENGINE=InnoDB AUTO_INCREMENT=21 DEFAULT CHARSET=utf8mb4 COLLATE=utf8mb4_unicode_ci;

--
-- Dumping data for table `brands`
--

INSERT INTO `brands` VALUES (1,'Canadian Solar',NULL,NULL,NULL,NULL,NULL,NULL),(2,'EPCOM',NULL,NULL,NULL,NULL,NULL,NULL),(3,'Jinko',NULL,NULL,NULL,NULL,NULL,NULL),(4,'Longi Solar',NULL,NULL,NULL,NULL,NULL,NULL),(5,'Risen',NULL,NULL,NULL,NULL,NULL,NULL),(6,'Solar Ever',NULL,NULL,NULL,NULL,NULL,NULL),(7,'Trina Solar',NULL,NULL,NULL,NULL,NULL,NULL),(8,'APS',NULL,NULL,NULL,NULL,NULL,NULL),(9,'Chint Power',NULL,NULL,NULL,NULL,NULL,NULL),(10,'Fronius',NULL,NULL,NULL,NULL,NULL,NULL),(11,'Goodwe',NULL,NULL,NULL,NULL,NULL,NULL),(12,'Growatt',NULL,NULL,NULL,NULL,NULL,NULL),(13,'Hoymiles',NULL,NULL,NULL,NULL,NULL,NULL),(14,'SMA',NULL,NULL,NULL,NULL,NULL,NULL),(15,'Solar Edge',NULL,NULL,NULL,NULL,NULL,NULL),(16,'Solis',NULL,NULL,NULL,NULL,NULL,NULL),(17,'Sunways',NULL,NULL,NULL,NULL,NULL,NULL),(18,'Huawei',NULL,NULL,NULL,NULL,NULL,NULL),(19,'Enphase',NULL,NULL,NULL,NULL,NULL,NULL),(20,'ApSystems',NULL,NULL,NULL,NULL,NULL,NULL);

--
-- Table structure for table `companies`
--

CREATE TABLE `companies` (
  `id` int unsigned NOT NULL AUTO_INCREMENT,
  `name` varchar(255) COLLATE utf8mb4_unicode_ci DEFAULT NULL,
  `tradename` varchar(150) COLLATE utf8mb4_unicode_ci DEFAULT NULL,
  `tax_id` varchar(150) COLLATE utf8mb4_unicode_ci DEFAULT NULL,
  `phone` varchar(15) COLLATE utf8mb4_unicode_ci DEFAULT NULL,
  `email` varchar(80) COLLATE utf8mb4_unicode_ci DEFAULT NULL,
  `logo` varchar(150) COLLATE utf8mb4_unicode_ci DEFAULT NULL,
  `web` varchar(150) COLLATE utf8mb4_unicode_ci DEFAULT NULL,
  `created_at` timestamp NULL DEFAULT NULL,
  `updated_at` timestamp NULL DEFAULT NULL,
  `deleted_at` timestamp NULL DEFAULT NULL,
  PRIMARY KEY (`id`)
) ENGINE=InnoDB AUTO_INCREMENT=3 DEFAULT CHARSET=utf8mb4 COLLATE=utf8mb4_unicode_ci;

--
-- Dumping data for table `companies`
--

INSERT INTO `companies` VALUES (1,'Connekty',NULL,NULL,'4772080580','info@connekty.com','63f50af7e13e7.jpg','www.solar.connekty.com','2023-02-22 05:31:15','2023-03-30 02:20:36',NULL),(2,'Energízate',NULL,NULL,NULL,NULL,NULL,NULL,'2023-05-05 01:07:59','2023-05-05 01:07:59',NULL);

--
-- Table structure for table `company_addresses`
--

CREATE TABLE `company_addresses` (
  `id` int unsigned NOT NULL AUTO_INCREMENT,
  `company_id` int unsigned NOT NULL,
  `address_id` int unsigned NOT NULL,
  `created_at` timestamp NULL DEFAULT NULL,
  `updated_at` timestamp NULL DEFAULT NULL,
  PRIMARY KEY (`id`),
  KEY `company_addresses_company_id_foreign` (`company_id`),
  KEY `company_addresses_address_id_foreign` (`address_id`),
  CONSTRAINT `company_addresses_address_id_foreign` FOREIGN KEY (`address_id`) REFERENCES `addresses` (`id`) ON DELETE CASCADE ON UPDATE CASCADE,
  CONSTRAINT `company_addresses_company_id_foreign` FOREIGN KEY (`company_id`) REFERENCES `companies` (`id`) ON DELETE CASCADE ON UPDATE CASCADE
) ENGINE=InnoDB DEFAULT CHARSET=utf8mb4 COLLATE=utf8mb4_unicode_ci;

--
-- Dumping data for table `company_addresses`
--


--
-- Table structure for table `company_product_prices`
--

CREATE TABLE `company_product_prices` (
  `id` int unsigned NOT NULL AUTO_INCREMENT,
  `company_product_id` int unsigned NOT NULL,
  `since` int unsigned DEFAULT NULL,
  `until` int unsigned DEFAULT NULL,
  `margin` double(5,2) DEFAULT '0.00',
  `cost` double(14,4) unsigned DEFAULT '0.0000',
  `created_at` timestamp NULL DEFAULT NULL,
  `updated_at` timestamp NULL DEFAULT NULL,
  PRIMARY KEY (`id`),
  KEY `company_product_prices_company_product_id_foreign` (`company_product_id`),
  CONSTRAINT `company_product_prices_company_product_id_foreign` FOREIGN KEY (`company_product_id`) REFERENCES `company_products` (`id`) ON DELETE CASCADE ON UPDATE CASCADE
) ENGINE=InnoDB AUTO_INCREMENT=40 DEFAULT CHARSET=utf8mb4 COLLATE=utf8mb4_unicode_ci;

--
-- Dumping data for table `company_product_prices`
--

INSERT INTO `company_product_prices` VALUES (1,2,1,435,NULL,2.3700,'2023-02-22 06:02:31','2023-06-07 03:31:42'),(2,2,436,820,NULL,1.6800,'2023-02-22 06:02:31','2023-06-07 03:31:42'),(3,2,821,1230,NULL,1.5100,'2023-02-22 06:02:31','2023-06-07 03:31:42'),(4,2,1231,2640,NULL,1.4700,'2023-02-22 06:02:31','2023-06-07 03:31:42'),(5,2,2461,2871,NULL,1.3800,'2023-02-22 06:02:31','2023-06-07 03:31:42'),(6,2,2872,3330,NULL,1.3400,'2023-02-22 06:02:31','2023-06-07 03:31:42'),(7,2,3331,4070,NULL,1.2800,'2023-02-22 06:02:31','2023-06-07 03:31:42'),(8,2,4071,4440,NULL,1.2500,'2023-02-22 06:02:31','2023-06-07 03:31:42'),(9,2,4441,4810,NULL,1.2300,'2023-02-22 06:02:31','2023-06-07 03:31:42'),(10,2,4811,6290,NULL,1.2155,'2023-02-22 06:02:31','2023-06-07 03:31:42'),(11,2,6291,6660,NULL,1.1982,'2023-02-22 06:02:31','2023-06-07 03:31:42'),(12,2,6661,7030,NULL,1.1810,'2023-02-22 06:02:31','2023-06-07 03:31:42'),(13,2,7031,8140,NULL,1.1810,'2023-02-22 06:02:31','2023-06-07 03:31:42'),(14,2,8141,9250,NULL,1.1637,'2023-02-22 06:02:31','2023-06-07 03:31:42'),(15,2,9251,10360,NULL,1.1379,'2023-02-22 06:02:31','2023-06-07 03:31:42'),(16,2,10361,10730,NULL,1.1293,'2023-02-22 06:02:31','2023-06-07 03:31:42'),(17,2,10731,11470,NULL,1.1206,'2023-02-22 06:02:31','2023-06-07 03:31:42'),(18,2,11471,11843,NULL,1.1120,'2023-02-22 06:02:31','2023-06-07 03:31:42'),(19,2,11844,41000,NULL,1.1120,'2023-03-16 11:18:28','2023-06-07 03:31:42'),(20,25,1,435,NULL,2.3700,'2023-05-05 10:35:03','2023-05-05 10:35:03'),(21,25,436,820,NULL,1.6800,'2023-05-05 10:35:03','2023-05-05 10:35:03'),(22,25,821,1230,NULL,1.5100,'2023-05-05 10:35:03','2023-05-05 10:35:03'),(23,25,1231,2640,NULL,1.4700,'2023-05-05 10:35:03','2023-05-05 10:35:03'),(24,25,2641,2871,NULL,1.3800,'2023-05-05 10:35:03','2023-05-05 10:35:03'),(25,25,2872,3330,NULL,1.3400,'2023-05-05 10:35:03','2023-05-05 10:35:03'),(26,25,3331,4070,NULL,1.2800,'2023-05-05 10:35:03','2023-05-05 10:35:03'),(27,25,4071,4440,NULL,1.2500,'2023-05-05 10:35:03','2023-05-05 10:35:03'),(28,25,4441,4810,NULL,1.2300,'2023-05-05 10:35:03','2023-05-05 10:35:03'),(29,25,4811,6290,NULL,1.2155,'2023-05-05 10:35:03','2023-05-05 10:35:03'),(30,25,6291,6660,NULL,1.1982,'2023-05-05 10:35:03','2023-05-05 10:35:03'),(31,25,6661,7030,NULL,1.1810,'2023-05-05 10:35:03','2023-05-05 10:35:03'),(32,25,7031,8140,NULL,1.1810,'2023-05-05 10:35:03','2023-05-05 10:35:03'),(33,25,8141,9250,NULL,1.1637,'2023-05-05 10:35:03','2023-05-05 10:35:03'),(34,25,9251,10360,NULL,1.1379,'2023-05-05 10:35:03','2023-05-05 10:35:03'),(35,25,10361,10730,NULL,1.1293,'2023-05-05 10:35:03','2023-05-05 10:35:03'),(36,25,10731,11470,NULL,1.1206,'2023-05-05 10:35:03','2023-05-05 10:35:03'),(37,25,11471,11843,NULL,1.1120,'2023-05-05 10:35:03','2023-05-05 10:35:03'),(38,25,11844,41000,NULL,1.1120,'2023-05-05 10:35:03','2023-05-05 10:35:03'),(39,2,41001,220000,NULL,1.0900,'2023-06-04 20:32:42','2023-06-07 03:31:42');

--
-- Table structure for table `company_products`
--

CREATE TABLE `company_products` (
  `id` int unsigned NOT NULL AUTO_INCREMENT,
  `code` varchar(50) COLLATE utf8mb4_unicode_ci DEFAULT NULL,
  `name` varchar(255) COLLATE utf8mb4_unicode_ci DEFAULT NULL,
  `description` varchar(255) COLLATE utf8mb4_unicode_ci DEFAULT NULL,
  `company_id` int unsigned NOT NULL,
  `currency` varchar(10) COLLATE utf8mb4_unicode_ci DEFAULT 'USD',
  `cost` double(14,4) unsigned DEFAULT '0.0000',
  `margin` double(5,2) DEFAULT '0.00',
  `unit_costing` varchar(15) COLLATE utf8mb4_unicode_ci DEFAULT NULL,
  `cost_by` varchar(10) COLLATE utf8mb4_unicode_ci DEFAULT 'unit',
  `default` tinyint(1) DEFAULT '0',
  `product_id` int unsigned DEFAULT NULL,
  `type_product_id` int unsigned DEFAULT NULL,
  `created_at` timestamp NULL DEFAULT NULL,
  `updated_at` timestamp NULL DEFAULT NULL,
  `deleted_at` timestamp NULL DEFAULT NULL,
  PRIMARY KEY (`id`),
  KEY `company_products_company_id_foreign` (`company_id`),
  KEY `company_products_product_id_foreign` (`product_id`),
  KEY `company_products_type_product_id_foreign` (`type_product_id`),
  CONSTRAINT `company_products_company_id_foreign` FOREIGN KEY (`company_id`) REFERENCES `companies` (`id`) ON DELETE CASCADE ON UPDATE CASCADE,
  CONSTRAINT `company_products_product_id_foreign` FOREIGN KEY (`product_id`) REFERENCES `products` (`id`) ON DELETE CASCADE ON UPDATE CASCADE,
  CONSTRAINT `company_products_type_product_id_foreign` FOREIGN KEY (`type_product_id`) REFERENCES `type_products` (`id`) ON DELETE SET NULL ON UPDATE CASCADE
) ENGINE=InnoDB AUTO_INCREMENT=43 DEFAULT CHARSET=utf8mb4 COLLATE=utf8mb4_unicode_ci;

--
-- Dumping data for table `company_products`
--

INSERT INTO `company_products` VALUES (1,NULL,'Panel Solar Longi Solar 550W',NULL,1,'USD',0.0000,0.00,NULL,'unit',1,6,1,'2023-02-22 05:49:56','2023-03-28 10:39:58',NULL),(2,'01','Sistema interconectado a la red',NULL,1,'USD',0.0000,0.00,'watt','range',0,NULL,6,'2023-02-22 06:02:31','2023-02-22 06:16:32',NULL),(3,NULL,'Growatt Inverter 10kW TL3 S',NULL,1,'USD',0.0000,0.00,NULL,'unit',0,93,2,'2023-03-02 12:33:02','2023-03-02 12:33:02',NULL),(4,NULL,'Growatt Inverter 12kW MAC',NULL,1,'USD',0.0000,0.00,NULL,'unit',0,8,2,'2023-03-02 12:33:06','2023-03-02 12:33:06',NULL),(5,NULL,'Growatt Inverter 15kW MAC',NULL,1,'USD',0.0000,0.00,NULL,'unit',0,9,2,'2023-03-02 12:33:20','2023-03-02 12:33:20',NULL),(6,NULL,'Growatt Inverter 2.0 1 MPPT',NULL,1,'USD',0.0000,0.00,NULL,'unit',0,12,2,'2023-03-02 12:33:24','2023-03-02 12:33:24',NULL),(7,NULL,'Growatt Inverter 2.5kW 2 MPPT',NULL,1,'USD',0.0000,0.00,NULL,'unit',0,13,2,'2023-03-02 12:33:32','2023-03-02 12:33:32',NULL),(8,NULL,'Growatt Inverter 3.0kW 1 MPPT',NULL,1,'USD',0.0000,0.00,NULL,'unit',0,14,2,'2023-03-02 12:33:37','2023-03-02 12:33:37',NULL),(9,NULL,'Growatt Inverter 3.3kW 2 MPPT',NULL,1,'USD',0.0000,0.00,NULL,'unit',0,15,2,'2023-03-02 12:33:48','2023-03-02 12:33:48',NULL),(10,NULL,'Growatt Inverter 3.6kW 2 MPPT',NULL,1,'USD',0.0000,0.00,NULL,'unit',0,16,2,'2023-03-02 12:33:54','2023-03-02 12:33:54',NULL),(11,NULL,'Growatt Inverter 4.2kW 2 MPPT',NULL,1,'USD',0.0000,0.00,NULL,'unit',0,17,2,'2023-03-02 12:33:59','2023-03-02 12:33:59',NULL),(12,NULL,'Growatt Inverter 4.6kW 2 MPPT',NULL,1,'USD',0.0000,0.00,NULL,'unit',0,18,2,'2023-03-02 12:34:12','2023-03-02 12:34:12',NULL),(13,NULL,'Growatt Inverter 5.0kW 2 MPPT',NULL,1,'USD',0.0000,0.00,NULL,'unit',0,19,2,'2023-03-02 12:34:17','2023-03-02 12:34:17',NULL),(14,NULL,'Growatt Inverter 6.0kW 2 MPPT',NULL,1,'USD',0.0000,0.00,NULL,'unit',0,20,2,'2023-03-02 12:34:26','2023-03-02 12:34:26',NULL),(15,NULL,'Growatt Inverter 7.0kW 2 MPPT',NULL,1,'USD',0.0000,0.00,NULL,'unit',0,21,2,'2023-03-02 12:34:31','2023-03-02 12:34:31',NULL),(16,NULL,'Growatt Inverter 8.0kW 2 MPPT',NULL,1,'USD',0.0000,0.00,NULL,'unit',0,22,2,'2023-03-02 12:34:37','2023-03-02 12:34:37',NULL),(17,NULL,'Growatt Inverter 9.0kW 2 MPPT',NULL,1,'USD',0.0000,0.00,NULL,'unit',0,23,2,'2023-03-02 12:34:42','2023-03-02 12:34:42',NULL),(18,NULL,'Panel solar Longi 555W',NULL,1,'USD',0.0000,0.00,NULL,'unit',0,87,1,'2023-03-28 10:40:06','2023-03-30 02:10:50',NULL),(19,'CO-IN-060','Microinversor Hoymiles 1000 220V',NULL,1,'USD',0.0000,0.00,NULL,'unit',0,77,2,'2023-03-28 10:52:17','2023-03-28 10:52:32',NULL),(20,'CO-IN-138','Microinversor Hoymiles 1500 220V',NULL,1,'USD',0.0000,0.00,NULL,'unit',0,83,2,'2023-03-28 10:54:24','2023-03-28 10:54:30',NULL),(21,'CO-IN-138','Microinversor Hoymiles 2000 220V',NULL,1,'USD',0.0000,0.00,NULL,'unit',0,79,2,'2023-03-28 10:54:34','2023-03-28 10:54:39',NULL),(22,NULL,'Longi Solar PV 570W',NULL,1,'USD',0.0000,0.00,NULL,'unit',0,7,1,'2023-04-15 10:49:48','2023-04-15 10:49:48',NULL),(23,NULL,'Estructura Elevada de Aluminio',NULL,1,'MXN',1781.0000,0.00,'panel','unit',0,NULL,5,'2023-04-29 00:15:36','2023-04-29 00:15:36',NULL),(24,NULL,'Canadian Solar PV Module 550W',NULL,2,'USD',0.0000,0.00,NULL,'unit',0,2,1,'2023-05-05 01:09:17','2023-05-05 01:09:17',NULL),(25,NULL,'Mano de Obra sistema interconectado a la Red USD',NULL,2,'USD',0.0000,0.00,'watt','range',0,NULL,6,'2023-05-05 10:35:03','2023-05-05 10:35:03',NULL),(26,NULL,'Longi Solar PV 570W',NULL,2,'USD',0.0000,0.00,NULL,'unit',1,7,1,'2023-05-06 20:14:51','2023-05-18 03:23:24',NULL),(27,NULL,'Growatt Inverter 10kW TL3 S',NULL,2,'USD',0.0000,0.00,NULL,'unit',0,93,2,'2023-05-06 20:15:39','2023-05-06 20:15:39',NULL),(28,NULL,'Growatt Inverter 12kW MAC',NULL,2,'USD',0.0000,0.00,NULL,'unit',0,8,2,'2023-05-06 20:15:41','2023-05-06 20:15:41',NULL),(29,NULL,'SMA SPD ProTec T2 DC PVS',NULL,2,'USD',0.0000,0.00,NULL,'unit',0,10,3,'2023-05-06 20:15:47','2023-05-06 20:15:47',NULL),(30,NULL,'Estructura aluminio anonizada',NULL,2,'USD',NULL,0.00,'panel','unit',0,NULL,5,'2023-05-06 20:35:25','2023-05-06 20:35:25',NULL),(31,NULL,'Estructura de Alumnio anonizada Certificada',NULL,1,'USD',0.0000,0.00,'panel','unit',0,NULL,5,'2023-05-16 06:39:27','2023-06-02 05:39:49',NULL),(32,NULL,'Material eléctrico profesional en AC y CD: Incluye tubería conduit metálica para intemperie, abrazaderas para sujeción, cableado en 3 hilos mas tierra tipo THW, consulte, codos, cableado fotovoltaico RHHW 10 AWC, conectores MC4',NULL,1,'USD',0.0000,0.00,'panel','unit',0,NULL,7,'2023-05-16 06:41:44','2023-05-16 06:41:44',NULL),(33,NULL,'Canadian Solar PV Module 660W',NULL,2,'USD',0.0000,0.00,NULL,'unit',1,5,1,'2023-05-18 03:23:03','2023-05-18 03:23:21',NULL),(34,NULL,'Microinversor Hoymiles 1000 220V',NULL,2,'USD',0.0000,0.00,NULL,'unit',0,77,2,'2023-05-18 03:23:41','2023-05-18 03:23:41',NULL),(35,NULL,'Microinversor Hoymiles 2000 220V',NULL,2,'USD',0.0000,0.00,NULL,'unit',0,79,2,'2023-05-18 03:23:45','2023-05-18 03:23:45',NULL),(36,'1','Sistema respaldo 12hrs',NULL,1,'USD',1578.0800,0.00,'panel','unit',0,NULL,7,'2023-05-27 04:33:12','2023-05-27 04:43:48',NULL),(37,NULL,'Gestoría y trámite de interconexión a la red ante CFE distribución',NULL,1,'USD',NULL,0.00,'panel','unit',0,NULL,7,'2023-06-02 05:33:21','2023-06-02 05:33:21',NULL),(38,NULL,'Seraphim 440W',NULL,1,'USD',0.0000,0.00,NULL,'unit',0,89,1,'2023-06-04 20:29:27','2023-06-04 20:29:27',NULL),(39,NULL,'Jinko 465W PV',NULL,1,'USD',0.0000,0.00,NULL,'unit',0,90,1,'2023-06-08 00:29:03','2023-06-08 00:29:03',NULL),(40,NULL,'Growatt Inverter 36kW',NULL,1,'USD',0.0000,0.00,NULL,'unit',0,11,2,'2023-06-09 04:57:44','2023-06-09 04:57:44',NULL),(41,NULL,'Growatt Inverter 20Kw',NULL,1,'USD',0.0000,0.00,NULL,'unit',0,91,2,'2023-06-28 03:00:07','2023-06-28 03:00:07',NULL),(42,NULL,'Jinko 580W PV',NULL,1,'USD',0.0000,0.00,NULL,'unit',0,92,1,'2023-07-04 00:43:51','2023-07-04 00:43:51',NULL);

--
-- Table structure for table `contact_addresess`
--

CREATE TABLE `contact_addresess` (
  `id` int unsigned NOT NULL AUTO_INCREMENT,
  `contact_id` char(36) COLLATE utf8mb4_unicode_ci NOT NULL,
  `address_id` int unsigned NOT NULL,
  `created_at` timestamp NULL DEFAULT NULL,
  `updated_at` timestamp NULL DEFAULT NULL,
  PRIMARY KEY (`id`),
  KEY `contact_addresess_contact_id_foreign` (`contact_id`),
  KEY `contact_addresess_address_id_foreign` (`address_id`),
  CONSTRAINT `contact_addresess_address_id_foreign` FOREIGN KEY (`address_id`) REFERENCES `addresses` (`id`) ON DELETE CASCADE ON UPDATE CASCADE,
  CONSTRAINT `contact_addresess_contact_id_foreign` FOREIGN KEY (`contact_id`) REFERENCES `contacts` (`id`) ON DELETE CASCADE ON UPDATE CASCADE
) ENGINE=InnoDB DEFAULT CHARSET=utf8mb4 COLLATE=utf8mb4_unicode_ci;

--
-- Dumping data for table `contact_addresess`
--


--
-- Table structure for table `contact_documents`
--

CREATE TABLE `contact_documents` (
  `id` int unsigned NOT NULL AUTO_INCREMENT,
  `contact_id` char(36) COLLATE utf8mb4_unicode_ci NOT NULL,
  `user_id` int unsigned DEFAULT NULL,
  `file` varchar(255) COLLATE utf8mb4_unicode_ci DEFAULT NULL,
  `description` text COLLATE utf8mb4_unicode_ci,
  `created_at` timestamp NULL DEFAULT NULL,
  `updated_at` timestamp NULL DEFAULT NULL,
  `deleted_at` timestamp NULL DEFAULT NULL,
  PRIMARY KEY (`id`),
  KEY `contact_documents_contact_id_foreign` (`contact_id`),
  KEY `contact_documents_user_id_foreign` (`user_id`),
  CONSTRAINT `contact_documents_contact_id_foreign` FOREIGN KEY (`contact_id`) REFERENCES `contacts` (`id`) ON DELETE CASCADE ON UPDATE CASCADE,
  CONSTRAINT `contact_documents_user_id_foreign` FOREIGN KEY (`user_id`) REFERENCES `users` (`id`) ON DELETE CASCADE ON UPDATE CASCADE
) ENGINE=InnoDB DEFAULT CHARSET=utf8mb4 COLLATE=utf8mb4_unicode_ci;

--
-- Dumping data for table `contact_documents`
--


--
-- Table structure for table `contact_mediums`
--

CREATE TABLE `contact_mediums` (
  `id` int unsigned NOT NULL AUTO_INCREMENT,
  `name` varchar(255) COLLATE utf8mb4_unicode_ci DEFAULT NULL,
  `created_at` timestamp NULL DEFAULT NULL,
  `updated_at` timestamp NULL DEFAULT NULL,
  PRIMARY KEY (`id`)
) ENGINE=InnoDB AUTO_INCREMENT=8 DEFAULT CHARSET=utf8mb4 COLLATE=utf8mb4_unicode_ci;

--
-- Dumping data for table `contact_mediums`
--

INSERT INTO `contact_mediums` VALUES (1,'Facebook',NULL,NULL),(2,'Instagram',NULL,NULL),(3,'Otra red social',NULL,NULL),(4,'Sitio web',NULL,NULL),(5,'Ads',NULL,NULL),(6,'Flyers',NULL,NULL),(7,'Otro',NULL,NULL);

--
-- Table structure for table `contact_notes`
--

CREATE TABLE `contact_notes` (
  `id` int unsigned NOT NULL AUTO_INCREMENT,
  `contact_id` char(36) COLLATE utf8mb4_unicode_ci NOT NULL,
  `user_id` int unsigned DEFAULT NULL,
  `note` text COLLATE utf8mb4_unicode_ci,
  `created_at` timestamp NULL DEFAULT NULL,
  `updated_at` timestamp NULL DEFAULT NULL,
  `deleted_at` timestamp NULL DEFAULT NULL,
  PRIMARY KEY (`id`),
  KEY `contact_notes_contact_id_foreign` (`contact_id`),
  KEY `contact_notes_user_id_foreign` (`user_id`),
  CONSTRAINT `contact_notes_contact_id_foreign` FOREIGN KEY (`contact_id`) REFERENCES `contacts` (`id`) ON DELETE CASCADE ON UPDATE CASCADE,
  CONSTRAINT `contact_notes_user_id_foreign` FOREIGN KEY (`user_id`) REFERENCES `users` (`id`) ON DELETE CASCADE ON UPDATE CASCADE
) ENGINE=InnoDB DEFAULT CHARSET=utf8mb4 COLLATE=utf8mb4_unicode_ci;

--
-- Dumping data for table `contact_notes`
--


--
-- Table structure for table `contacts`
--

CREATE TABLE `contacts` (
  `id` char(36) COLLATE utf8mb4_unicode_ci NOT NULL,
  `name_business` varchar(255) COLLATE utf8mb4_unicode_ci DEFAULT NULL,
  `position` varchar(255) COLLATE utf8mb4_unicode_ci DEFAULT NULL,
  `company_id` int unsigned DEFAULT NULL,
  `status_contact_id` int unsigned DEFAULT NULL,
  `person_id` int unsigned NOT NULL,
  `contact_medium_id` int unsigned DEFAULT NULL,
  `user_id` int unsigned DEFAULT NULL,
  `created_at` timestamp NULL DEFAULT NULL,
  `updated_at` timestamp NULL DEFAULT NULL,
  `deleted_at` timestamp NULL DEFAULT NULL,
  PRIMARY KEY (`id`),
  KEY `contacts_company_id_foreign` (`company_id`),
  KEY `contacts_status_contact_id_foreign` (`status_contact_id`),
  KEY `contacts_person_id_foreign` (`person_id`),
  KEY `contacts_contact_medium_id_foreign` (`contact_medium_id`),
  KEY `contacts_user_id_foreign` (`user_id`),
  CONSTRAINT `contacts_company_id_foreign` FOREIGN KEY (`company_id`) REFERENCES `companies` (`id`) ON DELETE CASCADE ON UPDATE CASCADE,
  CONSTRAINT `contacts_contact_medium_id_foreign` FOREIGN KEY (`contact_medium_id`) REFERENCES `contact_mediums` (`id`) ON DELETE SET NULL ON UPDATE CASCADE,
  CONSTRAINT `contacts_person_id_foreign` FOREIGN KEY (`person_id`) REFERENCES `people` (`id`) ON DELETE CASCADE ON UPDATE CASCADE,
  CONSTRAINT `contacts_status_contact_id_foreign` FOREIGN KEY (`status_contact_id`) REFERENCES `status_contacts` (`id`) ON DELETE SET NULL ON UPDATE CASCADE,
  CONSTRAINT `contacts_user_id_foreign` FOREIGN KEY (`user_id`) REFERENCES `users` (`id`) ON DELETE SET NULL ON UPDATE CASCADE
) ENGINE=InnoDB DEFAULT CHARSET=utf8mb4 COLLATE=utf8mb4_unicode_ci;

--
-- Dumping data for table `contacts`
--

INSERT INTO `contacts` VALUES ('1',NULL,NULL,1,1,2,NULL,1,'2023-02-22 06:08:29','2023-02-28 04:05:08','2023-02-28 04:05:08'),('10',NULL,NULL,1,1,11,NULL,1,'2023-03-02 05:05:35','2023-03-02 05:05:35',NULL),('11',NULL,NULL,1,1,12,NULL,1,'2023-03-02 05:15:57','2023-03-02 05:15:57',NULL),('12',NULL,NULL,1,1,13,NULL,1,'2023-03-02 08:49:30','2023-03-02 08:49:30',NULL),('13',NULL,NULL,1,1,14,NULL,1,'2023-03-02 12:50:01','2023-03-02 12:50:01',NULL),('14',NULL,NULL,1,1,15,NULL,1,'2023-03-04 05:37:04','2023-03-04 05:37:04',NULL),('15',NULL,NULL,1,1,16,NULL,1,'2023-03-08 05:03:28','2023-03-08 05:03:28',NULL),('16',NULL,NULL,1,1,17,NULL,1,'2023-03-08 05:04:18','2023-03-08 05:04:18',NULL),('17',NULL,NULL,1,1,18,NULL,1,'2023-03-08 05:14:59','2023-03-08 05:14:59',NULL),('18',NULL,NULL,1,1,19,NULL,1,'2023-03-08 05:22:29','2023-03-08 05:22:29',NULL),('19',NULL,NULL,1,1,20,NULL,1,'2023-03-10 03:36:41','2023-03-10 03:36:41',NULL),('2',NULL,NULL,1,1,3,NULL,1,'2023-02-24 09:13:32','2023-02-24 09:13:32',NULL),('20',NULL,NULL,1,1,21,NULL,1,'2023-03-10 03:46:01','2023-03-10 03:46:01',NULL),('21',NULL,NULL,1,1,22,NULL,1,'2023-03-14 16:20:28','2023-03-14 16:20:28',NULL),('22',NULL,NULL,1,1,23,NULL,1,'2023-03-14 16:26:31','2023-03-14 16:26:31',NULL),('23',NULL,NULL,1,1,24,NULL,1,'2023-03-16 10:21:00','2023-03-16 10:21:00',NULL),('24',NULL,NULL,1,1,25,NULL,1,'2023-03-16 10:31:40','2023-03-16 10:31:40',NULL),('25',NULL,NULL,1,1,26,NULL,1,'2023-03-16 10:31:47','2023-03-16 10:31:47',NULL),('26',NULL,NULL,1,1,27,NULL,1,'2023-03-16 10:31:55','2023-03-16 10:31:55',NULL),('27',NULL,NULL,1,1,28,NULL,1,'2023-03-16 10:35:59','2023-03-16 10:35:59',NULL),('28',NULL,NULL,1,1,29,NULL,1,'2023-03-16 10:36:06','2023-03-16 10:36:06',NULL),('29',NULL,NULL,1,1,30,NULL,1,'2023-03-16 10:41:21','2023-03-16 10:41:21',NULL),('3',NULL,NULL,1,1,4,NULL,1,'2023-02-24 09:17:59','2023-02-24 09:17:59',NULL),('30',NULL,NULL,1,1,31,NULL,1,'2023-03-16 10:45:46','2023-03-16 10:45:46',NULL),('31',NULL,NULL,1,1,32,NULL,1,'2023-03-16 10:51:06','2023-03-16 10:51:06',NULL),('32',NULL,NULL,1,1,33,NULL,1,'2023-03-17 03:31:35','2023-03-17 03:31:35',NULL),('33',NULL,NULL,1,1,34,NULL,1,'2023-03-17 03:31:43','2023-03-17 03:31:43',NULL),('34',NULL,NULL,1,1,35,NULL,1,'2023-03-17 03:37:22','2023-03-17 03:37:22',NULL),('35',NULL,NULL,1,1,36,NULL,1,'2023-03-17 04:06:03','2023-03-17 04:06:03',NULL),('36',NULL,NULL,1,1,37,NULL,1,'2023-03-17 04:36:54','2023-03-17 04:36:54',NULL),('37',NULL,NULL,1,1,38,NULL,1,'2023-03-18 03:40:09','2023-03-18 03:40:09',NULL),('38',NULL,NULL,1,1,39,NULL,1,'2023-03-18 03:54:10','2023-03-18 03:54:10',NULL),('39',NULL,NULL,1,1,40,NULL,1,'2023-03-29 02:46:52','2023-03-29 02:46:52',NULL),('4',NULL,NULL,1,1,5,NULL,1,'2023-02-28 03:49:45','2023-02-28 04:05:25','2023-02-28 04:05:25'),('40',NULL,NULL,1,1,41,NULL,1,'2023-03-30 00:06:07','2023-03-30 00:06:07',NULL),('41',NULL,NULL,1,1,42,NULL,1,'2023-03-30 00:18:42','2023-03-30 00:18:42',NULL),('42',NULL,NULL,1,1,43,NULL,1,'2023-03-30 00:21:37','2023-03-30 00:21:37',NULL),('43',NULL,NULL,1,1,44,NULL,1,'2023-03-30 00:25:01','2023-03-30 00:25:01',NULL),('44',NULL,NULL,1,1,45,NULL,1,'2023-03-30 00:27:12','2023-03-30 00:27:12',NULL),('45',NULL,NULL,1,1,46,NULL,1,'2023-03-30 00:30:44','2023-03-30 00:30:44',NULL),('46',NULL,NULL,1,1,47,NULL,1,'2023-03-30 00:32:56','2023-03-30 00:32:56',NULL),('47',NULL,NULL,1,1,48,NULL,1,'2023-03-30 00:35:04','2023-03-30 00:35:04',NULL),('48',NULL,NULL,1,1,49,NULL,1,'2023-03-30 01:59:05','2023-03-30 01:59:05',NULL),('49',NULL,NULL,1,1,50,NULL,1,'2023-03-30 02:10:53','2023-03-30 02:10:53',NULL),('5',NULL,NULL,1,1,6,NULL,1,'2023-02-28 04:07:38','2023-02-28 04:07:38',NULL),('50',NULL,NULL,1,1,51,NULL,1,'2023-03-30 02:41:37','2023-03-30 02:41:37',NULL),('51',NULL,NULL,1,1,52,NULL,1,'2023-03-30 02:46:09','2023-03-30 02:46:09',NULL),('52',NULL,NULL,1,1,53,NULL,1,'2023-03-31 03:23:41','2023-03-31 03:23:41',NULL),('53',NULL,NULL,1,1,54,NULL,1,'2023-03-31 03:29:08','2023-03-31 03:29:08',NULL),('54',NULL,NULL,1,1,55,NULL,1,'2023-03-31 03:37:32','2023-03-31 03:37:32',NULL),('55',NULL,NULL,1,1,56,NULL,1,'2023-03-31 03:39:07','2023-03-31 03:39:07',NULL),('56',NULL,NULL,1,1,57,NULL,1,'2023-03-31 03:44:29','2023-03-31 03:44:29',NULL),('57',NULL,NULL,1,1,58,NULL,1,'2023-04-11 08:22:58','2023-04-11 08:22:58',NULL),('58',NULL,NULL,1,1,59,NULL,1,'2023-04-15 05:28:22','2023-04-15 05:28:22',NULL),('59',NULL,NULL,1,1,60,NULL,1,'2023-04-15 05:38:03','2023-04-15 05:38:03',NULL),('6',NULL,NULL,1,1,7,NULL,1,'2023-02-28 04:16:35','2023-02-28 04:16:35',NULL),('60',NULL,NULL,1,1,61,NULL,1,'2023-04-15 05:44:52','2023-04-15 05:44:52',NULL),('61',NULL,NULL,1,1,62,NULL,1,'2023-04-20 10:58:25','2023-04-20 10:58:25',NULL),('62',NULL,NULL,1,1,63,NULL,1,'2023-04-22 03:08:03','2023-04-22 03:08:03',NULL),('63',NULL,NULL,1,1,64,NULL,1,'2023-04-25 07:11:05','2023-04-25 07:11:05',NULL),('64',NULL,NULL,1,1,65,NULL,1,'2023-04-25 07:18:16','2023-04-25 07:18:16',NULL),('65',NULL,NULL,1,1,66,NULL,1,'2023-04-25 07:22:37','2023-04-25 07:22:37',NULL),('66',NULL,NULL,1,1,67,NULL,1,'2023-04-26 04:47:03','2023-04-26 04:47:03',NULL),('67',NULL,NULL,1,1,68,NULL,1,'2023-04-26 05:00:24','2023-04-26 05:00:24',NULL),('68',NULL,NULL,1,1,69,NULL,1,'2023-04-27 07:18:39','2023-04-27 07:18:39',NULL),('7',NULL,NULL,1,1,8,NULL,1,'2023-02-28 04:53:30','2023-02-28 05:01:37','2023-02-28 05:01:37'),('8',NULL,NULL,1,1,9,NULL,1,'2023-02-28 05:05:53','2023-02-28 05:05:53',NULL),('9',NULL,NULL,1,1,10,NULL,1,'2023-02-28 05:06:52','2023-02-28 05:06:52',NULL),('9908f99d-3553-4190-b736-0d3c46996f5d',NULL,NULL,1,1,70,NULL,1,'2023-04-28 05:31:06','2023-04-28 05:31:06',NULL),('990a8980-8cb9-4846-966c-4447c5ebbf89',NULL,NULL,1,1,71,NULL,1,'2023-04-29 00:09:16','2023-04-29 00:09:16',NULL),('990a9601-7765-4f9b-a714-4ea090e2c95a',NULL,NULL,1,1,72,NULL,1,'2023-04-29 00:44:14','2023-05-18 04:26:35','2023-05-18 04:26:35'),('990a9f3c-635d-4835-aca3-8a72850823e8',NULL,NULL,1,1,73,NULL,1,'2023-04-29 01:10:02','2023-04-29 01:10:02',NULL),('9914b16a-d30c-4024-b9ee-cf38052804af',NULL,NULL,1,2,74,7,1,'2023-05-04 01:19:09','2023-05-20 14:06:15',NULL),('9916a23b-21c7-4907-a328-b847e0ad4507',NULL,NULL,1,1,75,NULL,1,'2023-05-05 00:28:21','2023-05-05 00:41:03','2023-05-05 00:41:03'),('9916a24b-d7a2-4e68-b8f3-f348c6b20408',NULL,NULL,1,1,76,NULL,1,'2023-05-05 00:28:32','2023-05-05 00:41:08','2023-05-05 00:41:08'),('9916a3f9-f7d1-4bc3-8af4-e66cbfee6f31',NULL,NULL,1,1,77,NULL,1,'2023-05-05 00:33:13','2023-05-05 00:33:13',NULL),('99177b7e-ba15-4d9d-b861-7d9088584e70',NULL,NULL,2,1,79,NULL,2,'2023-05-05 10:35:52','2023-05-05 10:35:52',NULL),('991a5217-64d5-45f4-ab49-e84529be0349',NULL,NULL,2,1,80,NULL,2,'2023-05-06 20:27:34','2023-05-06 20:27:34',NULL),('991eb111-2c26-4c73-905a-cf38705b9618',NULL,NULL,1,1,81,NULL,1,'2023-05-09 00:36:27','2023-05-09 00:36:27',NULL),('9922ff20-653c-4595-b0ac-a6e4adab37e6',NULL,NULL,1,1,82,NULL,1,'2023-05-11 09:58:02','2023-05-11 09:58:02',NULL),('9926686b-18bf-4fb6-8dbc-a2c34e1c35d0',NULL,NULL,1,1,83,NULL,1,'2023-05-13 02:39:56','2023-05-13 02:39:56',NULL),('992cc55d-a102-47b2-9790-01a6c25b2417',NULL,NULL,1,1,84,NULL,1,'2023-05-16 06:34:48','2023-05-16 06:34:48',NULL),('992ebb1e-d0c3-4d6e-bcee-30f38b6103a4',NULL,NULL,1,1,85,NULL,1,'2023-05-17 05:57:49','2023-05-17 05:57:49',NULL),('99308942-df1c-4247-a834-eda9b3d3c05f',NULL,NULL,2,1,86,NULL,2,'2023-05-18 03:30:03','2023-05-18 03:30:03',NULL),('99331dbe-0685-4afc-b5d4-79434f55eaf0',NULL,NULL,1,2,87,NULL,1,'2023-05-19 10:16:53','2023-05-19 10:16:53',NULL),('99332226-f0b9-4769-bc2c-910ad8f79da9',NULL,NULL,1,2,88,NULL,1,'2023-05-19 10:29:13','2023-05-19 10:29:13',NULL),('99332687-3704-4a14-a63a-89ce4ecd266b',NULL,NULL,1,2,89,NULL,1,'2023-05-19 10:41:27','2023-05-20 11:47:18','2023-05-20 11:47:18'),('993329d1-8005-4e29-b85e-4c7de4eb02c4',NULL,NULL,1,2,90,NULL,1,'2023-05-19 10:50:39','2023-05-19 10:50:39',NULL),('99332a21-171b-492a-92b9-895bf5221c0c',NULL,NULL,1,2,91,NULL,1,'2023-05-19 10:51:31','2023-05-19 10:51:31',NULL),('993361b5-9da6-4fa2-81ac-849f77e76f58',NULL,NULL,1,2,92,NULL,1,'2023-05-19 13:26:56','2023-05-19 13:26:56',NULL),('99354184-956c-41d0-922b-21a526b0390e',NULL,NULL,1,1,93,NULL,1,'2023-05-20 11:48:35','2023-05-20 11:48:35',NULL),('99355e20-65c8-43b2-b9b3-b93d833f3e44',NULL,NULL,1,1,94,NULL,1,'2023-05-20 13:08:34','2023-05-20 13:08:34',NULL),('9935733c-331c-4087-a57b-77ae56bd6784',NULL,NULL,1,2,95,NULL,1,'2023-05-20 14:07:36','2023-05-20 14:07:36',NULL),('993cf091-2b11-499e-9707-b84346752028',NULL,NULL,1,1,96,NULL,1,'2023-05-24 07:28:51','2023-05-24 07:28:51',NULL),('9940cf98-6ee6-4799-878e-cc0186982c3b',NULL,NULL,1,1,97,NULL,1,'2023-05-26 05:39:58','2023-05-26 05:39:58',NULL),('99410954-4305-4fea-8577-0571c57a2c48',NULL,NULL,1,1,98,NULL,1,'2023-05-26 08:21:24','2023-05-26 08:21:24',NULL),('99412420-0955-4a4e-a69d-ffacebe28d56',NULL,NULL,1,1,99,NULL,1,'2023-05-26 09:36:20','2023-05-26 09:36:20',NULL),('99412682-3a17-4b1d-8bb9-537ae0fbb588',NULL,NULL,1,1,100,NULL,1,'2023-05-26 09:42:59','2023-05-26 09:42:59',NULL),('994348af-6801-4610-9ad2-66c01f6bd81d',NULL,NULL,1,1,101,NULL,1,'2023-05-27 11:10:13','2023-05-27 11:10:13',NULL),('99435592-6286-4e48-ad92-edde9203b6ba',NULL,NULL,1,1,102,NULL,1,'2023-05-27 11:46:15','2023-05-27 11:46:15',NULL),('994b167f-c512-461c-b377-103d7f242429',NULL,NULL,1,1,103,NULL,1,'2023-05-31 08:16:30','2023-05-31 08:16:30',NULL),('994cdd80-eca1-409f-b308-168887ec67df',NULL,NULL,1,1,104,NULL,1,'2023-06-01 05:28:47','2023-06-01 05:28:47',NULL),('994f5c20-106a-422f-95ee-7644cc56ffdd',NULL,NULL,1,1,105,NULL,1,'2023-06-02 05:14:30','2023-06-02 05:14:30',NULL),('9954a9b6-b7ea-48f8-a995-7fb586075313',NULL,NULL,1,1,106,NULL,1,'2023-06-04 20:30:36','2023-06-04 20:30:36',NULL),('9956fb5c-8513-44df-aa2b-dfe79736ce9c',NULL,NULL,1,1,107,NULL,1,'2023-06-06 00:10:33','2023-06-06 00:10:33',NULL),('99572f0f-56b0-440c-b464-2100952b1d2b',NULL,NULL,1,1,108,NULL,1,'2023-06-06 02:35:07','2023-06-06 02:35:07',NULL),('9957653e-8df9-40d9-8d24-ca721d3335f8',NULL,NULL,1,1,109,NULL,1,'2023-06-06 05:06:38','2023-06-06 05:06:38',NULL),('99576c82-9c5c-40d5-a7fd-7e827a462d75',NULL,NULL,1,1,110,NULL,1,'2023-06-06 05:26:57','2023-06-06 05:26:57',NULL),('995771bc-c7e0-49c8-9732-923671daa7bd',NULL,NULL,1,1,111,NULL,1,'2023-06-06 05:41:34','2023-06-06 05:41:34',NULL),('9957791e-f0fa-4a53-97d8-b799d3744058',NULL,NULL,1,1,112,NULL,1,'2023-06-06 06:02:12','2023-06-06 06:02:12',NULL),('99592e90-c450-4732-8615-acdbc9ffec9e',NULL,NULL,1,1,113,NULL,1,'2023-06-07 02:25:23','2023-06-07 02:25:23',NULL),('995af7a9-cd64-45b5-97b5-b74e14110af8',NULL,NULL,1,1,114,NULL,1,'2023-06-07 23:43:32','2023-06-07 23:43:32',NULL),('995b0acf-b041-41fa-99cc-d14854790976',NULL,NULL,1,1,115,NULL,1,'2023-06-08 00:37:04','2023-06-08 00:37:04',NULL),('995b1ab7-5c64-4e73-8143-0cabe3b3cd7b',NULL,NULL,1,1,116,NULL,1,'2023-06-08 01:21:32','2023-06-08 01:21:32',NULL),('995b978d-4343-46fb-b5b3-c46a9eed9dc0',NULL,NULL,1,1,117,NULL,1,'2023-06-08 07:10:36','2023-06-08 07:10:36',NULL),('995d305c-ae31-4147-9138-d74f9c0e341c',NULL,NULL,1,2,118,7,1,'2023-06-09 02:13:43','2023-08-02 00:25:10',NULL),('995f680d-c3ac-40a8-9648-498d99ddab2d',NULL,NULL,1,1,119,NULL,1,'2023-06-10 04:41:06','2023-06-10 04:41:06',NULL),('9964df47-c5c4-4078-bca5-dd1a0c1d076d',NULL,NULL,1,1,120,NULL,1,'2023-06-12 21:53:38','2023-06-12 21:53:38',NULL),('99657e06-e6d6-4298-8618-e4393e85809c',NULL,NULL,1,1,121,NULL,1,'2023-06-13 05:17:31','2023-06-13 05:17:31',NULL),('9966d6a6-ee3a-4560-8067-7726438d43eb',NULL,NULL,1,1,122,NULL,1,'2023-06-13 21:21:09','2023-06-13 21:21:09',NULL),('99674814-8c5d-44bf-ae23-dbb8d364f441',NULL,NULL,1,1,123,NULL,1,'2023-06-14 02:38:19','2023-06-14 02:38:19',NULL),('99674b05-7786-4b23-b45d-8e58eb0be076',NULL,NULL,1,1,124,NULL,1,'2023-06-14 02:46:33','2023-06-14 02:46:33',NULL),('9967503f-27ea-4739-8362-159f709f9d1a',NULL,NULL,1,1,125,NULL,1,'2023-06-14 03:01:09','2023-06-14 03:01:09',NULL),('996773dd-8337-4959-acb6-3407aa8046ee',NULL,NULL,1,1,126,NULL,1,'2023-06-14 04:40:45','2023-06-14 04:40:45',NULL),('996913d3-fcea-4f62-ab8e-dbdd7cf0d473',NULL,NULL,1,1,127,NULL,1,'2023-06-15 00:03:52','2023-06-15 00:03:52',NULL),('996ae1c0-ff4d-45ab-bb14-b110666bcf7c',NULL,NULL,1,1,128,NULL,1,'2023-06-15 21:35:31','2023-06-15 21:35:31',NULL),('996b8660-416e-495d-967d-a3f5203824e0',NULL,NULL,1,1,129,NULL,1,'2023-06-16 05:15:50','2023-06-16 05:15:50',NULL),('9972f1b4-293f-412a-bde7-5ba577a373fc',NULL,NULL,1,1,130,NULL,1,'2023-06-19 21:46:44','2023-06-19 21:46:44',NULL),('99736e98-bbc8-405e-a94b-0c654554bbdc',NULL,NULL,1,1,131,NULL,1,'2023-06-20 03:35:57','2023-06-20 03:35:57',NULL),('99736fdb-1f3c-40cd-b931-d022e01e3cb2',NULL,NULL,1,1,132,NULL,1,'2023-06-20 03:39:29','2023-06-20 03:39:29',NULL),('997374f9-1f64-45e0-8dfb-462a69d18380',NULL,NULL,1,1,133,NULL,1,'2023-06-20 03:53:47','2023-06-20 03:53:47',NULL),('9974cba4-c88a-4ab8-9cf2-fa890ee4a3b1',NULL,NULL,1,1,134,NULL,1,'2023-06-20 19:51:58','2023-06-20 19:51:58',NULL),('99792c02-887f-4c11-bdcd-e9561d3ab841',NULL,NULL,1,1,135,NULL,1,'2023-06-23 00:04:44','2023-06-23 00:04:44',NULL),('997a6dcd-c9d3-4ff4-ab59-8e8acc078abc',NULL,NULL,1,1,136,NULL,1,'2023-06-23 15:04:32','2023-06-23 15:04:32',NULL),('997ec75a-b092-43f5-b035-39391236474f',NULL,NULL,1,1,137,NULL,1,'2023-06-25 18:58:15','2023-06-25 18:58:15',NULL),('99834690-f7ef-4c12-b8f3-f2b1504b8c89',NULL,NULL,1,1,138,NULL,1,'2023-06-28 00:37:16','2023-06-28 00:37:16',NULL),('9983a0fe-670e-4988-9613-492a07c0cf12',NULL,NULL,1,1,139,NULL,1,'2023-06-28 04:50:07','2023-06-28 04:50:07',NULL),('9984d1b2-c317-4959-a0cb-bdadc02e178a',NULL,NULL,1,1,140,NULL,1,'2023-06-28 19:02:08','2023-06-28 19:02:08',NULL),('99890ae1-50ea-4a87-8841-9d1331a010dd',NULL,NULL,1,1,141,NULL,1,'2023-06-30 21:25:21','2023-06-30 21:25:21',NULL),('9989127a-cde6-4acd-8253-6e5e70dc7c62',NULL,NULL,1,1,142,NULL,1,'2023-06-30 21:46:36','2023-06-30 21:46:36',NULL),('998aea76-7b9e-4c06-aa26-c52a2c7bf67c',NULL,NULL,1,1,143,NULL,1,'2023-07-01 19:46:21','2023-07-01 19:46:21',NULL),('998af5d3-ac5b-4997-a0f7-1d8892a5635b',NULL,NULL,1,1,144,NULL,1,'2023-07-01 20:18:08','2023-07-01 20:18:08',NULL),('998f5c13-7682-4664-ae29-d65fe5c786d1',NULL,NULL,1,1,145,NULL,1,'2023-07-04 00:47:21','2023-07-04 00:47:21',NULL),('998f5d1e-373b-431b-996d-4b0c203ac4e0',NULL,NULL,1,1,146,NULL,1,'2023-07-04 00:50:16','2023-07-04 00:50:16',NULL),('99a348f4-28bb-4b8e-8cc5-c87d200f2d5e',NULL,NULL,1,1,147,NULL,1,'2023-07-13 22:30:26','2023-07-13 22:30:26',NULL),('99a80581-464b-42f3-9eca-662e63305eb0',NULL,NULL,1,1,148,NULL,1,'2023-07-16 07:00:59','2023-07-16 07:00:59',NULL),('99a81e56-316c-4ab4-95bf-bf75837542ba',NULL,NULL,1,1,149,NULL,1,'2023-07-16 08:10:25','2023-07-16 08:10:25',NULL),('99ad56ac-4c75-481e-bff9-788ca7594136',NULL,NULL,1,1,150,NULL,1,'2023-07-18 22:27:05','2023-07-18 22:27:05',NULL),('99b11a7e-7a33-42ac-8f34-37738429c54a',NULL,NULL,1,1,151,NULL,1,'2023-07-20 19:22:07','2023-07-20 19:22:07',NULL),('99b37b03-07cb-48ff-820e-6cb40ec6205d',NULL,NULL,1,1,152,NULL,1,'2023-07-21 23:43:39','2023-07-21 23:43:39',NULL),('99b95ea0-0029-4ef7-ba1a-5a97b82e0fdd',NULL,NULL,1,1,153,NULL,1,'2023-07-24 21:59:15','2023-07-24 21:59:15',NULL),('99b97108-6937-4e85-ab57-f070d880482f',NULL,NULL,1,1,154,NULL,1,'2023-07-24 22:50:43','2023-07-24 22:50:43',NULL),('99b98f75-1577-47b9-aedd-351c79c56c59',NULL,NULL,1,1,155,NULL,1,'2023-07-25 00:15:48','2023-07-25 00:15:48',NULL),('99b9d0af-ce3d-4567-a246-288a75b4d4bc',NULL,NULL,1,1,156,NULL,1,'2023-07-25 03:18:11','2023-07-25 03:18:11',NULL),('99c9c258-3fad-4465-85fe-28df780df1c1',NULL,NULL,1,1,157,NULL,1,'2023-08-01 19:31:20','2023-08-01 19:31:20',NULL),('99ca0696-8a54-4af0-93f1-4ff16b06ab16',NULL,NULL,1,1,158,NULL,1,'2023-08-01 22:42:09','2023-08-01 22:42:09',NULL);

--
-- Table structure for table `converter_currencies`
--

CREATE TABLE `converter_currencies` (
  `id` int unsigned NOT NULL AUTO_INCREMENT,
  `currency` varchar(255) COLLATE utf8mb4_unicode_ci DEFAULT NULL,
  `price` double(8,4) DEFAULT '0.0000',
  `created_at` timestamp NULL DEFAULT NULL,
  `updated_at` timestamp NULL DEFAULT NULL,
  PRIMARY KEY (`id`)
) ENGINE=InnoDB AUTO_INCREMENT=3 DEFAULT CHARSET=utf8mb4 COLLATE=utf8mb4_unicode_ci;

--
-- Dumping data for table `converter_currencies`
--

INSERT INTO `converter_currencies` VALUES (1,'usd_mxn',16.8204,NULL,'2023-07-28 18:00:02'),(2,'mxn_usd',0.0595,NULL,'2023-07-28 18:00:02');

--
-- Table structure for table `cost_proposals`
--

CREATE TABLE `cost_proposals` (
  `id` int unsigned NOT NULL AUTO_INCREMENT,
  `quantity` mediumint unsigned DEFAULT NULL,
  `unit_price` double(14,4) unsigned DEFAULT '0.0000',
  `currency` varchar(4) COLLATE utf8mb4_unicode_ci DEFAULT NULL,
  `company_product_id` int unsigned DEFAULT NULL,
  `proposal_id` char(36) COLLATE utf8mb4_unicode_ci NOT NULL,
  PRIMARY KEY (`id`),
  KEY `cost_proposals_company_product_id_foreign` (`company_product_id`),
  KEY `cost_proposals_proposal_id_foreign` (`proposal_id`),
  CONSTRAINT `cost_proposals_company_product_id_foreign` FOREIGN KEY (`company_product_id`) REFERENCES `company_products` (`id`) ON DELETE CASCADE ON UPDATE CASCADE,
  CONSTRAINT `cost_proposals_proposal_id_foreign` FOREIGN KEY (`proposal_id`) REFERENCES `proposals` (`id`) ON DELETE CASCADE ON UPDATE CASCADE
) ENGINE=InnoDB AUTO_INCREMENT=457 DEFAULT CHARSET=utf8mb4 COLLATE=utf8mb4_unicode_ci;

--
-- Dumping data for table `cost_proposals`
--

INSERT INTO `cost_proposals` VALUES (1,11,0.0000,'USD',22,'9908f99d-8374-40cf-8d46-268df21874af'),(5,16,0.0000,'USD',22,'990a8980-b8e4-436e-9d16-10195f55c025'),(6,4,0.0000,'USD',21,'990a8980-b8e4-436e-9d16-10195f55c025'),(7,9120,1.1637,'USD',2,'990a8980-b8e4-436e-9d16-10195f55c025'),(9,16,1781.0000,'MXN',23,'990a8980-b8e4-436e-9d16-10195f55c025'),(10,17,0.0000,'USD',1,'990a9601-9969-4f66-85b1-0140251cecb7'),(11,16,1781.0000,'MXN',23,'990a9601-9969-4f66-85b1-0140251cecb7'),(12,4,0.0000,'USD',21,'990a9601-9969-4f66-85b1-0140251cecb7'),(13,9350,1.1379,'USD',2,'990a9601-9969-4f66-85b1-0140251cecb7'),(14,9,0.0000,'USD',1,'990a9f3c-a37a-49f4-b8e2-c7343fb74fb4'),(15,2,0.0000,'USD',21,'990a9f3c-a37a-49f4-b8e2-c7343fb74fb4'),(16,1,0.0000,'USD',19,'990a9f3c-a37a-49f4-b8e2-c7343fb74fb4'),(17,4950,1.2155,'USD',2,'990a9f3c-a37a-49f4-b8e2-c7343fb74fb4'),(19,2,0.0000,'USD',21,'9914b16a-fc69-45be-b8c5-7ba880951f09'),(21,8,0.0000,'USD',22,'9914b16a-fc69-45be-b8c5-7ba880951f09'),(22,4560,1.2300,'USD',2,'9914b16a-fc69-45be-b8c5-7ba880951f09'),(23,20,0.0000,'USD',22,'9916a7d1-1cc4-4be1-a8f0-7bc848a16951'),(24,5,0.0000,'USD',21,'9916a7d1-1cc4-4be1-a8f0-7bc848a16951'),(25,11400,1.1206,'USD',2,'9916a7d1-1cc4-4be1-a8f0-7bc848a16951'),(26,16,0.0000,'USD',24,'99177b7e-dbc8-4dfa-954f-435edb444b9e'),(27,8800,1.1637,'USD',25,'99177b7e-dbc8-4dfa-954f-435edb444b9e'),(29,13,0.0000,'USD',26,'991a5217-92ae-4fb0-a415-640de134f281'),(30,1,0.0000,'USD',26,'991a5217-92ae-4fb0-a415-640de134f281'),(31,2,0.0000,'USD',26,'991a5217-92ae-4fb0-a415-640de134f281'),(32,1,0.0000,'USD',27,'991a5217-92ae-4fb0-a415-640de134f281'),(33,9120,1.1637,'USD',25,'991a5217-92ae-4fb0-a415-640de134f281'),(34,16,0.0000,'USD',30,'991a5217-92ae-4fb0-a415-640de134f281'),(37,30,0.0000,'USD',22,'991eb111-4f69-4c76-a177-d46f9c552211'),(38,7,0.0000,'USD',21,'991eb111-4f69-4c76-a177-d46f9c552211'),(39,1,0.0000,'USD',19,'991eb111-4f69-4c76-a177-d46f9c552211'),(40,17100,1.1120,'USD',2,'991eb111-4f69-4c76-a177-d46f9c552211'),(41,6,0.0000,'USD',22,'9922ff20-95ac-4ad7-8335-618c0b1d5786'),(42,1,0.0000,'USD',21,'9922ff20-95ac-4ad7-8335-618c0b1d5786'),(43,1,0.0000,'USD',19,'9922ff20-95ac-4ad7-8335-618c0b1d5786'),(44,3420,1.2800,'USD',2,'9922ff20-95ac-4ad7-8335-618c0b1d5786'),(45,4,0.0000,'USD',1,'9926686b-38b1-4734-a59c-b4f8cba638a2'),(46,2200,1.4700,'USD',2,'9926686b-38b1-4734-a59c-b4f8cba638a2'),(47,4,0.0000,'USD',22,'992cc60e-47c5-484a-9307-4e5302fb1900'),(48,2280,1.4700,'USD',2,'992cc60e-47c5-484a-9307-4e5302fb1900'),(51,1,0.0000,'USD',21,'992cc60e-47c5-484a-9307-4e5302fb1900'),(52,10,0.0000,'USD',22,'e0a61d9f-9a6d-46c5-9039-6367931a6ff8'),(53,18,0.0000,'USD',22,'992e9123-c964-49ba-aaa0-772314e83d2f'),(54,4,0.0000,'USD',21,'992e9123-c964-49ba-aaa0-772314e83d2f'),(56,10260,1.1379,'USD',2,'992e9123-c964-49ba-aaa0-772314e83d2f'),(57,1,0.0000,'USD',19,'992e9123-c964-49ba-aaa0-772314e83d2f'),(58,6,0.0000,'USD',22,'992ebb1e-f3c4-4cb2-a25e-0a449edcc5d6'),(59,1,0.0000,'USD',21,'992ebb1e-f3c4-4cb2-a25e-0a449edcc5d6'),(60,1,0.0000,'USD',19,'992ebb1e-f3c4-4cb2-a25e-0a449edcc5d6'),(61,3420,1.2800,'USD',2,'992ebb1e-f3c4-4cb2-a25e-0a449edcc5d6'),(65,14,0.0000,'USD',22,'99354184-b962-4d58-8f94-d87f6c6d1535'),(66,3,0.0000,'USD',21,'99354184-b962-4d58-8f94-d87f6c6d1535'),(67,1,0.0000,'USD',19,'99354184-b962-4d58-8f94-d87f6c6d1535'),(68,7980,1.1810,'USD',2,'99354184-b962-4d58-8f94-d87f6c6d1535'),(69,12,0.0000,'USD',22,'99355e20-78fc-41ce-8fb8-7c09109ece09'),(70,3,0.0000,'USD',21,'99355e20-78fc-41ce-8fb8-7c09109ece09'),(71,6840,1.1810,'USD',2,'99355e20-78fc-41ce-8fb8-7c09109ece09'),(76,11,0.0000,'USD',1,'993cf091-487b-4ba0-b820-8c0a9848c6d5'),(77,3,0.0000,'USD',21,'993cf091-487b-4ba0-b820-8c0a9848c6d5'),(78,6050,1.2155,'USD',2,'993cf091-487b-4ba0-b820-8c0a9848c6d5'),(83,9,0.0000,'USD',22,'9941020f-5e27-423e-8960-0b465fb3f841'),(84,2,0.0000,'USD',21,'9941020f-5e27-423e-8960-0b465fb3f841'),(85,1,0.0000,'USD',19,'9941020f-5e27-423e-8960-0b465fb3f841'),(86,5130,1.2155,'USD',2,'9941020f-5e27-423e-8960-0b465fb3f841'),(87,1,0.0000,'USD',22,'99410955-0122-49ec-a994-290335dc0d6a'),(88,15,0.0000,'USD',22,'99412420-21ff-4bc9-aa8e-ec12ed6ba108'),(89,14,0.0000,'USD',22,'99412682-e4b2-4e6d-8a2d-21619c5f483f'),(90,3,0.0000,'USD',21,'99412682-e4b2-4e6d-8a2d-21619c5f483f'),(91,1,0.0000,'USD',19,'99412682-e4b2-4e6d-8a2d-21619c5f483f'),(92,7980,1.1810,'USD',2,'99412682-e4b2-4e6d-8a2d-21619c5f483f'),(94,12,0.0000,'USD',22,'9940cf98-950e-47ca-b9f4-abaf8dad1317'),(95,6840,1.1810,'USD',2,'9940cf98-950e-47ca-b9f4-abaf8dad1317'),(97,3,0.0000,'USD',21,'9940cf98-950e-47ca-b9f4-abaf8dad1317'),(98,12,1578.0800,'USD',36,'9940cf98-950e-47ca-b9f4-abaf8dad1317'),(100,8,0.0000,'USD',22,'994348af-8cc5-479f-a64c-2f2acaaeea55'),(101,2,0.0000,'USD',21,'994348af-8cc5-479f-a64c-2f2acaaeea55'),(102,4560,1.2300,'USD',2,'994348af-8cc5-479f-a64c-2f2acaaeea55'),(104,10,0.0000,'USD',22,'99435592-7b94-4a3a-a4c9-cd97653373b3'),(105,2,0.0000,'USD',21,'99435592-7b94-4a3a-a4c9-cd97653373b3'),(106,1,0.0000,'USD',19,'99435592-7b94-4a3a-a4c9-cd97653373b3'),(107,5700,1.2155,'USD',2,'99435592-7b94-4a3a-a4c9-cd97653373b3'),(109,1,0.0000,'USD',21,'994b1680-140c-4f1a-a43c-dc916abbcac6'),(114,3,0.0000,'USD',21,'994cdd81-266c-452c-8a1c-82561ab0ce46'),(116,14,0.0000,'USD',22,'994cdd81-266c-452c-8a1c-82561ab0ce46'),(117,1,0.0000,'USD',19,'994cdd81-266c-452c-8a1c-82561ab0ce46'),(118,7980,1.1810,'USD',2,'994cdd81-266c-452c-8a1c-82561ab0ce46'),(119,570,1.6800,'USD',2,'99410955-0122-49ec-a994-290335dc0d6a'),(120,4,0.0000,'USD',22,'9942b977-4ad2-443b-b308-b43cafd6df63'),(121,1,0.0000,'USD',21,'9942b977-4ad2-443b-b308-b43cafd6df63'),(122,2280,1.4700,'USD',2,'9942b977-4ad2-443b-b308-b43cafd6df63'),(126,4,0.0000,'USD',22,'994b1680-140c-4f1a-a43c-dc916abbcac6'),(127,2280,1.4700,'USD',2,'994b1680-140c-4f1a-a43c-dc916abbcac6'),(129,2,0.0000,'USD',21,'994f5c20-312c-417d-90d9-d13587a4d8bf'),(130,8,0.0000,'USD',22,'994f5c20-312c-417d-90d9-d13587a4d8bf'),(131,4560,1.2300,'USD',2,'994f5c20-312c-417d-90d9-d13587a4d8bf'),(132,8,0.0000,'USD',31,'994f5c20-312c-417d-90d9-d13587a4d8bf'),(134,8,0.0000,'USD',32,'994f5c20-312c-417d-90d9-d13587a4d8bf'),(135,8,0.0000,'USD',37,'994f5c20-312c-417d-90d9-d13587a4d8bf'),(136,20,0.0000,'USD',26,'99308943-1ff9-484d-a8fc-79215648b619'),(137,11400,1.1206,'USD',25,'99308943-1ff9-484d-a8fc-79215648b619'),(138,11,0.0000,'USD',26,'99518e8f-d08e-404d-b818-1ed2f30d2cb9'),(142,20,0.0000,'USD',26,'99518fda-8d42-40dd-8582-91608de9dd1d'),(143,11400,1.1206,'USD',25,'99518fda-8d42-40dd-8582-91608de9dd1d'),(145,490,0.0000,'USD',38,'9954a9b6-e717-4580-a784-43f2a094a783'),(158,11,0.0000,'USD',22,'9956d03c-d38e-4c85-ac21-84b38a7643c2'),(160,4,0.0000,'USD',22,'9956fbba-b0d5-4d85-b447-e676065c94e4'),(161,2280,1.4700,'USD',2,'9956fbba-b0d5-4d85-b447-e676065c94e4'),(162,4,0.0000,'USD',31,'9956fbba-b0d5-4d85-b447-e676065c94e4'),(163,4,0.0000,'USD',32,'9956fbba-b0d5-4d85-b447-e676065c94e4'),(164,4,0.0000,'USD',37,'9956fbba-b0d5-4d85-b447-e676065c94e4'),(165,12,0.0000,'USD',22,'99572f0f-89b9-458a-8958-9e68c0ceac07'),(166,3,0.0000,'USD',21,'99572f0f-89b9-458a-8958-9e68c0ceac07'),(167,6840,1.1810,'USD',2,'99572f0f-89b9-458a-8958-9e68c0ceac07'),(168,9,0.0000,'USD',22,'9957653e-b013-45df-8ad4-50f30cf6b1bc'),(169,2,0.0000,'USD',21,'9957653e-b013-45df-8ad4-50f30cf6b1bc'),(170,1,0.0000,'USD',19,'9957653e-b013-45df-8ad4-50f30cf6b1bc'),(171,5130,1.2155,'USD',2,'9957653e-b013-45df-8ad4-50f30cf6b1bc'),(172,4,0.0000,'USD',22,'99576c82-d20d-421f-b771-2aa2df883aa7'),(173,1,0.0000,'USD',21,'99576c82-d20d-421f-b771-2aa2df883aa7'),(174,2280,1.4700,'USD',2,'99576c82-d20d-421f-b771-2aa2df883aa7'),(175,6,0.0000,'USD',22,'995771bc-f35c-4d1e-9341-63870dc256d0'),(176,1,0.0000,'USD',21,'995771bc-f35c-4d1e-9341-63870dc256d0'),(177,1,0.0000,'USD',19,'995771bc-f35c-4d1e-9341-63870dc256d0'),(178,3420,1.2800,'USD',2,'995771bc-f35c-4d1e-9341-63870dc256d0'),(179,32,0.0000,'USD',22,'9956d0f9-d6b7-4651-80e0-1e561ba3922f'),(180,8,0.0000,'USD',21,'9956d0f9-d6b7-4651-80e0-1e561ba3922f'),(181,18240,1.1120,'USD',2,'9956d0f9-d6b7-4651-80e0-1e561ba3922f'),(183,1,0.0000,'USD',21,'9957791f-0bd2-48d0-99d7-8e57183a7ae4'),(184,4,0.0000,'USD',22,'9957791f-0bd2-48d0-99d7-8e57183a7ae4'),(185,2280,1.4700,'USD',2,'9957791f-0bd2-48d0-99d7-8e57183a7ae4'),(187,3,0.0000,'USD',21,'99592e91-1718-4d42-ba02-fa8c99853dbd'),(188,1,0.0000,'USD',19,'99592e91-1718-4d42-ba02-fa8c99853dbd'),(189,7980,1.1810,'USD',2,'99592e91-1718-4d42-ba02-fa8c99853dbd'),(196,379,0.0000,'USD',22,'9954ab9c-2cc8-4219-ac6a-04ecdee2041f'),(197,216030,1.0900,'USD',2,'9954ab9c-2cc8-4219-ac6a-04ecdee2041f'),(198,215600,1.0900,'USD',2,'9954a9b6-e717-4580-a784-43f2a094a783'),(200,336,0.0000,'USD',38,'995955c3-3273-4446-a97f-7c1e58f25af2'),(201,147840,1.0900,'USD',2,'995955c3-3273-4446-a97f-7c1e58f25af2'),(203,336,0.0000,'USD',38,'995969cf-f884-4c3e-bcda-3a984f4d2750'),(204,147840,1.0900,'USD',2,'995969cf-f884-4c3e-bcda-3a984f4d2750'),(206,154,0.0000,'USD',38,'99596cf0-4b77-481f-862f-5561b9c7c22b'),(207,67760,1.0900,'USD',2,'99596cf0-4b77-481f-862f-5561b9c7c22b'),(213,28,0.0000,'USD',22,'99593861-0cdf-4ca1-b273-5b0b731eea55'),(214,7,0.0000,'USD',21,'99593861-0cdf-4ca1-b273-5b0b731eea55'),(215,15960,1.1120,'USD',2,'99593861-0cdf-4ca1-b273-5b0b731eea55'),(219,25,0.0000,'USD',39,'995b0acf-d100-44b0-a88c-d9ad11581486'),(220,27,0.0000,'USD',22,'995b1ab7-7838-42da-9d2f-30105fc62409'),(221,7,0.0000,'USD',21,'995b1ab7-7838-42da-9d2f-30105fc62409'),(222,15390,1.1120,'USD',2,'995b1ab7-7838-42da-9d2f-30105fc62409'),(224,28,0.0000,'USD',22,'995b1dc2-705a-4f2e-98e6-7fe440cc2eba'),(225,7,0.0000,'USD',21,'995b1dc2-705a-4f2e-98e6-7fe440cc2eba'),(226,15960,1.1120,'USD',2,'995b1dc2-705a-4f2e-98e6-7fe440cc2eba'),(227,11630,1.1120,'USD',2,'995b0acf-d100-44b0-a88c-d9ad11581486'),(228,61,0.0000,'USD',22,'995b978d-7b68-4780-a6de-c728b9b8737c'),(229,2,0.0000,'USD',5,'995b978d-7b68-4780-a6de-c728b9b8737c'),(230,34770,1.1120,'USD',2,'995b978d-7b68-4780-a6de-c728b9b8737c'),(231,12,0.0000,'USD',22,'995cc505-e4a5-40a0-baa8-fd41dd2abb1d'),(232,3,0.0000,'USD',21,'995cc505-e4a5-40a0-baa8-fd41dd2abb1d'),(233,6840,1.1810,'USD',2,'995cc505-e4a5-40a0-baa8-fd41dd2abb1d'),(234,72,0.0000,'USD',22,'995d3188-8c76-4a4b-9d28-914ec7932b43'),(236,72,0.0000,'USD',31,'995d3188-8c76-4a4b-9d28-914ec7932b43'),(238,72,0.0000,'USD',37,'995d3188-8c76-4a4b-9d28-914ec7932b43'),(241,1,0.0000,'USD',40,'995d3188-8c76-4a4b-9d28-914ec7932b43'),(242,41040,1.0900,'USD',2,'995d3188-8c76-4a4b-9d28-914ec7932b43'),(244,30,0.0000,'USD',22,'995f680e-167e-443d-b65d-543648488df3'),(245,7,0.0000,'USD',21,'995f680e-167e-443d-b65d-543648488df3'),(246,1,0.0000,'USD',19,'995f680e-167e-443d-b65d-543648488df3'),(247,17100,1.1120,'USD',2,'995f680e-167e-443d-b65d-543648488df3'),(249,2,0.0000,'USD',21,'9964df48-01aa-46cf-9ee3-69a5829798eb'),(251,10,0.0000,'USD',22,'9964df48-01aa-46cf-9ee3-69a5829798eb'),(252,5700,1.2155,'USD',2,'9964df48-01aa-46cf-9ee3-69a5829798eb'),(253,1,0.0000,'USD',19,'9964df48-01aa-46cf-9ee3-69a5829798eb'),(254,9,0.0000,'USD',22,'99657e06-fda5-44cf-8d46-0ec7de8b192a'),(255,6,0.0000,'USD',22,'9966d6a7-29ec-4355-98c6-5a0267a88bb6'),(256,1,0.0000,'USD',21,'9966d6a7-29ec-4355-98c6-5a0267a88bb6'),(257,1,0.0000,'USD',19,'9966d6a7-29ec-4355-98c6-5a0267a88bb6'),(258,3420,1.2800,'USD',2,'9966d6a7-29ec-4355-98c6-5a0267a88bb6'),(259,25,0.0000,'USD',22,'9966dc02-f565-426f-931b-929961d9c179'),(260,30,0.0000,'USD',22,'9966dd39-e91f-4743-b03f-d454d36316fe'),(261,1,0.0000,'USD',5,'9966dd39-e91f-4743-b03f-d454d36316fe'),(262,17100,1.1120,'USD',2,'9966dd39-e91f-4743-b03f-d454d36316fe'),(264,10,0.0000,'USD',22,'99674814-ad47-42d1-9b21-872adabe0742'),(265,2,0.0000,'USD',21,'99674814-ad47-42d1-9b21-872adabe0742'),(266,1,0.0000,'USD',19,'99674814-ad47-42d1-9b21-872adabe0742'),(267,5700,1.2155,'USD',2,'99674814-ad47-42d1-9b21-872adabe0742'),(269,18,0.0000,'USD',22,'99674b05-8cae-49bd-a429-0a304469071c'),(270,4,0.0000,'USD',21,'99674b05-8cae-49bd-a429-0a304469071c'),(271,1,0.0000,'USD',19,'99674b05-8cae-49bd-a429-0a304469071c'),(272,10260,1.1379,'USD',2,'99674b05-8cae-49bd-a429-0a304469071c'),(274,13,0.0000,'USD',22,'9967503f-44cf-410a-8360-2bd80a3537ce'),(275,2,0.0000,'USD',21,'9967503f-44cf-410a-8360-2bd80a3537ce'),(276,1,0.0000,'USD',19,'9967503f-44cf-410a-8360-2bd80a3537ce'),(277,7410,1.1810,'USD',2,'9967503f-44cf-410a-8360-2bd80a3537ce'),(278,37,0.0000,'USD',22,'996773dd-a884-4fe0-b7f6-fa1820b30bc7'),(279,2,0.0000,'USD',4,'996773dd-a884-4fe0-b7f6-fa1820b30bc7'),(280,21090,1.1120,'USD',2,'996773dd-a884-4fe0-b7f6-fa1820b30bc7'),(281,6,0.0000,'USD',22,'996913d4-2e42-4cab-bcc2-766be1d9f3e3'),(282,1,0.0000,'USD',21,'996913d4-2e42-4cab-bcc2-766be1d9f3e3'),(283,1,0.0000,'USD',19,'996913d4-2e42-4cab-bcc2-766be1d9f3e3'),(284,3420,1.2800,'USD',2,'996913d4-2e42-4cab-bcc2-766be1d9f3e3'),(285,34,0.0000,'USD',22,'996ae1c1-3bd0-43df-85e1-b16d5ee15841'),(286,1,0.0000,'USD',5,'996ae1c1-3bd0-43df-85e1-b16d5ee15841'),(287,1,0.0000,'USD',5,'996ae1c1-3bd0-43df-85e1-b16d5ee15841'),(288,19380,1.1120,'USD',2,'996ae1c1-3bd0-43df-85e1-b16d5ee15841'),(289,8,0.0000,'USD',22,'996b8660-5467-4ada-9891-6633634337c5'),(290,2,0.0000,'USD',21,'996b8660-5467-4ada-9891-6633634337c5'),(291,4560,1.2300,'USD',2,'996b8660-5467-4ada-9891-6633634337c5'),(292,6,0.0000,'USD',22,'9972f1b4-4768-46f6-8452-8fa5d09a26cc'),(293,1,0.0000,'USD',21,'9972f1b4-4768-46f6-8452-8fa5d09a26cc'),(294,1,0.0000,'USD',19,'9972f1b4-4768-46f6-8452-8fa5d09a26cc'),(295,3420,1.2800,'USD',2,'9972f1b4-4768-46f6-8452-8fa5d09a26cc'),(296,15,0.0000,'USD',22,'99736e98-de46-42a9-8723-e24769a65c7b'),(298,20,0.0000,'USD',22,'99736fdb-406e-4711-a730-3619178fa874'),(299,5,0.0000,'USD',21,'99736fdb-406e-4711-a730-3619178fa874'),(300,11400,1.1206,'USD',2,'99736fdb-406e-4711-a730-3619178fa874'),(301,82,0.0000,'USD',22,'997374f9-4d75-448d-aa54-445f1988e722'),(302,1,0.0000,'USD',40,'997374f9-4d75-448d-aa54-445f1988e722'),(303,46740,1.0900,'USD',2,'997374f9-4d75-448d-aa54-445f1988e722'),(305,16,0.0000,'USD',22,'99739603-ab25-4954-bfce-eddaeba3b4e1'),(306,4,0.0000,'USD',21,'99739603-ab25-4954-bfce-eddaeba3b4e1'),(307,9120,1.1637,'USD',2,'99739603-ab25-4954-bfce-eddaeba3b4e1'),(308,12,0.0000,'USD',22,'9974cba4-f71f-4164-b3ef-892d72938828'),(309,3,0.0000,'USD',21,'9974cba4-f71f-4164-b3ef-892d72938828'),(310,6840,1.1810,'USD',2,'9974cba4-f71f-4164-b3ef-892d72938828'),(311,12,0.0000,'USD',22,'9974e706-5b48-4930-ae9d-babebb017f40'),(312,6840,1.1810,'USD',2,'9974e706-5b48-4930-ae9d-babebb017f40'),(313,3,0.0000,'USD',21,'9974e706-5b48-4930-ae9d-babebb017f40'),(314,12,0.0000,'USD',31,'9974e706-5b48-4930-ae9d-babebb017f40'),(315,12,0.0000,'USD',32,'9974e706-5b48-4930-ae9d-babebb017f40'),(316,12,0.0000,'USD',37,'9974e706-5b48-4930-ae9d-babebb017f40'),(318,1,0.0000,'USD',40,'99758ad2-76fa-4412-85e5-bea1e6aad30b'),(320,82,0.0000,'USD',22,'99758ad2-76fa-4412-85e5-bea1e6aad30b'),(321,46740,1.0900,'USD',2,'99758ad2-76fa-4412-85e5-bea1e6aad30b'),(322,30,0.0000,'USD',22,'997594b6-0168-4162-a463-08e2220cdcd1'),(323,7,0.0000,'USD',21,'997594b6-0168-4162-a463-08e2220cdcd1'),(324,1,0.0000,'USD',19,'997594b6-0168-4162-a463-08e2220cdcd1'),(325,17100,1.1120,'USD',2,'997594b6-0168-4162-a463-08e2220cdcd1'),(326,4,0.0000,'USD',22,'99792c02-af9a-45b3-8c8f-353be6b8894b'),(327,1,0.0000,'USD',21,'99792c02-af9a-45b3-8c8f-353be6b8894b'),(328,2280,1.4700,'USD',2,'99792c02-af9a-45b3-8c8f-353be6b8894b'),(329,6,0.0000,'USD',22,'99799625-c5ed-407c-ad40-d406bc432acb'),(330,1,0.0000,'USD',21,'99799625-c5ed-407c-ad40-d406bc432acb'),(331,1,0.0000,'USD',19,'99799625-c5ed-407c-ad40-d406bc432acb'),(332,3420,1.2800,'USD',2,'99799625-c5ed-407c-ad40-d406bc432acb'),(333,6,0.0000,'USD',22,'997a6dcd-e63e-4c79-b600-0bea5b089c54'),(334,2,0.0000,'USD',21,'997a6dcd-e63e-4c79-b600-0bea5b089c54'),(335,3420,1.2800,'USD',2,'997a6dcd-e63e-4c79-b600-0bea5b089c54'),(337,6,0.0000,'USD',22,'997ec75b-1a0a-44a1-8727-65d4372e8f89'),(338,1,0.0000,'USD',21,'997ec75b-1a0a-44a1-8727-65d4372e8f89'),(339,1,0.0000,'USD',19,'997ec75b-1a0a-44a1-8727-65d4372e8f89'),(340,3420,1.2800,'USD',2,'997ec75b-1a0a-44a1-8727-65d4372e8f89'),(342,6,0.0000,'USD',22,'997ec80a-916d-4dd9-99e9-26d3ccac9162'),(343,1,0.0000,'USD',21,'997ec80a-916d-4dd9-99e9-26d3ccac9162'),(344,1,0.0000,'USD',19,'997ec80a-916d-4dd9-99e9-26d3ccac9162'),(345,3420,1.2800,'USD',2,'997ec80a-916d-4dd9-99e9-26d3ccac9162'),(348,14,0.0000,'USD',21,'995af7a9-f9a0-4d9f-b154-bc128878a451'),(349,7980,1.1810,'USD',2,'995af7a9-f9a0-4d9f-b154-bc128878a451'),(350,45,0.0000,'USD',22,'99834691-3e21-40f7-9482-9de61ca8e89d'),(351,25650,1.1120,'USD',2,'99834691-3e21-40f7-9482-9de61ca8e89d'),(352,1,0.0000,'USD',41,'99834691-3e21-40f7-9482-9de61ca8e89d'),(353,11,0.0000,'USD',22,'9983a0fe-8cd7-4bf9-b334-a53bdf52c4cc'),(355,3,0.0000,'USD',21,'9984d1b2-e9ea-49d0-bd59-38422acd3e47'),(357,12,0.0000,'USD',22,'9984d1b2-e9ea-49d0-bd59-38422acd3e47'),(358,6840,1.1810,'USD',2,'9984d1b2-e9ea-49d0-bd59-38422acd3e47'),(359,7,0.0000,'USD',22,'99890ae1-af64-47ef-a901-5157131367a7'),(360,2,0.0000,'USD',21,'99890ae1-af64-47ef-a901-5157131367a7'),(361,3990,1.2800,'USD',2,'99890ae1-af64-47ef-a901-5157131367a7'),(362,14,0.0000,'USD',22,'9989127a-e800-4b20-9541-e89ec0e01b5d'),(363,3,0.0000,'USD',21,'9989127a-e800-4b20-9541-e89ec0e01b5d'),(364,1,0.0000,'USD',19,'9989127a-e800-4b20-9541-e89ec0e01b5d'),(365,7980,1.1810,'USD',2,'9989127a-e800-4b20-9541-e89ec0e01b5d'),(366,10,0.0000,'USD',22,'998aea76-a3a5-44ee-aff2-6f64e9704746'),(367,2,0.0000,'USD',21,'998aea76-a3a5-44ee-aff2-6f64e9704746'),(368,1,0.0000,'USD',19,'998aea76-a3a5-44ee-aff2-6f64e9704746'),(369,5700,1.2155,'USD',2,'998aea76-a3a5-44ee-aff2-6f64e9704746'),(371,2,0.0000,'USD',21,'998af5d3-c340-492c-be74-3e07ad6b197f'),(372,1,0.0000,'USD',19,'998af5d3-c340-492c-be74-3e07ad6b197f'),(373,10,0.0000,'USD',22,'998af5d3-c340-492c-be74-3e07ad6b197f'),(374,5700,1.2155,'USD',2,'998af5d3-c340-492c-be74-3e07ad6b197f'),(375,3,0.0000,'USD',42,'998f5c13-950e-43e2-a587-96204015fc06'),(376,4,0.0000,'USD',42,'998f5d1e-5c9a-4301-a2c5-14d4185f1600'),(377,1,0.0000,'USD',21,'998f5d1e-5c9a-4301-a2c5-14d4185f1600'),(378,2320,1.4700,'USD',2,'998f5d1e-5c9a-4301-a2c5-14d4185f1600'),(379,20,0.0000,'USD',42,'99a348f4-535a-4a7c-90d0-23a90f6618f7'),(380,1,0.0000,'USD',5,'99a348f4-535a-4a7c-90d0-23a90f6618f7'),(381,11600,1.1120,'USD',2,'99a348f4-535a-4a7c-90d0-23a90f6618f7'),(382,62,0.0000,'USD',42,'99a80581-98b6-40c5-8197-98f3e0b859f5'),(383,62,0.0000,'USD',31,'99a80581-98b6-40c5-8197-98f3e0b859f5'),(384,35960,1.1120,'USD',2,'99a80581-98b6-40c5-8197-98f3e0b859f5'),(385,62,0.0000,'USD',32,'99a80581-98b6-40c5-8197-98f3e0b859f5'),(386,2,0.0000,'USD',5,'99a80581-98b6-40c5-8197-98f3e0b859f5'),(387,63,0.0000,'USD',42,'99a81e58-7538-4d07-a211-a8563ff7312d'),(388,36540,1.1120,'USD',2,'99a81e58-7538-4d07-a211-a8563ff7312d'),(389,63,0.0000,'USD',32,'99a81e58-7538-4d07-a211-a8563ff7312d'),(390,63,0.0000,'USD',37,'99a81e58-7538-4d07-a211-a8563ff7312d'),(391,63,0.0000,'USD',31,'99a81e58-7538-4d07-a211-a8563ff7312d'),(392,2,0.0000,'USD',5,'99a81e58-7538-4d07-a211-a8563ff7312d'),(393,11,0.0000,'USD',42,'99ad56ac-7a8a-422e-8f21-9a53e9930532'),(394,3,0.0000,'USD',21,'99ad56ac-7a8a-422e-8f21-9a53e9930532'),(395,11,0.0000,'USD',31,'99ad56ac-7a8a-422e-8f21-9a53e9930532'),(396,6380,1.1982,'USD',2,'99ad56ac-7a8a-422e-8f21-9a53e9930532'),(397,11,0.0000,'USD',32,'99ad56ac-7a8a-422e-8f21-9a53e9930532'),(398,11,0.0000,'USD',37,'99ad56ac-7a8a-422e-8f21-9a53e9930532'),(403,30,0.0000,'USD',42,'99b11a7e-a1e1-436d-876d-6367625cc4a3'),(404,1,0.0000,'USD',5,'99b11a7e-a1e1-436d-876d-6367625cc4a3'),(405,17400,1.1120,'USD',2,'99b11a7e-a1e1-436d-876d-6367625cc4a3'),(406,14,0.0000,'USD',42,'995af7a9-f9a0-4d9f-b154-bc128878a451'),(407,19,0.0000,'USD',42,'99b37b03-30d5-47ba-9065-28fc6d2b7377'),(408,5,0.0000,'USD',21,'99b37b03-30d5-47ba-9065-28fc6d2b7377'),(409,19,0.0000,'USD',31,'99b37b03-30d5-47ba-9065-28fc6d2b7377'),(410,11020,1.1206,'USD',2,'99b37b03-30d5-47ba-9065-28fc6d2b7377'),(411,19,0.0000,'USD',32,'99b37b03-30d5-47ba-9065-28fc6d2b7377'),(412,19,0.0000,'USD',37,'99b37b03-30d5-47ba-9065-28fc6d2b7377'),(413,6,0.0000,'USD',42,'99b95ea0-4e63-4fc3-899e-7a9615a48abf'),(414,1,0.0000,'USD',8,'99b95ea0-4e63-4fc3-899e-7a9615a48abf'),(415,3480,1.2800,'USD',2,'99b95ea0-4e63-4fc3-899e-7a9615a48abf'),(416,6,0.0000,'USD',42,'99b97108-f116-4f4b-a132-8e644c56b527'),(417,1,0.0000,'USD',8,'99b97108-f116-4f4b-a132-8e644c56b527'),(418,3480,1.2800,'USD',2,'99b97108-f116-4f4b-a132-8e644c56b527'),(421,1,0.0000,'USD',19,'99b98f75-54b7-4706-8ce3-8277b3d474fe'),(422,9,0.0000,'USD',31,'99b98f75-54b7-4706-8ce3-8277b3d474fe'),(423,9,0.0000,'USD',32,'99b98f75-54b7-4706-8ce3-8277b3d474fe'),(424,9,0.0000,'USD',37,'99b98f75-54b7-4706-8ce3-8277b3d474fe'),(426,8,0.0000,'USD',42,'99b9d0af-f2a0-4822-80ad-50264ddfb4b1'),(427,2,0.0000,'USD',21,'99b9d0af-f2a0-4822-80ad-50264ddfb4b1'),(428,8,0.0000,'USD',31,'99b9d0af-f2a0-4822-80ad-50264ddfb4b1'),(429,8,0.0000,'USD',32,'99b9d0af-f2a0-4822-80ad-50264ddfb4b1'),(430,8,0.0000,'USD',37,'99b9d0af-f2a0-4822-80ad-50264ddfb4b1'),(431,4640,1.2300,'USD',2,'99b9d0af-f2a0-4822-80ad-50264ddfb4b1'),(432,14,0.0000,'USD',42,'99bb4502-461a-4cbf-9d13-86a9c3867277'),(434,1,0.0000,'USD',19,'99bb4502-461a-4cbf-9d13-86a9c3867277'),(435,3,0.0000,'USD',21,'99bb4502-461a-4cbf-9d13-86a9c3867277'),(436,14,0.0000,'USD',31,'99bb4502-461a-4cbf-9d13-86a9c3867277'),(437,8120,1.1810,'USD',2,'99bb4502-461a-4cbf-9d13-86a9c3867277'),(438,14,0.0000,'USD',32,'99bb4502-461a-4cbf-9d13-86a9c3867277'),(439,14,0.0000,'USD',37,'99bb4502-461a-4cbf-9d13-86a9c3867277'),(440,5,0.0000,'USD',42,'99c9c258-5534-44c2-bbb6-422f600b73a4'),(441,1,0.0000,'USD',8,'99c9c258-5534-44c2-bbb6-422f600b73a4'),(442,5,0.0000,'USD',37,'99c9c258-5534-44c2-bbb6-422f600b73a4'),(443,5,0.0000,'USD',32,'99c9c258-5534-44c2-bbb6-422f600b73a4'),(444,2900,1.3400,'USD',2,'99c9c258-5534-44c2-bbb6-422f600b73a4'),(447,6,0.0000,'USD',31,'99ca0696-9d4a-4ad7-afca-4d677ed67a7c'),(449,6,0.0000,'USD',32,'99ca0696-9d4a-4ad7-afca-4d677ed67a7c'),(450,6,0.0000,'USD',37,'99ca0696-9d4a-4ad7-afca-4d677ed67a7c'),(451,5,0.0000,'USD',42,'99b98f75-54b7-4706-8ce3-8277b3d474fe'),(452,2900,1.3400,'USD',2,'99b98f75-54b7-4706-8ce3-8277b3d474fe'),(453,4,0.0000,'USD',42,'99ca0696-9d4a-4ad7-afca-4d677ed67a7c'),(454,2320,1.4700,'USD',2,'99ca0696-9d4a-4ad7-afca-4d677ed67a7c'),(455,1,0.0000,'USD',21,'99ca0696-9d4a-4ad7-afca-4d677ed67a7c'),(456,1,0.0000,'USD',21,'99b98f75-54b7-4706-8ce3-8277b3d474fe');

--
-- Table structure for table `cost_rates`
--

CREATE TABLE `cost_rates` (
  `id` int unsigned NOT NULL AUTO_INCREMENT,
  `rate_id` int unsigned DEFAULT NULL,
  `type` varchar(100) COLLATE utf8mb4_unicode_ci DEFAULT NULL,
  `minimum_range` int DEFAULT NULL,
  `maximum_range` int DEFAULT NULL,
  `cost` double(8,3) DEFAULT NULL,
  `created_at` timestamp NULL DEFAULT NULL,
  `updated_at` timestamp NULL DEFAULT NULL,
  PRIMARY KEY (`id`),
  KEY `cost_rates_rate_id_foreign` (`rate_id`),
  CONSTRAINT `cost_rates_rate_id_foreign` FOREIGN KEY (`rate_id`) REFERENCES `rates` (`id`) ON DELETE CASCADE ON UPDATE CASCADE
) ENGINE=InnoDB AUTO_INCREMENT=19 DEFAULT CHARSET=utf8mb4 COLLATE=utf8mb4_unicode_ci;

--
-- Dumping data for table `cost_rates`
--

INSERT INTO `cost_rates` VALUES (1,1,'basico',1,75,0.877,NULL,NULL),(2,1,'intermedio',76,125,1.067,NULL,NULL),(3,1,'excedente',126,NULL,3.115,NULL,NULL),(4,2,'basico',1,75,0.877,NULL,NULL),(5,2,'intermedio',76,150,1.067,NULL,NULL),(6,2,'excedente',151,NULL,3.115,NULL,NULL),(7,3,'basico',1,75,0.877,NULL,NULL),(8,3,'intermedio',76,150,1.067,NULL,NULL),(9,3,'excedente',151,NULL,3.115,NULL,NULL),(10,4,'basico',1,75,0.877,NULL,NULL),(11,4,'intermedio',76,150,1.067,NULL,NULL),(12,4,'excedente',151,NULL,3.115,NULL,NULL),(13,5,'basico',1,75,0.877,NULL,NULL),(14,5,'intermedio',76,175,1.067,NULL,NULL),(15,5,'excedente',176,NULL,3.115,NULL,NULL),(16,6,'basico',1,75,0.877,NULL,NULL),(17,6,'intermedio',76,200,1.067,NULL,NULL),(18,6,'excedente',201,NULL,3.115,NULL,NULL);

--
-- Table structure for table `crm`
--

CREATE TABLE `crm` (
  `id` char(36) COLLATE utf8mb4_unicode_ci NOT NULL,
  `proposal_id` char(36) COLLATE utf8mb4_unicode_ci NOT NULL,
  `crm_process_id` int unsigned NOT NULL,
  `created_at` timestamp NULL DEFAULT NULL,
  `updated_at` timestamp NULL DEFAULT NULL,
  PRIMARY KEY (`id`),
  KEY `crm_proposal_id_foreign` (`proposal_id`),
  KEY `crm_crm_process_id_foreign` (`crm_process_id`),
  CONSTRAINT `crm_crm_process_id_foreign` FOREIGN KEY (`crm_process_id`) REFERENCES `crm_process` (`id`) ON DELETE CASCADE ON UPDATE CASCADE,
  CONSTRAINT `crm_proposal_id_foreign` FOREIGN KEY (`proposal_id`) REFERENCES `proposals` (`id`) ON DELETE CASCADE ON UPDATE CASCADE
) ENGINE=InnoDB DEFAULT CHARSET=utf8mb4 COLLATE=utf8mb4_unicode_ci;

--
-- Dumping data for table `crm`
--

INSERT INTO `crm` VALUES ('99c9c258-5b6f-4898-9673-bc729038b283','99c9c258-5534-44c2-bbb6-422f600b73a4',1,'2023-08-01 19:31:20','2023-08-01 19:31:20'),('99ca0696-a1d7-4840-9585-578bddf7caee','99ca0696-9d4a-4ad7-afca-4d677ed67a7c',1,'2023-08-01 22:42:09','2023-08-01 22:42:09');

--
-- Table structure for table `crm_process`
--

CREATE TABLE `crm_process` (
  `id` int unsigned NOT NULL AUTO_INCREMENT,
  `name` varchar(255) COLLATE utf8mb4_unicode_ci NOT NULL,
  `color` varchar(20) COLLATE utf8mb4_unicode_ci NOT NULL,
  PRIMARY KEY (`id`)
) ENGINE=InnoDB AUTO_INCREMENT=8 DEFAULT CHARSET=utf8mb4 COLLATE=utf8mb4_unicode_ci;

--
-- Dumping data for table `crm_process`
--

INSERT INTO `crm_process` VALUES (1,'Prospectos','default'),(2,'Proyectos vendidos','success'),(3,'Ingeniería','info'),(4,'Inventario','primary'),(5,'Instalación','warning'),(6,'Gestoría','dark'),(7,'Puesta en marca','success');

--
-- Table structure for table `employee_roles`
--

CREATE TABLE `employee_roles` (
  `id` int unsigned NOT NULL AUTO_INCREMENT,
  `name` varchar(255) COLLATE utf8mb4_unicode_ci DEFAULT NULL,
  `company_id` int unsigned NOT NULL,
  `created_at` timestamp NULL DEFAULT NULL,
  `updated_at` timestamp NULL DEFAULT NULL,
  PRIMARY KEY (`id`),
  KEY `employee_roles_company_id_foreign` (`company_id`),
  CONSTRAINT `employee_roles_company_id_foreign` FOREIGN KEY (`company_id`) REFERENCES `companies` (`id`) ON DELETE CASCADE ON UPDATE CASCADE
) ENGINE=InnoDB DEFAULT CHARSET=utf8mb4 COLLATE=utf8mb4_unicode_ci;

--
-- Dumping data for table `employee_roles`
--


--
-- Table structure for table `employees`
--

CREATE TABLE `employees` (
  `id` int unsigned NOT NULL AUTO_INCREMENT,
  `employee_rol_id` int unsigned DEFAULT NULL,
  `person_id` int unsigned NOT NULL,
  `company_id` int unsigned NOT NULL,
  `created_at` timestamp NULL DEFAULT NULL,
  `updated_at` timestamp NULL DEFAULT NULL,
  `deleted_at` timestamp NULL DEFAULT NULL,
  PRIMARY KEY (`id`),
  KEY `employees_employee_rol_id_foreign` (`employee_rol_id`),
  KEY `employees_person_id_foreign` (`person_id`),
  KEY `employees_company_id_foreign` (`company_id`),
  CONSTRAINT `employees_company_id_foreign` FOREIGN KEY (`company_id`) REFERENCES `companies` (`id`) ON DELETE CASCADE ON UPDATE CASCADE,
  CONSTRAINT `employees_employee_rol_id_foreign` FOREIGN KEY (`employee_rol_id`) REFERENCES `employee_roles` (`id`) ON DELETE SET NULL ON UPDATE CASCADE,
  CONSTRAINT `employees_person_id_foreign` FOREIGN KEY (`person_id`) REFERENCES `people` (`id`) ON DELETE CASCADE ON UPDATE CASCADE
) ENGINE=InnoDB DEFAULT CHARSET=utf8mb4 COLLATE=utf8mb4_unicode_ci;

--
-- Dumping data for table `employees`
--


--
-- Table structure for table `failed_jobs`
--

CREATE TABLE `failed_jobs` (
  `id` bigint unsigned NOT NULL AUTO_INCREMENT,
  `uuid` varchar(255) COLLATE utf8mb4_unicode_ci NOT NULL,
  `connection` text COLLATE utf8mb4_unicode_ci NOT NULL,
  `queue` text COLLATE utf8mb4_unicode_ci NOT NULL,
  `payload` longtext COLLATE utf8mb4_unicode_ci NOT NULL,
  `exception` longtext COLLATE utf8mb4_unicode_ci NOT NULL,
  `failed_at` timestamp NOT NULL DEFAULT CURRENT_TIMESTAMP,
  PRIMARY KEY (`id`),
  UNIQUE KEY `failed_jobs_uuid_unique` (`uuid`)
) ENGINE=InnoDB DEFAULT CHARSET=utf8mb4 COLLATE=utf8mb4_unicode_ci;

--
-- Dumping data for table `failed_jobs`
--


--
-- Table structure for table `kind_tickets`
--

CREATE TABLE `kind_tickets` (
  `id` int unsigned NOT NULL AUTO_INCREMENT,
  `name` varchar(100) COLLATE utf8mb4_unicode_ci DEFAULT NULL,
  `color` varchar(20) COLLATE utf8mb4_unicode_ci DEFAULT NULL,
  `company_id` int unsigned DEFAULT NULL,
  `created_at` timestamp NULL DEFAULT NULL,
  `updated_at` timestamp NULL DEFAULT NULL,
  `deleted_at` timestamp NULL DEFAULT NULL,
  PRIMARY KEY (`id`),
  KEY `kind_tickets_company_id_foreign` (`company_id`),
  CONSTRAINT `kind_tickets_company_id_foreign` FOREIGN KEY (`company_id`) REFERENCES `companies` (`id`) ON DELETE CASCADE ON UPDATE CASCADE
) ENGINE=InnoDB AUTO_INCREMENT=11 DEFAULT CHARSET=utf8mb4 COLLATE=utf8mb4_unicode_ci;

--
-- Dumping data for table `kind_tickets`
--

INSERT INTO `kind_tickets` VALUES (1,'Mantenimiento','warning',NULL,NULL,NULL,NULL),(2,'Instalación','info',NULL,NULL,NULL,NULL),(3,'Incidencia','danger',NULL,NULL,NULL,NULL),(4,'Seguimiento','success',NULL,NULL,NULL,NULL),(9,'Pago de Financiamiento',NULL,1,'2023-05-19 09:35:55','2023-05-19 09:35:55',NULL),(10,'Enganche',NULL,1,'2023-05-19 12:02:35','2023-05-19 12:02:35',NULL);

--
-- Table structure for table `migrations`
--

CREATE TABLE `migrations` (
  `id` int unsigned NOT NULL AUTO_INCREMENT,
  `migration` varchar(255) COLLATE utf8mb4_unicode_ci NOT NULL,
  `batch` int NOT NULL,
  PRIMARY KEY (`id`)
) ENGINE=InnoDB AUTO_INCREMENT=64 DEFAULT CHARSET=utf8mb4 COLLATE=utf8mb4_unicode_ci;

--
-- Dumping data for table `migrations`
--

INSERT INTO `migrations` VALUES (1,'2014_10_12_100000_create_password_resets_table',1),(2,'2019_08_19_000000_create_failed_jobs_table',1),(3,'2019_12_14_000001_create_personal_access_tokens_table',1),(4,'2022_08_08_002759_create_table_countries',1),(5,'2022_08_08_002759_create_table_states',1),(6,'2022_08_09_002760_create_table_people',1),(7,'2022_08_09_005339_create_table_users',1),(8,'2022_08_10_002534_create_table_addresses',1),(9,'2022_08_10_002715_create_companies',1),(10,'2022_08_10_002833_create_table_type_tasks',1),(11,'2022_08_10_002834_create_table_templates',1),(12,'2022_08_10_002835_create_table_rates',1),(13,'2022_08_10_002836_create_table_contact_mediums',1),(14,'2022_08_10_002836_create_table_payment_methods',1),(15,'2022_08_10_002943_create_table_status_contacts',1),(16,'2022_08_10_003607_create_table_contacts',1),(17,'2022_08_10_003848_create_table_contact_addresses',1),(18,'2022_08_10_004259_create_table_type_emails_phones',1),(19,'2022_08_10_004259_create_table_type_panels',1),(20,'2022_08_10_004260_create_table_unit_costing',1),(21,'2022_08_10_004427_create_table_brands',1),(22,'2022_08_10_004502_create_table_status_tickets',1),(23,'2022_08_10_004506_create_table_type_documents',1),(24,'2022_08_10_004615_create_person_emails',1),(25,'2022_08_10_004620_create_person_phones',1),(26,'2022_08_10_004622_create_table_status_proposals',1),(27,'2022_08_10_004623_create_table_type_accesories',1),(28,'2022_08_10_004624_create_table_accesories',1),(29,'2022_08_10_004625_create_table_type_products',1),(30,'2022_08_10_004626_create_table_products',1),(31,'2022_08_10_004701_create_table_projects',1),(32,'2022_08_10_004737_create_table_project_consumptions',1),(33,'2022_08_10_004738_create_table_project_documents',1),(34,'2022_08_10_012955_create_table_proposals',1),(35,'2022_08_10_012956_create_table_company_products',1),(36,'2022_08_10_012957_create_table_taxes_proposals',1),(37,'2022_08_10_020724_create_table_rate_states',1),(38,'2022_08_10_020747_create_table_cost_rates',1),(39,'2022_08_10_021351_create_table_cost_proposals',1),(40,'2022_08_10_174731_create_table_settings',1),(41,'2022_08_10_193634_create_table_proposal_payments',1),(42,'2022_08_10_203259_create_table_company_addresses',1),(43,'2022_08_10_224423_create_table_roles',1),(44,'2022_08_10_224644_create_table_permissions',1),(45,'2022_08_10_224829_create_table_role_permissions',1),(46,'2022_08_10_225435_create_table_user_roles',1),(47,'2022_08_11_004006_create_table_advisor_proposals',1),(48,'2022_08_20_163625_create_table_prority_tickets',1),(49,'2022_08_20_213557_create_table_kind_tickets',1),(50,'2022_09_09_003849_create_table_task_contacts',1),(51,'2022_10_11_193808_create_table_user_companies',1),(52,'2022_12_17_045441_create_table_company_product_prices',1),(53,'2023_01_20_161926_create_table_contact_documents',1),(54,'2023_01_20_162955_create_table_tickets',1),(55,'2023_01_20_163209_create_table_contact_notes',1),(56,'2023_02_03_005420_create_table_converter_currencies',1),(57,'2023_03_31_213749_create_table_observation_tickets',1),(58,'2023_04_05_021139_create_table_employee_roles',1),(59,'2023_04_05_021152_create_table_employees',1),(60,'2023_04_06_213914_create_table_assigned_tickets',1),(61,'2023_06_26_191934_create_table_crm_process',1),(62,'2023_06_26_192340_create_table_crm',1),(63,'2023_06_29_192750_create_table_proposal_notes',1);

--
-- Table structure for table `observation_tickets`
--

CREATE TABLE `observation_tickets` (
  `id` int unsigned NOT NULL AUTO_INCREMENT,
  `user_id` int unsigned DEFAULT NULL,
  `ticket_id` char(36) COLLATE utf8mb4_unicode_ci NOT NULL,
  `observations` text COLLATE utf8mb4_unicode_ci,
  `created_at` timestamp NULL DEFAULT NULL,
  `updated_at` timestamp NULL DEFAULT NULL,
  `deleted_at` timestamp NULL DEFAULT NULL,
  PRIMARY KEY (`id`),
  KEY `observation_tickets_user_id_foreign` (`user_id`),
  KEY `observation_tickets_ticket_id_foreign` (`ticket_id`),
  CONSTRAINT `observation_tickets_ticket_id_foreign` FOREIGN KEY (`ticket_id`) REFERENCES `tickets` (`id`) ON DELETE CASCADE ON UPDATE CASCADE,
  CONSTRAINT `observation_tickets_user_id_foreign` FOREIGN KEY (`user_id`) REFERENCES `users` (`id`) ON DELETE CASCADE ON UPDATE CASCADE
) ENGINE=InnoDB AUTO_INCREMENT=3 DEFAULT CHARSET=utf8mb4 COLLATE=utf8mb4_unicode_ci;

--
-- Dumping data for table `observation_tickets`
--

INSERT INTO `observation_tickets` VALUES (1,1,'99331a76-9808-44ab-8fe5-058d060f5037','$9798','2023-06-02 01:53:34','2023-06-02 01:53:34',NULL),(2,1,'99309f87-5f76-4658-8c9a-14a2ad0d81c6','Pendiente Centro de Carga','2023-06-28 19:29:46','2023-06-28 19:29:46',NULL);

--
-- Table structure for table `payment_methods`
--

CREATE TABLE `payment_methods` (
  `id` int unsigned NOT NULL AUTO_INCREMENT,
  `name` varchar(10) COLLATE utf8mb4_unicode_ci DEFAULT NULL,
  `created_at` timestamp NULL DEFAULT NULL,
  `updated_at` timestamp NULL DEFAULT NULL,
  PRIMARY KEY (`id`)
) ENGINE=InnoDB DEFAULT CHARSET=utf8mb4 COLLATE=utf8mb4_unicode_ci;

--
-- Dumping data for table `payment_methods`
--


--
-- Table structure for table `people`
--

CREATE TABLE `people` (
  `id` int unsigned NOT NULL AUTO_INCREMENT,
  `name` varchar(150) COLLATE utf8mb4_unicode_ci DEFAULT NULL,
  `last_name` varchar(100) COLLATE utf8mb4_unicode_ci DEFAULT NULL,
  `mothers_last_name` varchar(100) COLLATE utf8mb4_unicode_ci DEFAULT NULL,
  `photo` varchar(100) COLLATE utf8mb4_unicode_ci DEFAULT 'avatar.png',
  `gender` varchar(10) COLLATE utf8mb4_unicode_ci DEFAULT 'M',
  `deleted_at` timestamp NULL DEFAULT NULL,
  `created_at` timestamp NULL DEFAULT NULL,
  `updated_at` timestamp NULL DEFAULT NULL,
  PRIMARY KEY (`id`)
) ENGINE=InnoDB AUTO_INCREMENT=159 DEFAULT CHARSET=utf8mb4 COLLATE=utf8mb4_unicode_ci;

--
-- Dumping data for table `people`
--

INSERT INTO `people` VALUES (1,'Mario',NULL,NULL,'avatar.png','M',NULL,'2023-02-22 05:31:15','2023-02-22 05:31:15'),(2,'Norma Angelica Hernández Trejo',NULL,NULL,'avatar.png','M',NULL,'2023-02-22 06:08:28','2023-02-22 06:08:28'),(3,'Carlos Armando Picaso Gonzalez',NULL,NULL,'avatar.png','M',NULL,'2023-02-24 09:13:32','2023-02-24 09:35:44'),(4,'Carlos Armando Picaso Gonzalez',NULL,NULL,'avatar.png','M',NULL,'2023-02-24 09:17:59','2023-02-24 09:17:59'),(5,'Carlos Armando Picaso Gonzalez',NULL,NULL,'avatar.png','M',NULL,'2023-02-28 03:49:45','2023-02-28 03:49:45'),(6,'Carlos Armando Picaso Gonzalez',NULL,NULL,'avatar.png','M',NULL,'2023-02-28 04:07:38','2023-02-28 04:07:38'),(7,'Carlos Armando Picaso Gonzalez',NULL,NULL,'avatar.png','M',NULL,'2023-02-28 04:16:35','2023-02-28 04:16:35'),(8,'MARTINEZ BRAMBILA JORGE DE JESUS',NULL,NULL,'avatar.png','M',NULL,'2023-02-28 04:53:30','2023-02-28 04:53:30'),(9,'MARTINEZ BRAMBILA JORGE DE JESUS',NULL,NULL,'avatar.png','M',NULL,'2023-02-28 05:05:53','2023-02-28 05:05:53'),(10,'MARTINEZ BRAMBILA JORGE DE JESUS',NULL,NULL,'avatar.png','M',NULL,'2023-02-28 05:06:52','2023-02-28 05:06:52'),(11,'MA. LUISA ALFARO FUENTES',NULL,NULL,'avatar.png','M',NULL,'2023-03-02 05:05:35','2023-03-02 05:05:35'),(12,'PONCE MARES VIRGINIA',NULL,NULL,'avatar.png','M',NULL,'2023-03-02 05:15:57','2023-03-02 05:15:57'),(13,'MA. LUISA ALFARO FUENTES',NULL,NULL,'avatar.png','M',NULL,'2023-03-02 08:49:30','2023-03-02 08:49:30'),(14,'Tony',NULL,NULL,'avatar.png','M',NULL,'2023-03-02 12:50:01','2023-03-02 12:50:01'),(15,'Angel Torres 142787',NULL,NULL,'avatar.png','M',NULL,'2023-03-04 05:37:04','2023-03-04 05:37:04'),(16,'PADILLA LEON MARTIN',NULL,NULL,'avatar.png','M',NULL,'2023-03-08 05:03:28','2023-03-08 05:03:28'),(17,'PADILLA LEON MARTIN',NULL,NULL,'avatar.png','M',NULL,'2023-03-08 05:04:18','2023-03-08 05:04:18'),(18,'JULIO CESAR MONREAL VALDIVIA',NULL,NULL,'avatar.png','M',NULL,'2023-03-08 05:14:59','2023-03-08 05:14:59'),(19,'GUSTAVO RAMIREZ VARGAS',NULL,NULL,'avatar.png','M',NULL,'2023-03-08 05:22:28','2023-03-08 05:22:28'),(20,'Julio Cesar Monreal Valdivia (2)',NULL,NULL,'avatar.png','M',NULL,'2023-03-10 03:36:41','2023-03-10 03:36:41'),(21,'Julio Cesar Monreal Valdivia (2)',NULL,NULL,'avatar.png','M',NULL,'2023-03-10 03:46:01','2023-03-10 03:46:01'),(22,'Perez Zacarias Alejandro',NULL,NULL,'avatar.png','M',NULL,'2023-03-14 16:20:28','2023-03-14 16:20:28'),(23,'Perez Zacarias Alejandro',NULL,NULL,'avatar.png','M',NULL,'2023-03-14 16:26:31','2023-03-14 16:26:31'),(24,'Jorge Elias Tellez Martin',NULL,NULL,'avatar.png','M',NULL,'2023-03-16 10:20:59','2023-03-16 10:20:59'),(25,'Hernandez Valdovino Ma. De Jesus',NULL,NULL,'avatar.png','M',NULL,'2023-03-16 10:31:40','2023-03-16 10:31:40'),(26,'Hernandez Valdovino Ma. De Jesus',NULL,NULL,'avatar.png','M',NULL,'2023-03-16 10:31:47','2023-03-16 10:31:47'),(27,'Hernandez Valdovino Ma. De Jesus',NULL,NULL,'avatar.png','M',NULL,'2023-03-16 10:31:55','2023-03-16 10:31:55'),(28,'Ma De Jesus Hernadez Valdovino',NULL,NULL,'avatar.png','M',NULL,'2023-03-16 10:35:59','2023-03-16 10:35:59'),(29,'Ma De Jesus Hernadez Valdovino',NULL,NULL,'avatar.png','M',NULL,'2023-03-16 10:36:06','2023-03-16 10:36:06'),(30,'Maria Catalina Valdovino Monjaras',NULL,NULL,'avatar.png','M',NULL,'2023-03-16 10:41:21','2023-03-16 10:41:21'),(31,'Alejandra Amaro Hernandez',NULL,NULL,'avatar.png','M',NULL,'2023-03-16 10:45:46','2023-03-16 10:45:46'),(32,'Alejandra Amaro Hernandez',NULL,NULL,'avatar.png','M',NULL,'2023-03-16 10:51:06','2023-03-16 10:51:06'),(33,'Ma De Jesus Hernandez Valdovino',NULL,NULL,'avatar.png','M',NULL,'2023-03-17 03:31:34','2023-03-17 03:31:34'),(34,'Ma De Jesus Hernandez Valdovino',NULL,NULL,'avatar.png','M',NULL,'2023-03-17 03:31:43','2023-03-17 03:31:43'),(35,'Luis Fernando Ortega Belmudez',NULL,NULL,'avatar.png','M',NULL,'2023-03-17 03:37:22','2023-03-17 03:37:22'),(36,'María de Jesús Hernández Valdovino',NULL,NULL,'avatar.png','M',NULL,'2023-03-17 04:06:03','2023-03-17 04:06:03'),(37,'Ma de Jesus Hernández Valdovino',NULL,NULL,'avatar.png','M',NULL,'2023-03-17 04:36:54','2023-03-17 04:36:54'),(38,'Jorge Elias Tellez Martin (2)',NULL,NULL,'avatar.png','M',NULL,'2023-03-18 03:40:09','2023-03-18 03:40:09'),(39,'Jorge Elias Tellez Martin',NULL,NULL,'avatar.png','M',NULL,'2023-03-18 03:54:10','2023-03-18 03:54:10'),(40,'MARTINEZ AMBRIZ ROBERTO',NULL,NULL,'avatar.png','M',NULL,'2023-03-29 02:46:51','2023-03-29 02:46:51'),(41,'Braulio Sebas Fonseca Carillo (2)',NULL,NULL,'avatar.png','M',NULL,'2023-03-30 00:06:07','2023-03-30 00:06:07'),(42,'Braulio Sebas Fonseca Carillo',NULL,NULL,'avatar.png','M',NULL,'2023-03-30 00:18:42','2023-03-30 00:18:42'),(43,'Braulio Sebas Fonseca Carillo (2)',NULL,NULL,'avatar.png','M',NULL,'2023-03-30 00:21:37','2023-03-30 00:21:37'),(44,'Braulio Sebas Fonseca Carillo (2)',NULL,NULL,'avatar.png','M',NULL,'2023-03-30 00:25:01','2023-03-30 00:25:01'),(45,'Braulio Sebas Fonseca Carillo (2)',NULL,NULL,'avatar.png','M',NULL,'2023-03-30 00:27:12','2023-03-30 00:27:12'),(46,'Braulio Sebas Fonseca Carillo (2)',NULL,NULL,'avatar.png','M',NULL,'2023-03-30 00:30:44','2023-03-30 00:30:44'),(47,'Braulio Sebas Fonseca Carillo (2)',NULL,NULL,'avatar.png','M',NULL,'2023-03-30 00:32:56','2023-03-30 00:32:56'),(48,'Braulio Sebas Fonseca Carillo',NULL,NULL,'avatar.png','M',NULL,'2023-03-30 00:35:04','2023-03-30 00:35:04'),(49,'Braulio Fonseca Carrillo',NULL,NULL,'avatar.png','M',NULL,'2023-03-30 01:59:05','2023-03-30 01:59:05'),(50,'Braulio Sebas Fonseca Carillo',NULL,NULL,'avatar.png','M',NULL,'2023-03-30 02:10:53','2023-03-30 02:10:53'),(51,'Rocio Duran Martinez',NULL,NULL,'avatar.png','M',NULL,'2023-03-30 02:41:37','2023-03-30 02:41:37'),(52,'Rocio Duran Martinez',NULL,NULL,'avatar.png','M',NULL,'2023-03-30 02:46:09','2023-03-30 02:46:09'),(53,'Samuel Calderon Bermudez',NULL,NULL,'avatar.png','M',NULL,'2023-03-31 03:23:41','2023-03-31 03:23:41'),(54,'Rocio Duran Martinez (2)',NULL,NULL,'avatar.png','M',NULL,'2023-03-31 03:29:08','2023-03-31 03:29:08'),(55,'Rey Zapien Palacios',NULL,NULL,'avatar.png','M',NULL,'2023-03-31 03:37:32','2023-03-31 03:37:32'),(56,'Rey Zapien Palacios (2)',NULL,NULL,'avatar.png','M',NULL,'2023-03-31 03:39:07','2023-03-31 03:39:07'),(57,'Rey Zapien Palacios',NULL,NULL,'avatar.png','M',NULL,'2023-03-31 03:44:29','2023-03-31 03:44:29'),(58,'Arquitecto Luis Márquez',NULL,NULL,'avatar.png','M',NULL,'2023-04-11 08:22:58','2023-04-11 08:22:58'),(59,'MARIA FERNANDA MARTINEZ SANTOS',NULL,NULL,'avatar.png','M',NULL,'2023-04-15 05:28:22','2023-04-15 05:28:22'),(60,'ANTONIO BAÑOS VARGAS',NULL,NULL,'avatar.png','M',NULL,'2023-04-15 05:38:03','2023-04-15 05:38:03'),(61,'VICTOR HUGO GODINEZ MESA',NULL,NULL,'avatar.png','M',NULL,'2023-04-15 05:44:52','2023-04-15 05:44:52'),(62,'Rey Zapien Palacios',NULL,NULL,'avatar.png','M',NULL,'2023-04-20 10:58:25','2023-04-20 10:58:25'),(63,'Alberto Almendarez',NULL,NULL,'avatar.png','M',NULL,'2023-04-22 03:08:03','2023-04-22 03:08:03'),(64,'Valdez Lopez Pedro Abiu',NULL,NULL,'avatar.png','M',NULL,'2023-04-25 07:11:05','2023-04-25 07:11:05'),(65,'Valdez Lopez Pedro Abiu',NULL,NULL,'avatar.png','M',NULL,'2023-04-25 07:18:16','2023-04-25 07:18:16'),(66,'Valdez Lopez Pedro Abiu',NULL,NULL,'avatar.png','M',NULL,'2023-04-25 07:22:37','2023-04-25 07:22:37'),(67,'Daniel Rodriguez Fernandez',NULL,NULL,'avatar.png','M',NULL,'2023-04-26 04:47:03','2023-04-26 04:47:03'),(68,'Fernandez Valentin Cirilo',NULL,NULL,'avatar.png','M',NULL,'2023-04-26 05:00:24','2023-04-26 05:00:24'),(69,'Claudia Manriquez Lemus',NULL,NULL,'avatar.png','M',NULL,'2023-04-27 07:18:38','2023-04-27 07:18:38'),(70,'Mario',NULL,NULL,'avatar.png','M',NULL,'2023-04-28 05:31:06','2023-04-28 05:31:06'),(71,'Cirilo Fernandez Valentin',NULL,NULL,'avatar.png','M',NULL,'2023-04-29 00:09:16','2023-04-29 00:09:16'),(72,'Cirilo Fernandez Valentin',NULL,NULL,'avatar.png','M',NULL,'2023-04-29 00:44:13','2023-04-29 00:44:13'),(73,'Diego Misael De La Torre Lopez',NULL,NULL,'avatar.png','M',NULL,'2023-04-29 01:10:02','2023-04-29 01:10:02'),(74,'Diana Jimena Torrijos Ramirez',NULL,NULL,'avatar.png','M',NULL,'2023-05-04 01:19:09','2023-05-04 01:19:09'),(75,'Joaquin Arturo Guillen Garcia',NULL,NULL,'avatar.png','M',NULL,'2023-05-05 00:28:21','2023-05-05 00:28:21'),(76,'Joaquin Arturo Guillen Garcia',NULL,NULL,'avatar.png','M',NULL,'2023-05-05 00:28:32','2023-05-05 00:28:32'),(77,'Joaquin Arturo Guillen Garcia',NULL,NULL,'avatar.png','M',NULL,'2023-05-05 00:33:13','2023-05-05 00:33:13'),(78,'Alan',NULL,NULL,'avatar.png','M',NULL,'2023-05-05 01:07:59','2023-05-05 01:07:59'),(79,'Mario Bautista',NULL,NULL,'avatar.png','M',NULL,'2023-05-05 10:35:51','2023-05-05 10:35:51'),(80,'Alan Santos',NULL,NULL,'avatar.png','M',NULL,'2023-05-06 20:27:34','2023-05-06 20:27:34'),(81,'Jairo Bravo Orozco',NULL,NULL,'avatar.png','M',NULL,'2023-05-09 00:36:27','2023-05-09 00:36:27'),(82,'Manuel Aleja Garcia Villanueva',NULL,NULL,'avatar.png','M',NULL,'2023-05-11 09:58:02','2023-05-11 09:58:02'),(83,'MOISES MARINO RAMIREZ (2)',NULL,NULL,'avatar.png','M',NULL,'2023-05-13 02:39:56','2023-05-13 02:39:56'),(84,'José Luis Aldana Hernández',NULL,NULL,'avatar.png','M',NULL,'2023-05-16 06:34:48','2023-05-16 06:34:48'),(85,'Arquitecto Luis Márquez (2)',NULL,NULL,'avatar.png','M',NULL,'2023-05-17 05:57:48','2023-05-17 05:57:48'),(86,'Mario Bautista',NULL,NULL,'avatar.png','M',NULL,'2023-05-18 03:30:03','2023-05-18 03:30:03'),(87,'Hugo Miguel Reynoso Torres (716)',NULL,NULL,'avatar.png','M',NULL,'2023-05-19 10:16:53','2023-05-19 10:16:53'),(88,'Silvia Antonia Villanueva Villa',NULL,NULL,'avatar.png','M',NULL,'2023-05-19 10:29:13','2023-05-19 10:29:13'),(89,'Diana Jimena Torrijos Ramirez',NULL,NULL,'avatar.png','M',NULL,'2023-05-19 10:41:27','2023-05-19 10:41:27'),(90,'Rogelio Ponce Mares',NULL,NULL,'avatar.png','M',NULL,'2023-05-19 10:50:39','2023-05-19 10:50:39'),(91,'Maria G. - Esposa Rogelio Ponce Mares',NULL,NULL,'avatar.png','M',NULL,'2023-05-19 10:51:31','2023-05-19 10:51:31'),(92,'GUERO - JOSE MANUEL MORALES VILLASEÑOR',NULL,NULL,'avatar.png','M',NULL,'2023-05-19 13:26:56','2023-05-19 13:26:56'),(93,'Ortiz Quiroz Luz Daniela',NULL,NULL,'avatar.png','M',NULL,'2023-05-20 11:48:35','2023-05-20 11:48:35'),(94,'Reyes Ruiz Martha Delia',NULL,NULL,'avatar.png','M',NULL,'2023-05-20 13:08:34','2023-05-20 13:08:34'),(95,'DIANA JIMENA TORRIJOS RAMIREZ-Sr. Emiliano (PAPA)',NULL,NULL,'avatar.png','M',NULL,'2023-05-20 14:07:36','2023-05-20 14:07:36'),(96,'Martin Del Pozo Diane Lou',NULL,NULL,'avatar.png','M',NULL,'2023-05-24 07:28:51','2023-05-24 07:28:51'),(97,'Martha Delia Reyes Ruiz',NULL,NULL,'avatar.png','M',NULL,'2023-05-26 05:39:58','2023-05-26 05:39:58'),(98,'otra',NULL,NULL,'avatar.png','M',NULL,'2023-05-26 08:21:24','2023-05-26 08:21:24'),(99,'Fabiola Munoz Martinez',NULL,NULL,'avatar.png','M',NULL,'2023-05-26 09:36:20','2023-05-26 09:36:20'),(100,'Fabiola Munoz Martinez (Leasing)',NULL,NULL,'avatar.png','M',NULL,'2023-05-26 09:42:59','2023-05-26 09:42:59'),(101,'Javier Francisco Torrez Ramirez',NULL,NULL,'avatar.png','M',NULL,'2023-05-27 11:10:13','2023-05-27 11:10:13'),(102,'Javier Francisco Torres Ramirez (Pocorro)',NULL,NULL,'avatar.png','M',NULL,'2023-05-27 11:46:15','2023-05-27 11:46:15'),(103,'Martha Delia Reyes Ruiz',NULL,NULL,'avatar.png','M',NULL,'2023-05-31 08:16:30','2023-05-31 08:16:30'),(104,'Maria Del Pilar Rodriguez Cano',NULL,NULL,'avatar.png','M',NULL,'2023-06-01 05:28:47','2023-06-01 05:28:47'),(105,'Sanroman Ulloa Gustabo',NULL,NULL,'avatar.png','M',NULL,'2023-06-02 05:14:30','2023-06-02 05:14:30'),(106,'Universidad de Guanajuato',NULL,NULL,'avatar.png','M',NULL,'2023-06-04 20:30:36','2023-06-04 20:30:36'),(107,'Gonzalez Fernandez Norma',NULL,NULL,'avatar.png','M',NULL,'2023-06-06 00:10:33','2023-06-06 00:10:33'),(108,'Jesus Ramirez Servin',NULL,NULL,'avatar.png','M',NULL,'2023-06-06 02:35:07','2023-06-06 02:35:07'),(109,'Bombas Ramirez SA de CV',NULL,NULL,'avatar.png','M',NULL,'2023-06-06 05:06:37','2023-06-06 05:06:37'),(110,'Ramirez Servin J Jesus',NULL,NULL,'avatar.png','M',NULL,'2023-06-06 05:26:57','2023-06-06 05:26:57'),(111,'Velazquez Sanchez Teresa D Jesus  (Diego)',NULL,NULL,'avatar.png','M',NULL,'2023-06-06 05:41:33','2023-06-06 05:41:33'),(112,'Silvestre Martinez Gillen',NULL,NULL,'avatar.png','M',NULL,'2023-06-06 06:02:12','2023-06-06 06:02:12'),(113,'Hernandez Ortega Melissa',NULL,NULL,'avatar.png','M',NULL,'2023-06-07 02:25:23','2023-06-07 02:25:23'),(114,'Silvia Elena Lopez Gomez',NULL,NULL,'avatar.png','M',NULL,'2023-06-07 23:43:32','2023-06-07 23:43:32'),(115,'Luis Cruz Tapaia (JUN/2023)',NULL,NULL,'avatar.png','M',NULL,'2023-06-08 00:37:04','2023-06-08 00:37:04'),(116,'JUAN CARLOS ALBERTO JASSO CASTRO',NULL,NULL,'avatar.png','M',NULL,'2023-06-08 01:21:32','2023-06-08 01:21:32'),(117,'Grupo Macias, SA de CV',NULL,NULL,'avatar.png','M',NULL,'2023-06-08 07:10:36','2023-06-08 07:10:36'),(118,'Cajas Gil',NULL,NULL,'avatar.png','M',NULL,'2023-06-09 02:13:43','2023-08-02 00:25:10'),(119,'Juan Pedro Flores Sanchez',NULL,NULL,'avatar.png','M',NULL,'2023-06-10 04:41:06','2023-06-10 04:41:06'),(120,'Maria Concepción Valadez Castro',NULL,NULL,'avatar.png','M',NULL,'2023-06-12 21:53:37','2023-06-12 21:53:37'),(121,'MARIA GUADALUPE PRECIADO MENDEZ',NULL,NULL,'avatar.png','M',NULL,'2023-06-13 05:17:31','2023-06-13 05:17:31'),(122,'Arnulfo Ale Hernandez Guerrero',NULL,NULL,'avatar.png','M',NULL,'2023-06-13 21:21:09','2023-06-13 21:21:09'),(123,'Agustina Zuniga Navarro',NULL,NULL,'avatar.png','M',NULL,'2023-06-14 02:38:19','2023-06-14 02:38:19'),(124,'Horacio Fuentes Prado',NULL,NULL,'avatar.png','M',NULL,'2023-06-14 02:46:33','2023-06-14 02:46:33'),(125,'Cesar Manuel Martinez Jimenez',NULL,NULL,'avatar.png','M',NULL,'2023-06-14 03:01:09','2023-06-14 03:01:09'),(126,'DAFI SC',NULL,NULL,'avatar.png','M',NULL,'2023-06-14 04:40:45','2023-06-14 04:40:45'),(127,'Javier Armando Rocha Gomez',NULL,NULL,'avatar.png','M',NULL,'2023-06-15 00:03:52','2023-06-15 00:03:52'),(128,'Ma Guillermina Jasso Ramirez',NULL,NULL,'avatar.png','M',NULL,'2023-06-15 21:35:30','2023-06-15 21:35:30'),(129,'Paulino Bocanegra Molina',NULL,NULL,'avatar.png','M',NULL,'2023-06-16 05:15:50','2023-06-16 05:15:50'),(130,'Pedro Bravo Margarita',NULL,NULL,'avatar.png','M',NULL,'2023-06-19 21:46:44','2023-06-19 21:46:44'),(131,'TriPlay y Maderas Krill SA CV',NULL,NULL,'avatar.png','M',NULL,'2023-06-20 03:35:57','2023-06-20 03:35:57'),(132,'Triplay y Maderas Krill SA CV',NULL,NULL,'avatar.png','M',NULL,'2023-06-20 03:39:29','2023-06-20 03:39:29'),(133,'Marquez Gutierrez Ma Del Socorro',NULL,NULL,'avatar.png','M',NULL,'2023-06-20 03:53:47','2023-06-20 03:53:47'),(134,'Rodriguez Lopez Orlando',NULL,NULL,'avatar.png','M',NULL,'2023-06-20 19:51:58','2023-06-20 19:51:58'),(135,'JOSE LUIS CRUZ LEON',NULL,NULL,'avatar.png','M',NULL,'2023-06-23 00:04:44','2023-06-23 00:04:44'),(136,'Amarando',NULL,NULL,'avatar.png','M',NULL,'2023-06-23 15:04:32','2023-06-23 15:04:32'),(137,'Ana Gonzales',NULL,NULL,'avatar.png','M',NULL,'2023-06-25 18:58:15','2023-06-25 18:58:15'),(138,'Chemical Gudepa SA de CV',NULL,NULL,'avatar.png','M',NULL,'2023-06-28 00:37:16','2023-06-28 00:37:16'),(139,'MORALES GOMEZ ANTONIO',NULL,NULL,'avatar.png','M',NULL,'2023-06-28 04:50:07','2023-06-28 04:50:07'),(140,'ANTONIO GOMEZ MORALES',NULL,NULL,'avatar.png','M',NULL,'2023-06-28 19:02:08','2023-06-28 19:02:08'),(141,'SAUL JUAREZ PASTOR',NULL,NULL,'avatar.png','M',NULL,'2023-06-30 21:25:20','2023-06-30 21:25:20'),(142,'JAVIER FRANCISCO TORRES RAMIREZ',NULL,NULL,'avatar.png','M',NULL,'2023-06-30 21:46:36','2023-06-30 21:46:36'),(143,'JUAN CARLOS FERNANDEZ PEREZ',NULL,NULL,'avatar.png','M',NULL,'2023-07-01 19:46:21','2023-07-01 19:46:21'),(144,'Luis Felipe Barajas Ramirez',NULL,NULL,'avatar.png','M',NULL,'2023-07-01 20:18:08','2023-07-01 20:18:08'),(145,'Daniela Yasmin Mesina',NULL,NULL,'avatar.png','M',NULL,'2023-07-04 00:47:21','2023-07-04 00:47:21'),(146,'Daniela Yasmin Mesina',NULL,NULL,'avatar.png','M',NULL,'2023-07-04 00:50:16','2023-07-04 00:50:16'),(147,'HUGO NESTRO NARVAEZ CHAPARRO',NULL,NULL,'avatar.png','M',NULL,'2023-07-13 22:30:26','2023-07-13 22:30:26'),(148,'MORA SANDOVAL RAUL',NULL,NULL,'avatar.png','M',NULL,'2023-07-16 07:00:59','2023-07-16 07:00:59'),(149,'ANDRADE GONZALEZ ALONSO',NULL,NULL,'avatar.png','M',NULL,'2023-07-16 08:10:24','2023-07-16 08:10:24'),(150,'ANTONIO VARGAS PONCE',NULL,NULL,'avatar.png','M',NULL,'2023-07-18 22:27:05','2023-07-18 22:27:05'),(151,'MUNOZ ESPEJEL ELVIA BERENICE',NULL,NULL,'avatar.png','M',NULL,'2023-07-20 19:22:07','2023-07-20 19:22:07'),(152,'FRANCISCO HERNANDEZ RIZZO',NULL,NULL,'avatar.png','M',NULL,'2023-07-21 23:43:39','2023-07-21 23:43:39'),(153,'JUAN PEDRO CAMPOS MARTINEZ',NULL,NULL,'avatar.png','M',NULL,'2023-07-24 21:59:15','2023-07-24 21:59:15'),(154,'MARIA DE LA ASUNCION MARTIN DURAN',NULL,NULL,'avatar.png','M',NULL,'2023-07-24 22:50:43','2023-07-24 22:50:43'),(155,'CORRAL AVILES HUGO ENRIQUE',NULL,NULL,'avatar.png','M',NULL,'2023-07-25 00:15:48','2023-07-25 00:15:48'),(156,'MA ELENA ROCHA',NULL,NULL,'avatar.png','M',NULL,'2023-07-25 03:18:11','2023-07-25 03:18:11'),(157,'Ma Dolores Zuñiga',NULL,NULL,'avatar.png','M',NULL,'2023-08-01 19:31:20','2023-08-01 19:31:20'),(158,'ALDRETE HERNANDEZ JACOBO',NULL,NULL,'avatar.png','M',NULL,'2023-08-01 22:42:09','2023-08-01 22:42:09');

--
-- Table structure for table `permissions`
--

CREATE TABLE `permissions` (
  `id` int unsigned NOT NULL AUTO_INCREMENT,
  `name` varchar(150) COLLATE utf8mb4_unicode_ci DEFAULT NULL,
  `description` varchar(255) COLLATE utf8mb4_unicode_ci DEFAULT NULL,
  `slug` varchar(255) COLLATE utf8mb4_unicode_ci DEFAULT NULL,
  `created_at` timestamp NULL DEFAULT NULL,
  `updated_at` timestamp NULL DEFAULT NULL,
  PRIMARY KEY (`id`)
) ENGINE=InnoDB DEFAULT CHARSET=utf8mb4 COLLATE=utf8mb4_unicode_ci;

--
-- Dumping data for table `permissions`
--


--
-- Table structure for table `person_emails`
--

CREATE TABLE `person_emails` (
  `id` int unsigned NOT NULL AUTO_INCREMENT,
  `email` varchar(100) COLLATE utf8mb4_unicode_ci DEFAULT NULL,
  `type_email_id` int unsigned DEFAULT NULL,
  `person_id` int unsigned NOT NULL,
  PRIMARY KEY (`id`),
  KEY `person_emails_type_email_id_foreign` (`type_email_id`),
  KEY `person_emails_person_id_foreign` (`person_id`),
  CONSTRAINT `person_emails_person_id_foreign` FOREIGN KEY (`person_id`) REFERENCES `people` (`id`) ON DELETE CASCADE ON UPDATE CASCADE,
  CONSTRAINT `person_emails_type_email_id_foreign` FOREIGN KEY (`type_email_id`) REFERENCES `type_emails_phones` (`id`) ON DELETE CASCADE ON UPDATE CASCADE
) ENGINE=InnoDB AUTO_INCREMENT=2 DEFAULT CHARSET=utf8mb4 COLLATE=utf8mb4_unicode_ci;

--
-- Dumping data for table `person_emails`
--

INSERT INTO `person_emails` VALUES (1,'tony_valdez@connekty.com',NULL,157);

--
-- Table structure for table `person_phones`
--

CREATE TABLE `person_phones` (
  `id` int unsigned NOT NULL AUTO_INCREMENT,
  `phone` varchar(100) COLLATE utf8mb4_unicode_ci DEFAULT NULL,
  `type_phone_id` int unsigned DEFAULT NULL,
  `person_id` int unsigned NOT NULL,
  PRIMARY KEY (`id`),
  KEY `person_phones_type_phone_id_foreign` (`type_phone_id`),
  KEY `person_phones_person_id_foreign` (`person_id`),
  CONSTRAINT `person_phones_person_id_foreign` FOREIGN KEY (`person_id`) REFERENCES `people` (`id`) ON DELETE CASCADE ON UPDATE CASCADE,
  CONSTRAINT `person_phones_type_phone_id_foreign` FOREIGN KEY (`type_phone_id`) REFERENCES `type_emails_phones` (`id`) ON DELETE CASCADE ON UPDATE CASCADE
) ENGINE=InnoDB AUTO_INCREMENT=2 DEFAULT CHARSET=utf8mb4 COLLATE=utf8mb4_unicode_ci;

--
-- Dumping data for table `person_phones`
--

INSERT INTO `person_phones` VALUES (1,'4772080580',NULL,157);

--
-- Table structure for table `priority_tickets`
--

CREATE TABLE `priority_tickets` (
  `id` int unsigned NOT NULL AUTO_INCREMENT,
  `name` varchar(100) COLLATE utf8mb4_unicode_ci DEFAULT NULL,
  `color` varchar(20) COLLATE utf8mb4_unicode_ci DEFAULT NULL,
  `company_id` int unsigned DEFAULT NULL,
  `created_at` timestamp NULL DEFAULT NULL,
  `updated_at` timestamp NULL DEFAULT NULL,
  `deleted_at` timestamp NULL DEFAULT NULL,
  PRIMARY KEY (`id`),
  KEY `priority_tickets_company_id_foreign` (`company_id`),
  CONSTRAINT `priority_tickets_company_id_foreign` FOREIGN KEY (`company_id`) REFERENCES `companies` (`id`) ON DELETE CASCADE ON UPDATE CASCADE
) ENGINE=InnoDB AUTO_INCREMENT=5 DEFAULT CHARSET=utf8mb4 COLLATE=utf8mb4_unicode_ci;

--
-- Dumping data for table `priority_tickets`
--

INSERT INTO `priority_tickets` VALUES (1,'Baja','info',NULL,NULL,NULL,NULL),(2,'Media','primary',NULL,NULL,NULL,NULL),(3,'Alta','warning',NULL,NULL,NULL,NULL),(4,'Urgente','danger',NULL,NULL,NULL,NULL);

--
-- Table structure for table `products`
--

CREATE TABLE `products` (
  `id` int unsigned NOT NULL AUTO_INCREMENT,
  `name` varchar(255) COLLATE utf8mb4_unicode_ci NOT NULL,
  `code` varchar(50) COLLATE utf8mb4_unicode_ci DEFAULT NULL,
  `description` text COLLATE utf8mb4_unicode_ci,
  `technical_datasheet` varchar(255) COLLATE utf8mb4_unicode_ci DEFAULT NULL,
  `potency` int DEFAULT NULL,
  `photo` varchar(255) COLLATE utf8mb4_unicode_ci DEFAULT NULL,
  `type_accesory` varchar(50) COLLATE utf8mb4_unicode_ci DEFAULT NULL,
  `mppt` tinyint DEFAULT NULL,
  `tension` varchar(10) COLLATE utf8mb4_unicode_ci DEFAULT NULL,
  `type_panel_id` int unsigned DEFAULT NULL,
  `brand_id` int unsigned DEFAULT NULL,
  `type_product_id` int unsigned DEFAULT NULL,
  `deleted_at` timestamp NULL DEFAULT NULL,
  `created_at` timestamp NULL DEFAULT NULL,
  `updated_at` timestamp NULL DEFAULT NULL,
  PRIMARY KEY (`id`),
  KEY `products_type_panel_id_foreign` (`type_panel_id`),
  KEY `products_brand_id_foreign` (`brand_id`),
  KEY `products_type_product_id_foreign` (`type_product_id`),
  CONSTRAINT `products_brand_id_foreign` FOREIGN KEY (`brand_id`) REFERENCES `brands` (`id`) ON DELETE SET NULL ON UPDATE CASCADE,
  CONSTRAINT `products_type_panel_id_foreign` FOREIGN KEY (`type_panel_id`) REFERENCES `type_panels` (`id`) ON DELETE SET NULL ON UPDATE CASCADE,
  CONSTRAINT `products_type_product_id_foreign` FOREIGN KEY (`type_product_id`) REFERENCES `type_products` (`id`) ON DELETE SET NULL ON UPDATE CASCADE
) ENGINE=InnoDB AUTO_INCREMENT=94 DEFAULT CHARSET=utf8mb4 COLLATE=utf8mb4_unicode_ci;

--
-- Dumping data for table `products`
--

INSERT INTO `products` VALUES (1,'Canadian Solar PV Module 545 Mono Half Cell',NULL,NULL,NULL,545,NULL,NULL,NULL,NULL,NULL,1,1,NULL,NULL,NULL),(2,'Canadian Solar PV Module 550W',NULL,NULL,NULL,550,NULL,NULL,NULL,NULL,NULL,1,1,NULL,NULL,NULL),(3,'Canadian Solar PV Module 490W CS3Y Mono Half Cell',NULL,NULL,NULL,490,NULL,NULL,NULL,NULL,NULL,1,1,NULL,NULL,NULL),(4,'Canadian Solar PV Module 650W',NULL,NULL,NULL,490,NULL,NULL,NULL,NULL,NULL,1,1,NULL,NULL,NULL),(5,'Canadian Solar PV Module 660W',NULL,NULL,NULL,490,NULL,NULL,NULL,NULL,NULL,1,1,NULL,NULL,NULL),(6,'Longi Solar PV 550W',NULL,NULL,NULL,550,NULL,NULL,NULL,NULL,NULL,4,1,NULL,NULL,NULL),(7,'Longi Solar PV 570W',NULL,NULL,NULL,570,NULL,NULL,NULL,NULL,NULL,4,1,NULL,NULL,NULL),(8,'SMA SPD ProTec T2 DC PVS',NULL,NULL,NULL,NULL,NULL,'Connector',NULL,NULL,NULL,14,4,NULL,NULL,NULL),(9,'SMA Cluster Controller',NULL,NULL,NULL,NULL,NULL,'Monitoring',NULL,NULL,NULL,14,4,NULL,NULL,NULL),(10,'Growatt Inverter 15 kW','MAC 15KTL3-XL ',NULL,NULL,15,NULL,NULL,4,'3F-220V',NULL,12,2,NULL,'2023-07-28 02:38:26','2023-07-28 02:38:26'),(11,'Growatt Inverter 36 kW','MAC 36KTL3-XL',NULL,NULL,36,NULL,NULL,3,'3F-220V',NULL,12,2,NULL,'2023-07-28 02:38:26','2023-07-28 02:38:26'),(12,'Growatt Inverter 70 kW','MAC 70KTL3-X MV',NULL,NULL,70,NULL,NULL,3,'3F-480V',NULL,12,2,NULL,'2023-07-28 02:38:26','2023-07-28 02:38:26'),(13,'Growatt Inverter 125 kW','MAX 125KTL3-X MV',NULL,NULL,125,NULL,NULL,10,'3F-480V',NULL,12,2,NULL,'2023-07-28 02:38:26','2023-07-28 02:38:26'),(14,'Growatt Inverter 75 kW','MAX 75KTL3-XL2',NULL,NULL,75,NULL,NULL,8,'3F-220V',NULL,12,2,NULL,'2023-07-28 02:38:26','2023-07-28 02:38:26'),(15,'Growatt Inverter 3.3 kW','MIC 3300TL-X',NULL,NULL,3,NULL,NULL,1,'2F-240V',NULL,12,2,NULL,'2023-07-28 02:38:26','2023-07-28 02:38:26'),(16,'Growatt Inverter 5 kW','MIC-5000TL-X',NULL,NULL,5,NULL,NULL,2,'2F-240V',NULL,12,2,NULL,'2023-07-28 02:38:26','2023-07-28 02:38:26'),(17,'Growatt Inverter 6 kW','MIN 6000TL-X',NULL,NULL,6,NULL,NULL,2,'2F-240V',NULL,12,2,NULL,'2023-07-28 02:38:26','2023-07-28 02:38:26'),(18,'Growatt Inverter 9 kW','MIN 9000TL-X',NULL,NULL,9,NULL,NULL,3,'2F-240V',NULL,12,2,NULL,'2023-07-28 02:38:26','2023-07-28 02:38:26'),(19,'Huawei Inverter 20 kW','SUN-2000-20KTL-M3',NULL,NULL,20,NULL,NULL,4,'3F-220V',NULL,18,2,NULL,'2023-07-28 02:38:26','2023-07-28 02:38:26'),(20,'Huawei Inverter 40 kW','SUN-2000-40KTL-M3',NULL,NULL,40,NULL,NULL,4,'3F-220V',NULL,18,2,NULL,'2023-07-28 02:38:26','2023-07-28 02:38:26'),(21,'Fronius  Inverter 10 kW','Primo 10.0-1 208-240',NULL,NULL,10,NULL,NULL,2,'2F-240V',NULL,10,2,NULL,'2023-07-28 02:38:26','2023-07-28 02:38:26'),(22,'Fronius  Inverter 3.8 kW','Primo 3.8-1 208-240',NULL,NULL,4,NULL,NULL,2,'2F-240V',NULL,10,2,NULL,'2023-07-28 02:38:26','2023-07-28 02:38:26'),(23,'Fronius  Inverter 7.6 kW','Primo 7.6-1 208-240',NULL,NULL,8,NULL,NULL,2,'2F-240V',NULL,10,2,NULL,'2023-07-28 02:38:26','2023-07-28 02:38:26'),(24,'Fronius  Inverter 8.2 kW','Primo 8.2-1 208-240',NULL,NULL,8,NULL,NULL,2,'2F-240V',NULL,10,2,NULL,'2023-07-28 02:38:26','2023-07-28 02:38:26'),(25,'Fronius  Inverter 11.4 kW','Primo 11.4-1 208-240',NULL,NULL,11,NULL,NULL,2,'2F-240V',NULL,10,2,NULL,'2023-07-28 02:38:26','2023-07-28 02:38:26'),(26,'Fronius  Inverter 12.5 kW','Primo 12.5-1 208-240',NULL,NULL,13,NULL,NULL,2,'2F-240V',NULL,10,2,NULL,'2023-07-28 02:38:26','2023-07-28 02:38:26'),(27,'Fronius  Inverter 15 kW ','Primo 15.0-1 208-240',NULL,NULL,15,NULL,NULL,2,'2F-240V',NULL,10,2,NULL,'2023-07-28 02:38:26','2023-07-28 02:38:26'),(28,'SMA  Inverter 3 kW','Suny Boy 3.0 US',NULL,NULL,3,NULL,NULL,2,'2F-240V',NULL,14,2,NULL,'2023-07-28 02:38:26','2023-07-28 02:38:26'),(29,'SMA  Inverter 3.8 kW','Suny Boy 3.8 US',NULL,NULL,4,NULL,NULL,2,'2F-240V',NULL,14,2,NULL,'2023-07-28 02:38:26','2023-07-28 02:38:26'),(30,'SMA  Inverter 5.0 kW','Suny Boy 5.0 US',NULL,NULL,5,NULL,NULL,3,'2F-240V',NULL,14,2,NULL,'2023-07-28 02:38:26','2023-07-28 02:38:26'),(31,'SMA  Inverter 6.0 kW','Suny Boy 6.0 US',NULL,NULL,6,NULL,NULL,3,'2F-240V',NULL,14,2,NULL,'2023-07-28 02:38:26','2023-07-28 02:38:26'),(32,'SMA  Inverter 7.0 kW','Suny Boy 7.0 US',NULL,NULL,7,NULL,NULL,3,'2F-240V',NULL,14,2,NULL,'2023-07-28 02:38:26','2023-07-28 02:38:26'),(33,'SMA  Inverter 7.7 kW','Suny Boy 7.7 US',NULL,NULL,8,NULL,NULL,3,'2F-240V',NULL,14,2,NULL,'2023-07-28 02:38:26','2023-07-28 02:38:26'),(34,'Solis  Inverter 100 kW','Solis-100K-5G-US ',NULL,NULL,100,NULL,NULL,10,'3F-480V',NULL,16,2,NULL,'2023-07-28 02:38:26','2023-07-28 02:38:26'),(35,'Solis  Inverter 124 kW','Solis-125K-HV-5G ',NULL,NULL,124,NULL,NULL,10,'3F-480V',NULL,16,2,NULL,'2023-07-28 02:38:26','2023-07-28 02:38:26'),(36,'Solis  Inverter 5 kW','Solis-1P5K-4G ',NULL,NULL,5,NULL,NULL,2,'2F-220V',NULL,16,2,NULL,'2023-07-28 02:38:26','2023-07-28 02:38:26'),(37,'Solis  Inverter 8 kW','Solis-1P8K-4G ',NULL,NULL,8,NULL,NULL,3,'2F-220V',NULL,16,2,NULL,'2023-07-28 02:38:26','2023-07-28 02:38:26'),(38,'Solis  Inverter 30 kW','Solis-30K-LV ',NULL,NULL,30,NULL,NULL,2,'3F-220V',NULL,16,2,NULL,'2023-07-28 02:38:26','2023-07-28 02:38:26'),(39,'Solis  Inverter 10 kW','Solis-3P10K-4G-LV ',NULL,NULL,10,NULL,NULL,2,'3F-220V',NULL,16,2,NULL,'2023-07-28 02:38:26','2023-07-28 02:38:26'),(40,'Solis  Inverter 50 kW','Solis-50K-LV-5G ',NULL,NULL,50,NULL,NULL,6,'3F-220V',NULL,16,2,NULL,'2023-07-28 02:38:26','2023-07-28 02:38:26'),(41,'Solis  Inverter 60 kW','Solis-60K-LV-5G ',NULL,NULL,60,NULL,NULL,8,'3F-220V',NULL,16,2,NULL,'2023-07-28 02:38:26','2023-07-28 02:38:26'),(42,'Solis  Inverter 60 kW','Solis-60K-HV ',NULL,NULL,60,NULL,NULL,4,'3F-480V',NULL,16,2,NULL,'2023-07-28 02:38:26','2023-07-28 02:38:26'),(43,'Solis  Inverter 15 kW','S5-GC15K-LV ',NULL,NULL,15,NULL,NULL,3,'3F-220V',NULL,16,2,NULL,'2023-07-28 02:38:26','2023-07-28 02:38:26'),(44,'Solis  Inverter 20 kW','S5-GC20K-LV',NULL,NULL,20,NULL,NULL,3,'3F-220V',NULL,16,2,NULL,'2023-07-28 02:38:26','2023-07-28 02:38:26'),(45,'Solis  Inverter 40 kW','S5-GC40K-HV ',NULL,NULL,40,NULL,NULL,4,'3F-480V',NULL,16,2,NULL,'2023-07-28 02:38:26','2023-07-28 02:38:26'),(46,'Solis  Inverter 10 kW','S5-GR1P10K',NULL,NULL,10,NULL,NULL,3,'2F-220V',NULL,16,2,NULL,'2023-07-28 02:38:26','2023-07-28 02:38:26'),(47,'Solis  Inverter 1 kW','S6-GR1P1K-M',NULL,NULL,1,NULL,NULL,1,'2F-220V',NULL,16,2,NULL,'2023-07-28 02:38:26','2023-07-28 02:38:26'),(48,'Solis  Inverter 2 kW','S6-GR1P2K-M',NULL,NULL,2,NULL,NULL,1,'2F-220V',NULL,16,2,NULL,'2023-07-28 02:38:26','2023-07-28 02:38:26'),(49,'Solis  Inverter 3.6 kW','S6-GR1P3.6K-M',NULL,NULL,4,NULL,NULL,1,'2F-220V',NULL,16,2,NULL,'2023-07-28 02:38:26','2023-07-28 02:38:26'),(50,'Solis  Inverter 5 kW','S6-GR1P5K ',NULL,NULL,5,NULL,NULL,2,'2F-220V',NULL,16,2,NULL,'2023-07-28 02:38:26','2023-07-28 02:38:26'),(51,'Solis  Inverter 6 kW','S6-GR1P6K ',NULL,NULL,6,NULL,NULL,2,'2F-220V',NULL,16,2,NULL,'2023-07-28 02:38:26','2023-07-28 02:38:26'),(52,'Solis  Inverter 8 kW','S5-GR1P8K ',NULL,NULL,8,NULL,NULL,2,'2F-220V',NULL,16,2,NULL,'2023-07-28 02:38:26','2023-07-28 02:38:26'),(53,'Solis  Inverter 10 kW','S5-GR1P10K ',NULL,NULL,10,NULL,NULL,2,'2F-220V',NULL,16,2,NULL,'2023-07-28 02:38:26','2023-07-28 02:38:26'),(54,'Solis  Inverter 20 kW','S5-GR3P20K-HV ',NULL,NULL,20,NULL,NULL,2,'3F-480V',NULL,16,2,NULL,'2023-07-28 02:38:26','2023-07-28 02:38:26'),(55,'Enphase Inverter 350 W','IQ7A-72-2-US ',NULL,NULL,350,NULL,NULL,1,'2F-220V',NULL,19,3,NULL,'2023-07-28 02:38:26','2023-07-28 02:38:26'),(56,'Enphase Inverter 330 W','IQ7AM-72-2-US ',NULL,NULL,330,NULL,NULL,1,'2F-220V',NULL,19,3,NULL,'2023-07-28 02:38:26','2023-07-28 02:38:26'),(57,'Enphase Inverter 240 W','IQ7-60-2-US ',NULL,NULL,240,NULL,NULL,1,'2F-220V',NULL,19,3,NULL,'2023-07-28 02:38:26','2023-07-28 02:38:26'),(58,'Enphase Inverter 290 W','IQ7PLUS-72-2-US ',NULL,NULL,290,NULL,NULL,1,'2F-220V',NULL,19,3,NULL,'2023-07-28 02:38:26','2023-07-28 02:38:26'),(59,'Enphase Inverter 380 W','IQ8H-240-72-2-US ',NULL,NULL,380,NULL,NULL,1,'2F-220V',NULL,19,3,NULL,'2023-07-28 02:38:26','2023-07-28 02:38:26'),(60,'Enpahse Inverter 240 W','IQ8-60-2-US ',NULL,NULL,240,NULL,NULL,1,'2F-220V',NULL,19,3,NULL,'2023-07-28 02:38:26','2023-07-28 02:38:26'),(61,'Enpahse Inverter 290 W','IQ8PLUS-72-2-US ',NULL,NULL,290,NULL,NULL,1,'2F-220V',NULL,19,3,NULL,'2023-07-28 02:38:26','2023-07-28 02:38:26'),(62,'Enpahse Inverter 325 W','IQ8M-72-2-US ',NULL,NULL,325,NULL,NULL,1,'2F-220V',NULL,19,3,NULL,'2023-07-28 02:38:26','2023-07-28 02:38:26'),(63,'Enpahse Inverter 349 W','IQ8A-72-2-US ',NULL,NULL,349,NULL,NULL,1,'2F-220V',NULL,19,3,NULL,'2023-07-28 02:38:26','2023-07-28 02:38:26'),(64,'Enpahse Inverter 380 W','IQ8H-240-72-2-US ',NULL,NULL,380,NULL,NULL,1,'2F-220V',NULL,19,3,NULL,'2023-07-28 02:38:26','2023-07-28 02:38:26'),(65,'ApSystems Inverter 2000 W','DS3D',NULL,NULL,2000,NULL,NULL,4,'2F-220V',NULL,20,3,NULL,'2023-07-28 02:38:26','2023-07-28 02:38:26'),(66,'ApSystems Inverter 600 W','YC600',NULL,NULL,600,NULL,NULL,2,'2F-220V',NULL,20,3,NULL,'2023-07-28 02:38:26','2023-07-28 02:38:26'),(67,'ApSystems Inverter 600 W','YC600B',NULL,NULL,600,NULL,NULL,2,'1F-127V',NULL,20,3,NULL,'2023-07-28 02:38:26','2023-07-28 02:38:26'),(68,'ApSystems Inverter 750 W','YC600 Boosted',NULL,NULL,750,NULL,NULL,2,'1F-127V',NULL,20,3,NULL,'2023-07-28 02:38:26','2023-07-28 02:38:26'),(69,'Hoymiles  Inverter 1000 W','HM-1000 ',NULL,NULL,1000,NULL,NULL,4,'2F-220V',NULL,13,3,NULL,'2023-07-28 02:38:26','2023-07-28 02:38:26'),(70,'Hoymiles  Inverter 1200 W','HM-1200',NULL,NULL,1200,NULL,NULL,4,'2F-220V',NULL,13,3,NULL,'2023-07-28 02:38:26','2023-07-28 02:38:26'),(71,'Hoymiles  Inverter 1500 W','HM-1500',NULL,NULL,1500,NULL,NULL,4,'2F-220V',NULL,13,3,NULL,'2023-07-28 02:38:26','2023-07-28 02:38:26'),(72,'Hoymiles  Inverter 600 W','HM-600',NULL,NULL,600,NULL,NULL,2,'2F-220V',NULL,13,3,NULL,'2023-07-28 02:38:26','2023-07-28 02:38:26'),(73,'Hoymiles  Inverter 700 W','HM-700',NULL,NULL,700,NULL,NULL,2,'2F-220V',NULL,13,3,NULL,'2023-07-28 02:38:26','2023-07-28 02:38:26'),(74,'Hoymiles  Inverter 800 W','HM-800',NULL,NULL,800,NULL,NULL,2,'2F-220V',NULL,13,3,NULL,'2023-07-28 02:38:26','2023-07-28 02:38:26'),(75,'Hoymiles  Inverter 800 W','HMS-800-2T ',NULL,NULL,800,NULL,NULL,2,'2F-220V',NULL,13,3,NULL,'2023-07-28 02:38:26','2023-07-28 02:38:26'),(76,'Hoymiles  Inverter 900 W','HMS-900-2T ',NULL,NULL,900,NULL,NULL,2,'2F-220V',NULL,13,3,NULL,'2023-07-28 02:38:26','2023-07-28 02:38:26'),(77,'Hoymiles  Inverter 1000 W','HMS-1000-2T ',NULL,NULL,1000,NULL,NULL,2,'2F-220V',NULL,13,3,NULL,'2023-07-28 02:38:26','2023-07-28 02:38:26'),(78,'Hoymiles  Inverter 1800 W','HMS-1800-4T ',NULL,NULL,1800,NULL,NULL,4,'2F-220V',NULL,13,3,NULL,'2023-07-28 02:38:26','2023-07-28 02:38:26'),(79,'Hoymiles  Inverter 2000 W','HMS2000-4T ',NULL,NULL,2000,NULL,NULL,4,'2F-220V',NULL,13,3,NULL,'2023-07-28 02:38:26','2023-07-28 02:38:26'),(80,'Hoymiles  Inverter 800 W','HMS-800-2T-LV',NULL,NULL,800,NULL,NULL,2,'1F-120V',NULL,13,3,NULL,'2023-07-28 02:38:26','2023-07-28 02:38:26'),(81,'Hoymiles  Inverter 1000 W','MI-1000',NULL,NULL,1000,NULL,NULL,4,'2F-240V',NULL,13,3,NULL,'2023-07-28 02:38:26','2023-07-28 02:38:26'),(82,'Hoymiles  Inverter 1200 W','MI-1200',NULL,NULL,1200,NULL,NULL,4,'2F-240V',NULL,13,3,NULL,'2023-07-28 02:38:26','2023-07-28 02:38:26'),(83,'Hoymiles  Inverter 1500 W','MI-1500',NULL,NULL,1500,NULL,NULL,4,'2F-220V',NULL,13,3,NULL,'2023-07-28 02:38:26','2023-07-28 02:38:26'),(84,'Hoymiles  Inverter 600 W','MI-600',NULL,NULL,600,NULL,NULL,2,'2F-220V',NULL,13,3,NULL,'2023-07-28 02:38:26','2023-07-28 02:38:26'),(85,'Hoymiles  Inverter 700 W','MI-700',NULL,NULL,700,NULL,NULL,2,'2F-220V',NULL,13,3,NULL,'2023-07-28 02:38:26','2023-07-28 02:38:26'),(86,'Hoymiles  Inverter 800 W','MI-800',NULL,NULL,800,NULL,NULL,2,'2F-220V',NULL,13,3,NULL,'2023-07-28 02:38:26','2023-07-28 02:38:26'),(87,'Longi Solar PV 555W',NULL,NULL,NULL,555,NULL,NULL,NULL,NULL,NULL,4,1,NULL,NULL,NULL),(88,'SMA Cluster Controller',NULL,NULL,NULL,NULL,NULL,'Monitoring',NULL,NULL,NULL,14,3,NULL,NULL,NULL),(89,'Seraphim 440W',NULL,NULL,NULL,440,NULL,NULL,NULL,NULL,NULL,4,1,NULL,NULL,NULL),(90,'Jinko 465W PV',NULL,NULL,NULL,465,NULL,NULL,NULL,NULL,NULL,3,1,NULL,NULL,NULL),(91,'Growatt Inverter 20Kw',NULL,NULL,NULL,20,NULL,NULL,NULL,NULL,NULL,12,2,NULL,NULL,NULL),(92,'Jinko 580W PV',NULL,NULL,NULL,580,NULL,NULL,NULL,NULL,NULL,3,1,NULL,NULL,NULL),(93,'Growatt Inverter 10kW TL3 S',NULL,NULL,NULL,10,NULL,NULL,NULL,NULL,NULL,12,2,NULL,NULL,NULL);

--
-- Table structure for table `project_consumptions`
--

CREATE TABLE `project_consumptions` (
  `id` int unsigned NOT NULL AUTO_INCREMENT,
  `period` smallint DEFAULT NULL,
  `consumption` decimal(12,2) DEFAULT NULL,
  `demand` decimal(12,2) DEFAULT NULL,
  `power_factor` decimal(12,2) DEFAULT NULL,
  `project_id` char(36) COLLATE utf8mb4_unicode_ci NOT NULL,
  PRIMARY KEY (`id`),
  KEY `project_consumptions_project_id_foreign` (`project_id`),
  CONSTRAINT `project_consumptions_project_id_foreign` FOREIGN KEY (`project_id`) REFERENCES `projects` (`id`) ON DELETE CASCADE ON UPDATE CASCADE
) ENGINE=InnoDB AUTO_INCREMENT=535 DEFAULT CHARSET=utf8mb4 COLLATE=utf8mb4_unicode_ci;

--
-- Dumping data for table `project_consumptions`
--

INSERT INTO `project_consumptions` VALUES (1,1,834.00,NULL,NULL,'994f5c20-1cac-44ec-8d10-8e709d4cd58d'),(2,2,881.00,NULL,NULL,'994f5c20-1cac-44ec-8d10-8e709d4cd58d'),(3,3,687.00,NULL,NULL,'994f5c20-1cac-44ec-8d10-8e709d4cd58d'),(4,4,763.00,NULL,NULL,'994f5c20-1cac-44ec-8d10-8e709d4cd58d'),(5,5,1418.00,NULL,NULL,'994f5c20-1cac-44ec-8d10-8e709d4cd58d'),(6,6,1610.00,NULL,NULL,'994f5c20-1cac-44ec-8d10-8e709d4cd58d'),(7,1,1651.00,NULL,NULL,'99518e8f-b414-4feb-a847-10139fabc99c'),(8,2,1596.00,NULL,NULL,'99518e8f-b414-4feb-a847-10139fabc99c'),(9,3,1584.00,NULL,NULL,'99518e8f-b414-4feb-a847-10139fabc99c'),(10,4,1602.00,NULL,NULL,'99518e8f-b414-4feb-a847-10139fabc99c'),(11,5,1591.00,NULL,NULL,'99518e8f-b414-4feb-a847-10139fabc99c'),(12,6,2171.00,NULL,NULL,'99518e8f-b414-4feb-a847-10139fabc99c'),(13,1,3157.45,NULL,NULL,'99518fda-7868-4c09-88de-4fec6f286b81'),(14,2,NULL,NULL,NULL,'99518fda-7868-4c09-88de-4fec6f286b81'),(15,3,NULL,NULL,NULL,'99518fda-7868-4c09-88de-4fec6f286b81'),(16,4,NULL,NULL,NULL,'99518fda-7868-4c09-88de-4fec6f286b81'),(17,5,NULL,NULL,NULL,'99518fda-7868-4c09-88de-4fec6f286b81'),(18,6,NULL,NULL,NULL,'99518fda-7868-4c09-88de-4fec6f286b81'),(19,1,5000.00,NULL,NULL,'9954a9b6-c8e3-4aa6-a541-46421ab5aea4'),(20,2,NULL,NULL,NULL,'9954a9b6-c8e3-4aa6-a541-46421ab5aea4'),(21,3,NULL,NULL,NULL,'9954a9b6-c8e3-4aa6-a541-46421ab5aea4'),(22,4,NULL,NULL,NULL,'9954a9b6-c8e3-4aa6-a541-46421ab5aea4'),(23,5,NULL,NULL,NULL,'9954a9b6-c8e3-4aa6-a541-46421ab5aea4'),(24,6,NULL,NULL,NULL,'9954a9b6-c8e3-4aa6-a541-46421ab5aea4'),(25,1,58469.43,NULL,NULL,'9954ab9c-1471-4ea7-a931-868a84821fef'),(26,2,NULL,NULL,NULL,'9954ab9c-1471-4ea7-a931-868a84821fef'),(27,3,NULL,NULL,NULL,'9954ab9c-1471-4ea7-a931-868a84821fef'),(28,4,NULL,NULL,NULL,'9954ab9c-1471-4ea7-a931-868a84821fef'),(29,5,NULL,NULL,NULL,'9954ab9c-1471-4ea7-a931-868a84821fef'),(30,6,NULL,NULL,NULL,'9954ab9c-1471-4ea7-a931-868a84821fef'),(31,1,16627.00,NULL,NULL,'9956cfa5-2754-4658-aa78-64ffad1a70d6'),(32,2,NULL,NULL,NULL,'9956cfa5-2754-4658-aa78-64ffad1a70d6'),(33,3,NULL,NULL,NULL,'9956cfa5-2754-4658-aa78-64ffad1a70d6'),(34,4,NULL,NULL,NULL,'9956cfa5-2754-4658-aa78-64ffad1a70d6'),(35,5,NULL,NULL,NULL,'9956cfa5-2754-4658-aa78-64ffad1a70d6'),(36,6,NULL,NULL,NULL,'9956cfa5-2754-4658-aa78-64ffad1a70d6'),(37,1,1645.00,NULL,NULL,'9956d03c-b5b1-4d3c-8901-6fc6f25776b4'),(38,2,NULL,NULL,NULL,'9956d03c-b5b1-4d3c-8901-6fc6f25776b4'),(39,3,NULL,NULL,NULL,'9956d03c-b5b1-4d3c-8901-6fc6f25776b4'),(40,4,NULL,NULL,NULL,'9956d03c-b5b1-4d3c-8901-6fc6f25776b4'),(41,5,NULL,NULL,NULL,'9956d03c-b5b1-4d3c-8901-6fc6f25776b4'),(42,6,NULL,NULL,NULL,'9956d03c-b5b1-4d3c-8901-6fc6f25776b4'),(43,1,683.00,NULL,NULL,'9956d0f9-c1e7-4dfb-9bca-64e72eef5e1a'),(44,2,NULL,NULL,NULL,'9956d0f9-c1e7-4dfb-9bca-64e72eef5e1a'),(45,3,NULL,NULL,NULL,'9956d0f9-c1e7-4dfb-9bca-64e72eef5e1a'),(46,4,NULL,NULL,NULL,'9956d0f9-c1e7-4dfb-9bca-64e72eef5e1a'),(47,5,NULL,NULL,NULL,'9956d0f9-c1e7-4dfb-9bca-64e72eef5e1a'),(48,6,NULL,NULL,NULL,'9956d0f9-c1e7-4dfb-9bca-64e72eef5e1a'),(49,1,774.00,NULL,NULL,'9956fbba-9a40-4984-bf28-580851908bcd'),(50,2,593.00,NULL,NULL,'9956fbba-9a40-4984-bf28-580851908bcd'),(51,3,763.00,NULL,NULL,'9956fbba-9a40-4984-bf28-580851908bcd'),(52,4,505.00,NULL,NULL,'9956fbba-9a40-4984-bf28-580851908bcd'),(53,5,572.00,NULL,NULL,'9956fbba-9a40-4984-bf28-580851908bcd'),(54,6,551.00,NULL,NULL,'9956fbba-9a40-4984-bf28-580851908bcd'),(55,1,1780.00,NULL,NULL,'99572f0f-65b8-4f8a-8ae7-ccb24675e5e5'),(56,2,1825.00,NULL,NULL,'99572f0f-65b8-4f8a-8ae7-ccb24675e5e5'),(57,3,1648.00,NULL,NULL,'99572f0f-65b8-4f8a-8ae7-ccb24675e5e5'),(58,4,1834.00,NULL,NULL,'99572f0f-65b8-4f8a-8ae7-ccb24675e5e5'),(59,5,1962.00,NULL,NULL,'99572f0f-65b8-4f8a-8ae7-ccb24675e5e5'),(60,6,1839.00,NULL,NULL,'99572f0f-65b8-4f8a-8ae7-ccb24675e5e5'),(61,1,1227.00,NULL,NULL,'9957653e-96c9-4d0b-90f5-65b35d97e8a6'),(62,2,1308.00,NULL,NULL,'9957653e-96c9-4d0b-90f5-65b35d97e8a6'),(63,3,1142.00,NULL,NULL,'9957653e-96c9-4d0b-90f5-65b35d97e8a6'),(64,4,1336.00,NULL,NULL,'9957653e-96c9-4d0b-90f5-65b35d97e8a6'),(65,5,1402.00,NULL,NULL,'9957653e-96c9-4d0b-90f5-65b35d97e8a6'),(66,6,1313.00,NULL,NULL,'9957653e-96c9-4d0b-90f5-65b35d97e8a6'),(67,1,553.00,NULL,NULL,'99576c82-a156-439b-9d34-725d7b67f517'),(68,2,517.00,NULL,NULL,'99576c82-a156-439b-9d34-725d7b67f517'),(69,3,506.00,NULL,NULL,'99576c82-a156-439b-9d34-725d7b67f517'),(70,4,498.00,NULL,NULL,'99576c82-a156-439b-9d34-725d7b67f517'),(71,5,560.00,NULL,NULL,'99576c82-a156-439b-9d34-725d7b67f517'),(72,6,516.00,NULL,NULL,'99576c82-a156-439b-9d34-725d7b67f517'),(73,1,840.00,NULL,NULL,'995771bc-d221-4294-a403-7c9523113bca'),(74,2,934.00,NULL,NULL,'995771bc-d221-4294-a403-7c9523113bca'),(75,3,929.00,NULL,NULL,'995771bc-d221-4294-a403-7c9523113bca'),(76,4,858.00,NULL,NULL,'995771bc-d221-4294-a403-7c9523113bca'),(77,5,816.00,NULL,NULL,'995771bc-d221-4294-a403-7c9523113bca'),(78,6,934.00,NULL,NULL,'995771bc-d221-4294-a403-7c9523113bca'),(79,1,346.00,NULL,NULL,'9957791e-f7e1-4842-94e3-e9c8cf612d85'),(80,2,484.00,NULL,NULL,'9957791e-f7e1-4842-94e3-e9c8cf612d85'),(81,3,350.00,NULL,NULL,'9957791e-f7e1-4842-94e3-e9c8cf612d85'),(82,4,346.00,NULL,NULL,'9957791e-f7e1-4842-94e3-e9c8cf612d85'),(83,5,304.00,NULL,NULL,'9957791e-f7e1-4842-94e3-e9c8cf612d85'),(84,6,300.00,NULL,NULL,'9957791e-f7e1-4842-94e3-e9c8cf612d85'),(85,1,2006.00,NULL,NULL,'99592e90-d863-44d6-b927-8742e9d2939e'),(86,2,2100.00,NULL,NULL,'99592e90-d863-44d6-b927-8742e9d2939e'),(87,3,2080.00,NULL,NULL,'99592e90-d863-44d6-b927-8742e9d2939e'),(88,4,2000.00,NULL,NULL,'99592e90-d863-44d6-b927-8742e9d2939e'),(89,5,2100.00,NULL,NULL,'99592e90-d863-44d6-b927-8742e9d2939e'),(90,6,2000.00,NULL,NULL,'99592e90-d863-44d6-b927-8742e9d2939e'),(91,1,1651.00,NULL,NULL,'99593860-f06e-4d0c-ad83-8fa575701c97'),(92,2,1506.00,NULL,NULL,'99593860-f06e-4d0c-ad83-8fa575701c97'),(93,3,1584.00,NULL,NULL,'99593860-f06e-4d0c-ad83-8fa575701c97'),(94,4,1370.00,NULL,NULL,'99593860-f06e-4d0c-ad83-8fa575701c97'),(95,5,1573.00,NULL,NULL,'99593860-f06e-4d0c-ad83-8fa575701c97'),(96,6,2152.00,NULL,NULL,'99593860-f06e-4d0c-ad83-8fa575701c97'),(97,1,147840.00,NULL,NULL,'995955c2-e5bc-43aa-ab03-fcb83eed01f6'),(98,2,NULL,NULL,NULL,'995955c2-e5bc-43aa-ab03-fcb83eed01f6'),(99,3,NULL,NULL,NULL,'995955c2-e5bc-43aa-ab03-fcb83eed01f6'),(100,4,NULL,NULL,NULL,'995955c2-e5bc-43aa-ab03-fcb83eed01f6'),(101,5,NULL,NULL,NULL,'995955c2-e5bc-43aa-ab03-fcb83eed01f6'),(102,6,NULL,NULL,NULL,'995955c2-e5bc-43aa-ab03-fcb83eed01f6'),(103,1,40093.32,NULL,NULL,'995969cf-da91-4ac8-850c-8747c6b86bf7'),(104,2,NULL,NULL,NULL,'995969cf-da91-4ac8-850c-8747c6b86bf7'),(105,3,NULL,NULL,NULL,'995969cf-da91-4ac8-850c-8747c6b86bf7'),(106,4,NULL,NULL,NULL,'995969cf-da91-4ac8-850c-8747c6b86bf7'),(107,5,NULL,NULL,NULL,'995969cf-da91-4ac8-850c-8747c6b86bf7'),(108,6,NULL,NULL,NULL,'995969cf-da91-4ac8-850c-8747c6b86bf7'),(109,1,20000.00,NULL,NULL,'99596cf0-32bc-49fe-95c9-bb74cb9e31e8'),(110,2,NULL,NULL,NULL,'99596cf0-32bc-49fe-95c9-bb74cb9e31e8'),(111,3,NULL,NULL,NULL,'99596cf0-32bc-49fe-95c9-bb74cb9e31e8'),(112,4,NULL,NULL,NULL,'99596cf0-32bc-49fe-95c9-bb74cb9e31e8'),(113,5,NULL,NULL,NULL,'99596cf0-32bc-49fe-95c9-bb74cb9e31e8'),(114,6,NULL,NULL,NULL,'99596cf0-32bc-49fe-95c9-bb74cb9e31e8'),(115,1,1590.00,NULL,NULL,'995af7a9-deb9-48b3-beaf-c3bf9bf9219b'),(116,2,NULL,NULL,NULL,'995af7a9-deb9-48b3-beaf-c3bf9bf9219b'),(117,3,NULL,NULL,NULL,'995af7a9-deb9-48b3-beaf-c3bf9bf9219b'),(118,4,NULL,NULL,NULL,'995af7a9-deb9-48b3-beaf-c3bf9bf9219b'),(119,5,NULL,NULL,NULL,'995af7a9-deb9-48b3-beaf-c3bf9bf9219b'),(120,6,NULL,NULL,NULL,'995af7a9-deb9-48b3-beaf-c3bf9bf9219b'),(121,1,1105.00,NULL,NULL,'995b0acf-b8ed-4d8e-bdc8-585454793fed'),(122,2,3229.00,NULL,NULL,'995b0acf-b8ed-4d8e-bdc8-585454793fed'),(123,3,2982.00,NULL,NULL,'995b0acf-b8ed-4d8e-bdc8-585454793fed'),(124,4,3101.00,NULL,NULL,'995b0acf-b8ed-4d8e-bdc8-585454793fed'),(125,5,4234.00,NULL,NULL,'995b0acf-b8ed-4d8e-bdc8-585454793fed'),(126,6,3828.00,NULL,NULL,'995b0acf-b8ed-4d8e-bdc8-585454793fed'),(127,1,4069.00,NULL,NULL,'995b1ab7-6221-4935-a46c-3baa29f2b745'),(128,2,4704.00,NULL,NULL,'995b1ab7-6221-4935-a46c-3baa29f2b745'),(129,3,5925.00,NULL,NULL,'995b1ab7-6221-4935-a46c-3baa29f2b745'),(130,4,3360.00,NULL,NULL,'995b1ab7-6221-4935-a46c-3baa29f2b745'),(131,5,2835.00,NULL,NULL,'995b1ab7-6221-4935-a46c-3baa29f2b745'),(132,6,3912.00,NULL,NULL,'995b1ab7-6221-4935-a46c-3baa29f2b745'),(133,1,4069.00,NULL,NULL,'995b1dc1-d909-4037-8e13-7512adfa9ac0'),(134,2,4704.00,NULL,NULL,'995b1dc1-d909-4037-8e13-7512adfa9ac0'),(135,3,5925.00,NULL,NULL,'995b1dc1-d909-4037-8e13-7512adfa9ac0'),(136,4,3360.00,NULL,NULL,'995b1dc1-d909-4037-8e13-7512adfa9ac0'),(137,5,2835.00,NULL,NULL,'995b1dc1-d909-4037-8e13-7512adfa9ac0'),(138,6,3912.00,NULL,NULL,'995b1dc1-d909-4037-8e13-7512adfa9ac0'),(139,1,4433.00,65.00,NULL,'995b978d-4b9a-4f07-b57c-2ca46f07469c'),(140,2,5098.00,65.00,NULL,'995b978d-4b9a-4f07-b57c-2ca46f07469c'),(141,3,5637.00,65.00,NULL,'995b978d-4b9a-4f07-b57c-2ca46f07469c'),(142,4,5173.00,65.00,NULL,'995b978d-4b9a-4f07-b57c-2ca46f07469c'),(143,5,4783.00,65.00,NULL,'995b978d-4b9a-4f07-b57c-2ca46f07469c'),(144,6,4622.00,65.00,NULL,'995b978d-4b9a-4f07-b57c-2ca46f07469c'),(145,7,4957.00,65.00,NULL,'995b978d-4b9a-4f07-b57c-2ca46f07469c'),(146,8,4839.00,65.00,NULL,'995b978d-4b9a-4f07-b57c-2ca46f07469c'),(147,9,5222.00,65.00,NULL,'995b978d-4b9a-4f07-b57c-2ca46f07469c'),(148,10,3477.00,65.00,NULL,'995b978d-4b9a-4f07-b57c-2ca46f07469c'),(149,11,4446.00,65.00,NULL,'995b978d-4b9a-4f07-b57c-2ca46f07469c'),(150,12,4602.00,65.00,NULL,'995b978d-4b9a-4f07-b57c-2ca46f07469c'),(151,1,1800.00,NULL,NULL,'995cc505-c194-4f9c-9192-2babb1e379d0'),(152,2,1800.00,NULL,NULL,'995cc505-c194-4f9c-9192-2babb1e379d0'),(153,3,1800.00,NULL,NULL,'995cc505-c194-4f9c-9192-2babb1e379d0'),(154,4,1800.00,NULL,NULL,'995cc505-c194-4f9c-9192-2babb1e379d0'),(155,5,1800.00,NULL,NULL,'995cc505-c194-4f9c-9192-2babb1e379d0'),(156,6,1800.00,NULL,NULL,'995cc505-c194-4f9c-9192-2babb1e379d0'),(157,1,5200.00,12.00,NULL,'995d3188-675c-4bc8-83d8-659321dddc4c'),(158,2,6230.00,16.00,NULL,'995d3188-675c-4bc8-83d8-659321dddc4c'),(159,3,6000.00,16.00,NULL,'995d3188-675c-4bc8-83d8-659321dddc4c'),(160,4,5760.00,14.00,NULL,'995d3188-675c-4bc8-83d8-659321dddc4c'),(161,5,5520.00,14.00,NULL,'995d3188-675c-4bc8-83d8-659321dddc4c'),(162,6,5280.00,13.00,NULL,'995d3188-675c-4bc8-83d8-659321dddc4c'),(163,7,5440.00,15.00,NULL,'995d3188-675c-4bc8-83d8-659321dddc4c'),(164,8,6540.00,17.00,NULL,'995d3188-675c-4bc8-83d8-659321dddc4c'),(165,9,4640.00,12.00,NULL,'995d3188-675c-4bc8-83d8-659321dddc4c'),(166,10,5920.00,16.00,NULL,'995d3188-675c-4bc8-83d8-659321dddc4c'),(167,11,6000.00,16.00,NULL,'995d3188-675c-4bc8-83d8-659321dddc4c'),(168,12,4640.00,12.00,NULL,'995d3188-675c-4bc8-83d8-659321dddc4c'),(169,1,1649.00,NULL,NULL,'995f680d-db90-4496-a04f-46dcd698dfb5'),(170,2,NULL,NULL,NULL,'995f680d-db90-4496-a04f-46dcd698dfb5'),(171,3,NULL,NULL,NULL,'995f680d-db90-4496-a04f-46dcd698dfb5'),(172,4,NULL,NULL,NULL,'995f680d-db90-4496-a04f-46dcd698dfb5'),(173,5,NULL,NULL,NULL,'995f680d-db90-4496-a04f-46dcd698dfb5'),(174,6,NULL,NULL,NULL,'995f680d-db90-4496-a04f-46dcd698dfb5'),(175,1,620.00,41.00,NULL,'9964df47-d2e1-4b55-857f-f7b5d2434a2e'),(176,2,563.00,41.00,NULL,'9964df47-d2e1-4b55-857f-f7b5d2434a2e'),(177,3,655.00,41.00,NULL,'9964df47-d2e1-4b55-857f-f7b5d2434a2e'),(178,4,599.00,41.00,NULL,'9964df47-d2e1-4b55-857f-f7b5d2434a2e'),(179,5,475.00,41.00,NULL,'9964df47-d2e1-4b55-857f-f7b5d2434a2e'),(180,6,235.00,41.00,NULL,'9964df47-d2e1-4b55-857f-f7b5d2434a2e'),(181,7,682.00,41.00,NULL,'9964df47-d2e1-4b55-857f-f7b5d2434a2e'),(182,8,840.00,41.00,NULL,'9964df47-d2e1-4b55-857f-f7b5d2434a2e'),(183,9,761.00,41.00,NULL,'9964df47-d2e1-4b55-857f-f7b5d2434a2e'),(184,10,188.00,41.00,NULL,'9964df47-d2e1-4b55-857f-f7b5d2434a2e'),(185,11,626.00,41.00,NULL,'9964df47-d2e1-4b55-857f-f7b5d2434a2e'),(186,12,710.00,41.00,NULL,'9964df47-d2e1-4b55-857f-f7b5d2434a2e'),(187,1,1288.00,NULL,NULL,'99657e06-ed79-4940-849c-a312179c22be'),(188,2,NULL,NULL,NULL,'99657e06-ed79-4940-849c-a312179c22be'),(189,3,NULL,NULL,NULL,'99657e06-ed79-4940-849c-a312179c22be'),(190,4,NULL,NULL,NULL,'99657e06-ed79-4940-849c-a312179c22be'),(191,5,NULL,NULL,NULL,'99657e06-ed79-4940-849c-a312179c22be'),(192,6,NULL,NULL,NULL,'99657e06-ed79-4940-849c-a312179c22be'),(193,1,709.00,NULL,NULL,'9966d6a7-0a88-4304-a1ee-ff773f654a70'),(194,2,797.00,NULL,NULL,'9966d6a7-0a88-4304-a1ee-ff773f654a70'),(195,3,891.00,NULL,NULL,'9966d6a7-0a88-4304-a1ee-ff773f654a70'),(196,4,1019.00,NULL,NULL,'9966d6a7-0a88-4304-a1ee-ff773f654a70'),(197,5,1348.00,NULL,NULL,'9966d6a7-0a88-4304-a1ee-ff773f654a70'),(198,6,282.00,NULL,NULL,'9966d6a7-0a88-4304-a1ee-ff773f654a70'),(199,1,4973.00,NULL,NULL,'9966dc02-d819-4fa9-b699-88ff9ccdcc5c'),(200,2,4020.00,NULL,NULL,'9966dc02-d819-4fa9-b699-88ff9ccdcc5c'),(201,3,2535.00,NULL,NULL,'9966dc02-d819-4fa9-b699-88ff9ccdcc5c'),(202,4,2629.00,NULL,NULL,'9966dc02-d819-4fa9-b699-88ff9ccdcc5c'),(203,5,4900.00,NULL,NULL,'9966dc02-d819-4fa9-b699-88ff9ccdcc5c'),(204,6,4000.00,NULL,NULL,'9966dc02-d819-4fa9-b699-88ff9ccdcc5c'),(205,1,4023.00,NULL,NULL,'9966dd39-b8fb-4a33-8859-4f38bcad7c9f'),(206,2,3475.00,NULL,NULL,'9966dd39-b8fb-4a33-8859-4f38bcad7c9f'),(207,3,2646.00,NULL,NULL,'9966dd39-b8fb-4a33-8859-4f38bcad7c9f'),(208,4,6575.00,NULL,NULL,'9966dd39-b8fb-4a33-8859-4f38bcad7c9f'),(209,5,5683.00,NULL,NULL,'9966dd39-b8fb-4a33-8859-4f38bcad7c9f'),(210,6,4973.00,NULL,NULL,'9966dd39-b8fb-4a33-8859-4f38bcad7c9f'),(211,1,982.00,NULL,NULL,'99674814-9647-4975-929d-c716197c4d56'),(212,2,1054.00,NULL,NULL,'99674814-9647-4975-929d-c716197c4d56'),(213,3,1302.00,NULL,NULL,'99674814-9647-4975-929d-c716197c4d56'),(214,4,1496.00,NULL,NULL,'99674814-9647-4975-929d-c716197c4d56'),(215,5,2053.00,NULL,NULL,'99674814-9647-4975-929d-c716197c4d56'),(216,6,1012.00,NULL,NULL,'99674814-9647-4975-929d-c716197c4d56'),(217,1,2038.00,NULL,NULL,'99674b05-7cb0-4345-8aef-35f8c26c63bc'),(218,2,2154.00,NULL,NULL,'99674b05-7cb0-4345-8aef-35f8c26c63bc'),(219,3,2515.00,NULL,NULL,'99674b05-7cb0-4345-8aef-35f8c26c63bc'),(220,4,2561.00,NULL,NULL,'99674b05-7cb0-4345-8aef-35f8c26c63bc'),(221,5,2628.00,NULL,NULL,'99674b05-7cb0-4345-8aef-35f8c26c63bc'),(222,6,3867.00,NULL,NULL,'99674b05-7cb0-4345-8aef-35f8c26c63bc'),(223,1,2148.00,NULL,NULL,'9967503f-2e21-4426-be62-7dc170136d9d'),(224,2,1474.00,NULL,NULL,'9967503f-2e21-4426-be62-7dc170136d9d'),(225,3,1626.00,NULL,NULL,'9967503f-2e21-4426-be62-7dc170136d9d'),(226,4,2206.00,NULL,NULL,'9967503f-2e21-4426-be62-7dc170136d9d'),(227,5,1660.00,NULL,NULL,'9967503f-2e21-4426-be62-7dc170136d9d'),(228,6,1912.00,NULL,NULL,'9967503f-2e21-4426-be62-7dc170136d9d'),(229,1,4047.00,NULL,NULL,'996773dd-889b-469d-99df-963d947194a1'),(230,2,4402.00,NULL,NULL,'996773dd-889b-469d-99df-963d947194a1'),(231,3,3689.00,NULL,NULL,'996773dd-889b-469d-99df-963d947194a1'),(232,4,3145.00,NULL,NULL,'996773dd-889b-469d-99df-963d947194a1'),(233,5,2686.00,NULL,NULL,'996773dd-889b-469d-99df-963d947194a1'),(234,6,2292.00,NULL,NULL,'996773dd-889b-469d-99df-963d947194a1'),(235,7,2434.00,NULL,NULL,'996773dd-889b-469d-99df-963d947194a1'),(236,8,1904.00,NULL,NULL,'996773dd-889b-469d-99df-963d947194a1'),(237,9,1693.00,NULL,NULL,'996773dd-889b-469d-99df-963d947194a1'),(238,10,1672.00,NULL,NULL,'996773dd-889b-469d-99df-963d947194a1'),(239,11,2423.00,NULL,NULL,'996773dd-889b-469d-99df-963d947194a1'),(240,12,3506.00,NULL,NULL,'996773dd-889b-469d-99df-963d947194a1'),(241,1,822.00,NULL,NULL,'996913d4-0da2-458e-82c0-0078e65324e9'),(242,2,NULL,NULL,NULL,'996913d4-0da2-458e-82c0-0078e65324e9'),(243,3,NULL,NULL,NULL,'996913d4-0da2-458e-82c0-0078e65324e9'),(244,4,NULL,NULL,NULL,'996913d4-0da2-458e-82c0-0078e65324e9'),(245,5,NULL,NULL,NULL,'996913d4-0da2-458e-82c0-0078e65324e9'),(246,6,NULL,NULL,NULL,'996913d4-0da2-458e-82c0-0078e65324e9'),(247,1,3554.00,30.00,NULL,'996ae1c1-0f1a-44b4-8ba2-ac7dc643ff5a'),(248,2,2603.00,30.00,NULL,'996ae1c1-0f1a-44b4-8ba2-ac7dc643ff5a'),(249,3,2826.00,30.00,NULL,'996ae1c1-0f1a-44b4-8ba2-ac7dc643ff5a'),(250,4,3018.00,30.00,NULL,'996ae1c1-0f1a-44b4-8ba2-ac7dc643ff5a'),(251,5,2623.00,30.00,NULL,'996ae1c1-0f1a-44b4-8ba2-ac7dc643ff5a'),(252,6,2283.00,30.00,NULL,'996ae1c1-0f1a-44b4-8ba2-ac7dc643ff5a'),(253,7,2519.00,30.00,NULL,'996ae1c1-0f1a-44b4-8ba2-ac7dc643ff5a'),(254,8,1994.00,30.00,NULL,'996ae1c1-0f1a-44b4-8ba2-ac7dc643ff5a'),(255,9,2965.00,30.00,NULL,'996ae1c1-0f1a-44b4-8ba2-ac7dc643ff5a'),(256,10,2747.00,30.00,NULL,'996ae1c1-0f1a-44b4-8ba2-ac7dc643ff5a'),(257,11,2241.00,30.00,NULL,'996ae1c1-0f1a-44b4-8ba2-ac7dc643ff5a'),(258,12,2305.00,30.00,NULL,'996ae1c1-0f1a-44b4-8ba2-ac7dc643ff5a'),(259,1,1416.00,NULL,NULL,'996b8660-4609-4bcf-a574-450c7fba9014'),(260,2,1416.00,NULL,NULL,'996b8660-4609-4bcf-a574-450c7fba9014'),(261,3,1114.00,NULL,NULL,'996b8660-4609-4bcf-a574-450c7fba9014'),(262,4,1114.00,NULL,NULL,'996b8660-4609-4bcf-a574-450c7fba9014'),(263,5,806.00,NULL,NULL,'996b8660-4609-4bcf-a574-450c7fba9014'),(264,6,806.00,NULL,NULL,'996b8660-4609-4bcf-a574-450c7fba9014'),(265,1,659.00,NULL,NULL,'9972f1b4-3507-4560-965b-c2157363c30a'),(266,2,509.00,NULL,NULL,'9972f1b4-3507-4560-965b-c2157363c30a'),(267,3,712.00,NULL,NULL,'9972f1b4-3507-4560-965b-c2157363c30a'),(268,4,869.00,NULL,NULL,'9972f1b4-3507-4560-965b-c2157363c30a'),(269,5,801.00,NULL,NULL,'9972f1b4-3507-4560-965b-c2157363c30a'),(270,6,1427.00,NULL,NULL,'9972f1b4-3507-4560-965b-c2157363c30a'),(271,1,2146.00,NULL,NULL,'99736e98-c87d-46d1-84d0-54299ef3cdea'),(272,2,2363.00,NULL,NULL,'99736e98-c87d-46d1-84d0-54299ef3cdea'),(273,3,2225.00,NULL,NULL,'99736e98-c87d-46d1-84d0-54299ef3cdea'),(274,4,2298.00,NULL,NULL,'99736e98-c87d-46d1-84d0-54299ef3cdea'),(275,5,2230.00,NULL,NULL,'99736e98-c87d-46d1-84d0-54299ef3cdea'),(276,6,2299.00,NULL,NULL,'99736e98-c87d-46d1-84d0-54299ef3cdea'),(277,1,2746.00,NULL,NULL,'99736fdb-24aa-443b-b383-91a06bfc9703'),(278,2,2963.00,NULL,NULL,'99736fdb-24aa-443b-b383-91a06bfc9703'),(279,3,2825.00,NULL,NULL,'99736fdb-24aa-443b-b383-91a06bfc9703'),(280,4,2898.00,NULL,NULL,'99736fdb-24aa-443b-b383-91a06bfc9703'),(281,5,2830.00,NULL,NULL,'99736fdb-24aa-443b-b383-91a06bfc9703'),(282,6,2673.00,NULL,NULL,'99736fdb-24aa-443b-b383-91a06bfc9703'),(283,1,5872.00,55.00,NULL,'997374f9-2863-4603-869e-518efac4ae4f'),(284,2,6680.00,55.00,NULL,'997374f9-2863-4603-869e-518efac4ae4f'),(285,3,6260.00,55.00,NULL,'997374f9-2863-4603-869e-518efac4ae4f'),(286,4,6694.00,55.00,NULL,'997374f9-2863-4603-869e-518efac4ae4f'),(287,5,6741.00,55.00,NULL,'997374f9-2863-4603-869e-518efac4ae4f'),(288,6,6347.00,55.00,NULL,'997374f9-2863-4603-869e-518efac4ae4f'),(289,7,6628.00,55.00,NULL,'997374f9-2863-4603-869e-518efac4ae4f'),(290,8,7172.00,55.00,NULL,'997374f9-2863-4603-869e-518efac4ae4f'),(291,9,5126.00,55.00,NULL,'997374f9-2863-4603-869e-518efac4ae4f'),(292,10,6346.00,55.00,NULL,'997374f9-2863-4603-869e-518efac4ae4f'),(293,11,5985.00,55.00,NULL,'997374f9-2863-4603-869e-518efac4ae4f'),(294,12,6346.00,55.00,NULL,'997374f9-2863-4603-869e-518efac4ae4f'),(295,1,2146.00,NULL,NULL,'99739603-90b0-4dd2-9490-dcb716dd5638'),(296,2,2363.00,NULL,NULL,'99739603-90b0-4dd2-9490-dcb716dd5638'),(297,3,2225.00,NULL,NULL,'99739603-90b0-4dd2-9490-dcb716dd5638'),(298,4,2298.00,NULL,NULL,'99739603-90b0-4dd2-9490-dcb716dd5638'),(299,5,2230.00,NULL,NULL,'99739603-90b0-4dd2-9490-dcb716dd5638'),(300,6,2073.00,NULL,NULL,'99739603-90b0-4dd2-9490-dcb716dd5638'),(301,1,1500.00,35.00,NULL,'9974cba4-d686-40dc-9d52-9467022ffd00'),(302,2,989.00,35.00,NULL,'9974cba4-d686-40dc-9d52-9467022ffd00'),(303,3,964.00,35.00,NULL,'9974cba4-d686-40dc-9d52-9467022ffd00'),(304,4,692.00,35.00,NULL,'9974cba4-d686-40dc-9d52-9467022ffd00'),(305,5,921.00,35.00,NULL,'9974cba4-d686-40dc-9d52-9467022ffd00'),(306,6,987.00,35.00,NULL,'9974cba4-d686-40dc-9d52-9467022ffd00'),(307,7,934.00,35.00,NULL,'9974cba4-d686-40dc-9d52-9467022ffd00'),(308,8,900.00,35.00,NULL,'9974cba4-d686-40dc-9d52-9467022ffd00'),(309,9,547.00,35.00,NULL,'9974cba4-d686-40dc-9d52-9467022ffd00'),(310,10,567.00,35.00,NULL,'9974cba4-d686-40dc-9d52-9467022ffd00'),(311,11,771.00,35.00,NULL,'9974cba4-d686-40dc-9d52-9467022ffd00'),(312,12,898.00,35.00,NULL,'9974cba4-d686-40dc-9d52-9467022ffd00'),(313,1,1500.00,4.00,NULL,'9974e706-3298-4387-a3a2-d27d29355944'),(314,2,989.00,3.00,NULL,'9974e706-3298-4387-a3a2-d27d29355944'),(315,3,964.00,3.00,NULL,'9974e706-3298-4387-a3a2-d27d29355944'),(316,4,692.00,2.00,NULL,'9974e706-3298-4387-a3a2-d27d29355944'),(317,5,921.00,3.00,NULL,'9974e706-3298-4387-a3a2-d27d29355944'),(318,6,987.00,3.00,NULL,'9974e706-3298-4387-a3a2-d27d29355944'),(319,7,934.00,3.00,NULL,'9974e706-3298-4387-a3a2-d27d29355944'),(320,8,900.00,3.00,NULL,'9974e706-3298-4387-a3a2-d27d29355944'),(321,9,547.00,2.00,NULL,'9974e706-3298-4387-a3a2-d27d29355944'),(322,10,567.00,2.00,NULL,'9974e706-3298-4387-a3a2-d27d29355944'),(323,11,771.00,2.00,NULL,'9974e706-3298-4387-a3a2-d27d29355944'),(324,12,898.00,3.00,NULL,'9974e706-3298-4387-a3a2-d27d29355944'),(325,1,5872.00,14.00,NULL,'99758ad2-1ad9-4abf-812f-bd8a5a96e8f6'),(326,2,6680.00,17.00,NULL,'99758ad2-1ad9-4abf-812f-bd8a5a96e8f6'),(327,3,6260.00,17.00,NULL,'99758ad2-1ad9-4abf-812f-bd8a5a96e8f6'),(328,4,6694.00,16.00,NULL,'99758ad2-1ad9-4abf-812f-bd8a5a96e8f6'),(329,5,6741.00,18.00,NULL,'99758ad2-1ad9-4abf-812f-bd8a5a96e8f6'),(330,6,6347.00,16.00,NULL,'99758ad2-1ad9-4abf-812f-bd8a5a96e8f6'),(331,7,6628.00,18.00,NULL,'99758ad2-1ad9-4abf-812f-bd8a5a96e8f6'),(332,8,7172.00,18.00,NULL,'99758ad2-1ad9-4abf-812f-bd8a5a96e8f6'),(333,9,5126.00,13.00,NULL,'99758ad2-1ad9-4abf-812f-bd8a5a96e8f6'),(334,10,6346.00,17.00,NULL,'99758ad2-1ad9-4abf-812f-bd8a5a96e8f6'),(335,11,5985.00,16.00,NULL,'99758ad2-1ad9-4abf-812f-bd8a5a96e8f6'),(336,12,4794.00,13.00,NULL,'99758ad2-1ad9-4abf-812f-bd8a5a96e8f6'),(337,1,4561.00,NULL,NULL,'997594b5-ecb7-40e5-bc3e-fafdeb368c61'),(338,2,NULL,NULL,NULL,'997594b5-ecb7-40e5-bc3e-fafdeb368c61'),(339,3,NULL,NULL,NULL,'997594b5-ecb7-40e5-bc3e-fafdeb368c61'),(340,4,NULL,NULL,NULL,'997594b5-ecb7-40e5-bc3e-fafdeb368c61'),(341,5,NULL,NULL,NULL,'997594b5-ecb7-40e5-bc3e-fafdeb368c61'),(342,6,NULL,NULL,NULL,'997594b5-ecb7-40e5-bc3e-fafdeb368c61'),(343,1,681.00,NULL,NULL,'99792c02-988a-407a-ad01-1bddbe1665a5'),(344,2,285.00,NULL,NULL,'99792c02-988a-407a-ad01-1bddbe1665a5'),(345,3,451.00,NULL,NULL,'99792c02-988a-407a-ad01-1bddbe1665a5'),(346,4,780.00,NULL,NULL,'99792c02-988a-407a-ad01-1bddbe1665a5'),(347,5,720.00,NULL,NULL,'99792c02-988a-407a-ad01-1bddbe1665a5'),(348,6,390.00,NULL,NULL,'99792c02-988a-407a-ad01-1bddbe1665a5'),(349,1,762.00,NULL,NULL,'99799625-a94e-4603-a8eb-ca222758a799'),(350,2,900.00,NULL,NULL,'99799625-a94e-4603-a8eb-ca222758a799'),(351,3,950.00,NULL,NULL,'99799625-a94e-4603-a8eb-ca222758a799'),(352,4,959.00,NULL,NULL,'99799625-a94e-4603-a8eb-ca222758a799'),(353,5,954.00,NULL,NULL,'99799625-a94e-4603-a8eb-ca222758a799'),(354,6,900.00,NULL,NULL,'99799625-a94e-4603-a8eb-ca222758a799'),(355,1,800.00,NULL,NULL,'997a6dcd-d4e3-491f-8539-89d4b1943716'),(356,2,NULL,NULL,NULL,'997a6dcd-d4e3-491f-8539-89d4b1943716'),(357,3,NULL,NULL,NULL,'997a6dcd-d4e3-491f-8539-89d4b1943716'),(358,4,NULL,NULL,NULL,'997a6dcd-d4e3-491f-8539-89d4b1943716'),(359,5,NULL,NULL,NULL,'997a6dcd-d4e3-491f-8539-89d4b1943716'),(360,6,NULL,NULL,NULL,'997a6dcd-d4e3-491f-8539-89d4b1943716'),(361,1,1500.00,NULL,NULL,'997ec75a-d404-4730-babd-5c19d7b84955'),(362,2,NULL,NULL,NULL,'997ec75a-d404-4730-babd-5c19d7b84955'),(363,3,NULL,NULL,NULL,'997ec75a-d404-4730-babd-5c19d7b84955'),(364,4,NULL,NULL,NULL,'997ec75a-d404-4730-babd-5c19d7b84955'),(365,5,NULL,NULL,NULL,'997ec75a-d404-4730-babd-5c19d7b84955'),(366,6,NULL,NULL,NULL,'997ec75a-d404-4730-babd-5c19d7b84955'),(367,1,1000.00,NULL,NULL,'997ec80a-7d91-45ea-8f83-532f4372913a'),(368,2,NULL,NULL,NULL,'997ec80a-7d91-45ea-8f83-532f4372913a'),(369,3,NULL,NULL,NULL,'997ec80a-7d91-45ea-8f83-532f4372913a'),(370,4,NULL,NULL,NULL,'997ec80a-7d91-45ea-8f83-532f4372913a'),(371,5,NULL,NULL,NULL,'997ec80a-7d91-45ea-8f83-532f4372913a'),(372,6,NULL,NULL,NULL,'997ec80a-7d91-45ea-8f83-532f4372913a'),(373,1,3280.00,9.00,NULL,'99834691-0b75-45e7-bb69-decf74e658a8'),(374,2,3200.00,8.00,NULL,'99834691-0b75-45e7-bb69-decf74e658a8'),(375,3,3600.00,10.00,NULL,'99834691-0b75-45e7-bb69-decf74e658a8'),(376,4,3600.00,9.00,NULL,'99834691-0b75-45e7-bb69-decf74e658a8'),(377,5,3520.00,10.00,NULL,'99834691-0b75-45e7-bb69-decf74e658a8'),(378,6,3440.00,9.00,NULL,'99834691-0b75-45e7-bb69-decf74e658a8'),(379,7,4080.00,10.00,NULL,'99834691-0b75-45e7-bb69-decf74e658a8'),(380,8,2800.00,8.00,NULL,'99834691-0b75-45e7-bb69-decf74e658a8'),(381,9,3120.00,9.00,NULL,'99834691-0b75-45e7-bb69-decf74e658a8'),(382,10,4000.00,11.00,NULL,'99834691-0b75-45e7-bb69-decf74e658a8'),(383,11,3440.00,9.00,NULL,'99834691-0b75-45e7-bb69-decf74e658a8'),(384,12,3760.00,19.00,NULL,'99834691-0b75-45e7-bb69-decf74e658a8'),(385,1,1970.00,NULL,NULL,'9983a0fe-7419-4c52-96c4-076ccaba03c4'),(386,2,1694.00,NULL,NULL,'9983a0fe-7419-4c52-96c4-076ccaba03c4'),(387,3,1500.00,NULL,NULL,'9983a0fe-7419-4c52-96c4-076ccaba03c4'),(388,4,1369.00,NULL,NULL,'9983a0fe-7419-4c52-96c4-076ccaba03c4'),(389,5,1408.00,NULL,NULL,'9983a0fe-7419-4c52-96c4-076ccaba03c4'),(390,6,1797.00,NULL,NULL,'9983a0fe-7419-4c52-96c4-076ccaba03c4'),(391,1,1970.00,NULL,NULL,'9984d1b2-d546-4bef-b339-90c0142f30dc'),(392,2,1694.00,NULL,NULL,'9984d1b2-d546-4bef-b339-90c0142f30dc'),(393,3,1500.00,NULL,NULL,'9984d1b2-d546-4bef-b339-90c0142f30dc'),(394,4,1369.00,NULL,NULL,'9984d1b2-d546-4bef-b339-90c0142f30dc'),(395,5,1408.00,NULL,NULL,'9984d1b2-d546-4bef-b339-90c0142f30dc'),(396,6,1797.00,NULL,NULL,'9984d1b2-d546-4bef-b339-90c0142f30dc'),(397,1,979.00,NULL,NULL,'99890ae1-64f1-4e03-9ec9-794f358fc389'),(398,2,NULL,NULL,NULL,'99890ae1-64f1-4e03-9ec9-794f358fc389'),(399,3,NULL,NULL,NULL,'99890ae1-64f1-4e03-9ec9-794f358fc389'),(400,4,NULL,NULL,NULL,'99890ae1-64f1-4e03-9ec9-794f358fc389'),(401,5,NULL,NULL,NULL,'99890ae1-64f1-4e03-9ec9-794f358fc389'),(402,6,NULL,NULL,NULL,'99890ae1-64f1-4e03-9ec9-794f358fc389'),(403,1,2614.00,NULL,NULL,'9989127a-d458-48f8-a5b7-160e8d8c117a'),(404,2,1669.00,NULL,NULL,'9989127a-d458-48f8-a5b7-160e8d8c117a'),(405,3,1966.00,NULL,NULL,'9989127a-d458-48f8-a5b7-160e8d8c117a'),(406,4,2297.00,NULL,NULL,'9989127a-d458-48f8-a5b7-160e8d8c117a'),(407,5,2157.00,NULL,NULL,'9989127a-d458-48f8-a5b7-160e8d8c117a'),(408,6,2094.00,NULL,NULL,'9989127a-d458-48f8-a5b7-160e8d8c117a'),(409,1,1392.00,NULL,NULL,'998aea76-893a-4649-8018-ed3968f65ad0'),(410,2,1288.00,NULL,NULL,'998aea76-893a-4649-8018-ed3968f65ad0'),(411,3,1258.00,NULL,NULL,'998aea76-893a-4649-8018-ed3968f65ad0'),(412,4,1247.00,NULL,NULL,'998aea76-893a-4649-8018-ed3968f65ad0'),(413,5,2168.00,NULL,NULL,'998aea76-893a-4649-8018-ed3968f65ad0'),(414,6,1583.00,NULL,NULL,'998aea76-893a-4649-8018-ed3968f65ad0'),(415,1,1371.00,NULL,NULL,'998af5d3-b078-4f0f-b090-0995581b39a8'),(416,2,NULL,NULL,NULL,'998af5d3-b078-4f0f-b090-0995581b39a8'),(417,3,NULL,NULL,NULL,'998af5d3-b078-4f0f-b090-0995581b39a8'),(418,4,NULL,NULL,NULL,'998af5d3-b078-4f0f-b090-0995581b39a8'),(419,5,NULL,NULL,NULL,'998af5d3-b078-4f0f-b090-0995581b39a8'),(420,6,NULL,NULL,NULL,'998af5d3-b078-4f0f-b090-0995581b39a8'),(421,1,392.00,NULL,NULL,'998f5c13-8313-4ef2-a44b-0aa3de61c326'),(422,2,NULL,NULL,NULL,'998f5c13-8313-4ef2-a44b-0aa3de61c326'),(423,3,NULL,NULL,NULL,'998f5c13-8313-4ef2-a44b-0aa3de61c326'),(424,4,NULL,NULL,NULL,'998f5c13-8313-4ef2-a44b-0aa3de61c326'),(425,5,NULL,NULL,NULL,'998f5c13-8313-4ef2-a44b-0aa3de61c326'),(426,6,NULL,NULL,NULL,'998f5c13-8313-4ef2-a44b-0aa3de61c326'),(427,1,618.00,NULL,NULL,'998f5d1e-41af-4648-9b56-d23301c4bfb6'),(428,2,618.00,NULL,NULL,'998f5d1e-41af-4648-9b56-d23301c4bfb6'),(429,3,618.00,NULL,NULL,'998f5d1e-41af-4648-9b56-d23301c4bfb6'),(430,4,618.00,NULL,NULL,'998f5d1e-41af-4648-9b56-d23301c4bfb6'),(431,5,618.00,NULL,NULL,'998f5d1e-41af-4648-9b56-d23301c4bfb6'),(432,6,618.00,NULL,NULL,'998f5d1e-41af-4648-9b56-d23301c4bfb6'),(433,1,3066.00,NULL,NULL,'99a348f4-3b9d-417f-a38c-b7f3f34e208d'),(434,2,NULL,NULL,NULL,'99a348f4-3b9d-417f-a38c-b7f3f34e208d'),(435,3,NULL,NULL,NULL,'99a348f4-3b9d-417f-a38c-b7f3f34e208d'),(436,4,NULL,NULL,NULL,'99a348f4-3b9d-417f-a38c-b7f3f34e208d'),(437,5,NULL,NULL,NULL,'99a348f4-3b9d-417f-a38c-b7f3f34e208d'),(438,6,NULL,NULL,NULL,'99a348f4-3b9d-417f-a38c-b7f3f34e208d'),(439,1,5002.00,14.00,NULL,'99a80581-59ed-4a65-a656-df85f9a34987'),(440,2,4510.00,12.00,NULL,'99a80581-59ed-4a65-a656-df85f9a34987'),(441,3,5180.00,13.00,NULL,'99a80581-59ed-4a65-a656-df85f9a34987'),(442,4,5079.00,13.00,NULL,'99a80581-59ed-4a65-a656-df85f9a34987'),(443,5,4771.00,13.00,NULL,'99a80581-59ed-4a65-a656-df85f9a34987'),(444,6,4891.00,12.00,NULL,'99a80581-59ed-4a65-a656-df85f9a34987'),(445,7,3629.00,10.00,NULL,'99a80581-59ed-4a65-a656-df85f9a34987'),(446,8,4235.00,12.00,NULL,'99a80581-59ed-4a65-a656-df85f9a34987'),(447,9,4914.00,13.00,NULL,'99a80581-59ed-4a65-a656-df85f9a34987'),(448,10,5152.00,14.00,NULL,'99a80581-59ed-4a65-a656-df85f9a34987'),(449,11,6338.00,15.00,NULL,'99a80581-59ed-4a65-a656-df85f9a34987'),(450,12,6636.00,13.00,NULL,'99a80581-59ed-4a65-a656-df85f9a34987'),(451,1,2240.00,6.00,NULL,'99a81e56-60fe-496e-93bf-a8ee8a57d342'),(452,2,3120.00,9.00,NULL,'99a81e56-60fe-496e-93bf-a8ee8a57d342'),(453,3,4640.00,12.00,NULL,'99a81e56-60fe-496e-93bf-a8ee8a57d342'),(454,4,5920.00,14.00,NULL,'99a81e56-60fe-496e-93bf-a8ee8a57d342'),(455,5,5680.00,15.00,NULL,'99a81e56-60fe-496e-93bf-a8ee8a57d342'),(456,6,5520.00,17.00,NULL,'99a81e56-60fe-496e-93bf-a8ee8a57d342'),(457,7,6400.00,17.00,NULL,'99a81e56-60fe-496e-93bf-a8ee8a57d342'),(458,8,6160.00,16.00,NULL,'99a81e56-60fe-496e-93bf-a8ee8a57d342'),(459,9,5996.00,13.00,NULL,'99a81e56-60fe-496e-93bf-a8ee8a57d342'),(460,10,5200.00,12.00,NULL,'99a81e56-60fe-496e-93bf-a8ee8a57d342'),(461,11,4400.00,11.00,NULL,'99a81e56-60fe-496e-93bf-a8ee8a57d342'),(462,12,4720.00,13.00,NULL,'99a81e56-60fe-496e-93bf-a8ee8a57d342'),(463,1,1805.00,NULL,NULL,'99ad56ac-5ef2-4cd0-ae3e-c008fbe5fd52'),(464,2,1900.00,NULL,NULL,'99ad56ac-5ef2-4cd0-ae3e-c008fbe5fd52'),(465,3,1588.00,NULL,NULL,'99ad56ac-5ef2-4cd0-ae3e-c008fbe5fd52'),(466,4,1749.00,NULL,NULL,'99ad56ac-5ef2-4cd0-ae3e-c008fbe5fd52'),(467,5,1788.00,NULL,NULL,'99ad56ac-5ef2-4cd0-ae3e-c008fbe5fd52'),(468,6,1280.00,NULL,NULL,'99ad56ac-5ef2-4cd0-ae3e-c008fbe5fd52'),(469,1,3000.00,NULL,NULL,'99b11a7e-88dc-4e6d-98bb-7edb5514ed8b'),(470,2,NULL,NULL,NULL,'99b11a7e-88dc-4e6d-98bb-7edb5514ed8b'),(471,3,NULL,NULL,NULL,'99b11a7e-88dc-4e6d-98bb-7edb5514ed8b'),(472,4,NULL,NULL,NULL,'99b11a7e-88dc-4e6d-98bb-7edb5514ed8b'),(473,5,NULL,NULL,NULL,'99b11a7e-88dc-4e6d-98bb-7edb5514ed8b'),(474,6,NULL,NULL,NULL,'99b11a7e-88dc-4e6d-98bb-7edb5514ed8b'),(475,1,3497.00,NULL,NULL,'99b37b03-1791-4796-9b23-3e982098591d'),(476,2,3005.00,NULL,NULL,'99b37b03-1791-4796-9b23-3e982098591d'),(477,3,2220.00,NULL,NULL,'99b37b03-1791-4796-9b23-3e982098591d'),(478,4,2329.00,NULL,NULL,'99b37b03-1791-4796-9b23-3e982098591d'),(479,5,2568.00,NULL,NULL,'99b37b03-1791-4796-9b23-3e982098591d'),(480,6,3676.00,NULL,NULL,'99b37b03-1791-4796-9b23-3e982098591d'),(481,1,916.00,NULL,NULL,'99b95ea0-1530-48ea-b538-b971250ab36d'),(482,2,1148.00,NULL,NULL,'99b95ea0-1530-48ea-b538-b971250ab36d'),(483,3,1042.00,NULL,NULL,'99b95ea0-1530-48ea-b538-b971250ab36d'),(484,4,878.00,NULL,NULL,'99b95ea0-1530-48ea-b538-b971250ab36d'),(485,5,718.00,NULL,NULL,'99b95ea0-1530-48ea-b538-b971250ab36d'),(486,6,757.00,NULL,NULL,'99b95ea0-1530-48ea-b538-b971250ab36d'),(487,1,868.00,NULL,NULL,'99b97108-9623-4fa6-abdc-179324911ea1'),(488,2,840.00,NULL,NULL,'99b97108-9623-4fa6-abdc-179324911ea1'),(489,3,1002.00,NULL,NULL,'99b97108-9623-4fa6-abdc-179324911ea1'),(490,4,1062.00,NULL,NULL,'99b97108-9623-4fa6-abdc-179324911ea1'),(491,5,780.00,NULL,NULL,'99b97108-9623-4fa6-abdc-179324911ea1'),(492,6,820.00,NULL,NULL,'99b97108-9623-4fa6-abdc-179324911ea1'),(493,1,593.00,NULL,NULL,'99b98f75-1db2-40bb-a98b-809e565f14b1'),(494,2,713.00,NULL,NULL,'99b98f75-1db2-40bb-a98b-809e565f14b1'),(495,3,691.00,NULL,NULL,'99b98f75-1db2-40bb-a98b-809e565f14b1'),(496,4,718.00,NULL,NULL,'99b98f75-1db2-40bb-a98b-809e565f14b1'),(497,5,725.00,NULL,NULL,'99b98f75-1db2-40bb-a98b-809e565f14b1'),(498,6,740.00,NULL,NULL,'99b98f75-1db2-40bb-a98b-809e565f14b1'),(499,7,776.00,NULL,NULL,'99b98f75-1db2-40bb-a98b-809e565f14b1'),(500,8,734.00,NULL,NULL,'99b98f75-1db2-40bb-a98b-809e565f14b1'),(501,9,762.00,NULL,NULL,'99b98f75-1db2-40bb-a98b-809e565f14b1'),(502,10,645.00,NULL,NULL,'99b98f75-1db2-40bb-a98b-809e565f14b1'),(503,11,661.00,NULL,NULL,'99b98f75-1db2-40bb-a98b-809e565f14b1'),(504,12,791.00,NULL,NULL,'99b98f75-1db2-40bb-a98b-809e565f14b1'),(505,1,1313.00,NULL,NULL,'99b9d0af-d86c-4946-8d7b-130ca44a4d37'),(506,2,984.00,NULL,NULL,'99b9d0af-d86c-4946-8d7b-130ca44a4d37'),(507,3,1014.00,NULL,NULL,'99b9d0af-d86c-4946-8d7b-130ca44a4d37'),(508,4,1213.00,NULL,NULL,'99b9d0af-d86c-4946-8d7b-130ca44a4d37'),(509,5,1300.00,NULL,NULL,'99b9d0af-d86c-4946-8d7b-130ca44a4d37'),(510,6,1582.00,NULL,NULL,'99b9d0af-d86c-4946-8d7b-130ca44a4d37'),(511,1,2131.00,NULL,NULL,'99bb4501-feb8-49bc-a940-bfcf8b2f8666'),(512,2,NULL,NULL,NULL,'99bb4501-feb8-49bc-a940-bfcf8b2f8666'),(513,3,NULL,NULL,NULL,'99bb4501-feb8-49bc-a940-bfcf8b2f8666'),(514,4,NULL,NULL,NULL,'99bb4501-feb8-49bc-a940-bfcf8b2f8666'),(515,5,NULL,NULL,NULL,'99bb4501-feb8-49bc-a940-bfcf8b2f8666'),(516,6,NULL,NULL,NULL,'99bb4501-feb8-49bc-a940-bfcf8b2f8666'),(517,1,1200.00,NULL,NULL,'99c9c258-496d-4fd2-8128-0376455d2dfc'),(518,2,513.00,NULL,NULL,'99c9c258-496d-4fd2-8128-0376455d2dfc'),(519,3,600.00,NULL,NULL,'99c9c258-496d-4fd2-8128-0376455d2dfc'),(520,4,650.00,NULL,NULL,'99c9c258-496d-4fd2-8128-0376455d2dfc'),(521,5,800.00,NULL,NULL,'99c9c258-496d-4fd2-8128-0376455d2dfc'),(522,6,800.00,NULL,NULL,'99c9c258-496d-4fd2-8128-0376455d2dfc'),(523,1,311.00,NULL,NULL,'99ca0696-8d6d-4315-8dfb-980e28f19951'),(524,2,246.00,NULL,NULL,'99ca0696-8d6d-4315-8dfb-980e28f19951'),(525,3,284.00,NULL,NULL,'99ca0696-8d6d-4315-8dfb-980e28f19951'),(526,4,717.00,NULL,NULL,'99ca0696-8d6d-4315-8dfb-980e28f19951'),(527,5,512.00,NULL,NULL,'99ca0696-8d6d-4315-8dfb-980e28f19951'),(528,6,452.00,NULL,NULL,'99ca0696-8d6d-4315-8dfb-980e28f19951'),(529,7,NULL,NULL,NULL,'99ca0696-8d6d-4315-8dfb-980e28f19951'),(530,8,NULL,NULL,NULL,'99ca0696-8d6d-4315-8dfb-980e28f19951'),(531,9,NULL,NULL,NULL,'99ca0696-8d6d-4315-8dfb-980e28f19951'),(532,10,NULL,NULL,NULL,'99ca0696-8d6d-4315-8dfb-980e28f19951'),(533,11,NULL,NULL,NULL,'99ca0696-8d6d-4315-8dfb-980e28f19951'),(534,12,NULL,NULL,NULL,'99ca0696-8d6d-4315-8dfb-980e28f19951');

--
-- Table structure for table `project_documents`
--

CREATE TABLE `project_documents` (
  `id` int unsigned NOT NULL AUTO_INCREMENT,
  `project_id` char(36) COLLATE utf8mb4_unicode_ci NOT NULL,
  `document` varchar(255) COLLATE utf8mb4_unicode_ci DEFAULT NULL,
  `created_at` timestamp NULL DEFAULT NULL,
  `updated_at` timestamp NULL DEFAULT NULL,
  PRIMARY KEY (`id`),
  KEY `project_documents_project_id_foreign` (`project_id`),
  CONSTRAINT `project_documents_project_id_foreign` FOREIGN KEY (`project_id`) REFERENCES `projects` (`id`) ON DELETE CASCADE ON UPDATE CASCADE
) ENGINE=InnoDB DEFAULT CHARSET=utf8mb4 COLLATE=utf8mb4_unicode_ci;

--
-- Dumping data for table `project_documents`
--


--
-- Table structure for table `projects`
--

CREATE TABLE `projects` (
  `id` char(36) COLLATE utf8mb4_unicode_ci NOT NULL,
  `name` varchar(150) COLLATE utf8mb4_unicode_ci DEFAULT NULL,
  `service_number` varchar(150) COLLATE utf8mb4_unicode_ci DEFAULT NULL,
  `cfe_pdf_receipt` varchar(255) COLLATE utf8mb4_unicode_ci DEFAULT NULL,
  `average_daily_consumption` decimal(12,2) unsigned DEFAULT '0.00',
  `average_consumption` decimal(12,2) unsigned DEFAULT '0.00',
  `contracted_demand` decimal(12,2) unsigned DEFAULT '0.00',
  `average_demand` decimal(12,2) unsigned DEFAULT '0.00',
  `payment_cfe` double(8,2) DEFAULT '0.00',
  `threads` tinyint DEFAULT '2',
  `company_id` int unsigned NOT NULL,
  `contact_id` char(36) COLLATE utf8mb4_unicode_ci DEFAULT NULL,
  `type` varchar(20) COLLATE utf8mb4_unicode_ci DEFAULT NULL,
  `user_id` int unsigned DEFAULT NULL,
  `state_id` int unsigned DEFAULT NULL,
  `rate_id` int unsigned DEFAULT NULL,
  `invoice_type` varchar(150) COLLATE utf8mb4_unicode_ci DEFAULT NULL,
  `created_at` timestamp NULL DEFAULT NULL,
  `updated_at` timestamp NULL DEFAULT NULL,
  `deleted_at` timestamp NULL DEFAULT NULL,
  PRIMARY KEY (`id`),
  KEY `projects_company_id_foreign` (`company_id`),
  KEY `projects_contact_id_foreign` (`contact_id`),
  KEY `projects_user_id_foreign` (`user_id`),
  KEY `projects_state_id_foreign` (`state_id`),
  KEY `projects_rate_id_foreign` (`rate_id`),
  CONSTRAINT `projects_company_id_foreign` FOREIGN KEY (`company_id`) REFERENCES `companies` (`id`) ON DELETE CASCADE ON UPDATE CASCADE,
  CONSTRAINT `projects_contact_id_foreign` FOREIGN KEY (`contact_id`) REFERENCES `contacts` (`id`) ON DELETE SET NULL ON UPDATE CASCADE,
  CONSTRAINT `projects_rate_id_foreign` FOREIGN KEY (`rate_id`) REFERENCES `rates` (`id`) ON DELETE SET NULL ON UPDATE CASCADE,
  CONSTRAINT `projects_state_id_foreign` FOREIGN KEY (`state_id`) REFERENCES `states` (`id`) ON DELETE SET NULL ON UPDATE CASCADE,
  CONSTRAINT `projects_user_id_foreign` FOREIGN KEY (`user_id`) REFERENCES `users` (`id`) ON DELETE SET NULL ON UPDATE CASCADE
) ENGINE=InnoDB DEFAULT CHARSET=utf8mb4 COLLATE=utf8mb4_unicode_ci;

--
-- Dumping data for table `projects`
--

INSERT INTO `projects` VALUES ('1','Proyecto 1','061950155051',NULL,25.96,1579.17,NULL,NULL,NULL,2,1,'1','interconectados',1,11,8,'bimestral','2023-02-22 06:08:29','2023-02-28 04:05:08','2023-02-28 04:05:08'),('10','Proyecto 1','062700102110',NULL,5.90,358.67,NULL,NULL,NULL,2,1,'10','interconectados',1,11,1,'bimestral','2023-03-02 05:05:35','2023-03-02 05:05:35',NULL),('11','Proyecto 1','062830200849',NULL,10.22,621.50,NULL,NULL,NULL,2,1,'11','interconectados',1,11,8,'bimestral','2023-03-02 05:15:57','2023-03-02 05:15:57',NULL),('12','Proyecto 1','062700102110',NULL,9.64,586.17,NULL,NULL,NULL,2,1,'12','interconectados',1,11,2,'bimestral','2023-03-02 08:49:30','2023-03-02 08:49:30',NULL),('13','Proyecto 1','0629877192',NULL,6.47,393.33,NULL,NULL,NULL,2,1,'13','interconectados',1,11,8,'bimestral','2023-03-02 12:50:01','2023-03-02 12:50:01',NULL),('14','Proyecto 1','058700130035',NULL,25.14,1529.33,NULL,NULL,NULL,2,1,'14','interconectados',1,11,8,'bimestral','2023-03-04 05:37:04','2023-03-04 05:37:04',NULL),('15','Proyecto 1','062220851457',NULL,14.80,900.50,NULL,NULL,NULL,2,1,'15','interconectados',1,11,8,'bimestral','2023-03-08 05:03:28','2023-03-08 05:03:28',NULL),('16','Proyecto 1','062220851457',NULL,14.80,900.50,NULL,NULL,NULL,2,1,'16','interconectados',1,11,8,'bimestral','2023-03-08 05:04:18','2023-03-08 05:04:18',NULL),('17','Proyecto 1','062210700698',NULL,16.60,1009.67,NULL,NULL,NULL,2,1,'17','interconectados',1,11,8,'bimestral','2023-03-08 05:14:59','2023-03-08 05:14:59',NULL),('18','Proyecto 1','0620611119707',NULL,32.20,1959.00,NULL,NULL,NULL,2,1,'18','interconectados',1,11,8,'bimestral','2023-03-08 05:22:29','2023-03-08 05:22:29',NULL),('19','Proyecto 1','062210700698',NULL,13.59,826.50,NULL,NULL,NULL,2,1,'19','interconectados',1,11,8,'bimestral','2023-03-10 03:36:41','2023-03-10 03:36:41',NULL),('2','Proyecto 1','061220251721',NULL,13.87,843.80,NULL,NULL,NULL,2,1,'2','interconectados',1,11,8,'bimestral','2023-02-24 09:13:32','2023-02-24 09:13:32',NULL),('20','Proyecto 1','062210700698',NULL,24.31,1479.00,NULL,NULL,NULL,2,1,'20','interconectados',1,11,8,'bimestral','2023-03-10 03:46:01','2023-03-10 03:46:01',NULL),('21','Proyecto 1','062060420675',NULL,36.27,2206.50,NULL,NULL,NULL,2,1,'21','interconectados',1,11,8,'bimestral','2023-03-14 16:20:28','2023-03-14 16:20:28',NULL),('22','Proyecto 1','062060420675',NULL,31.60,1922.33,NULL,NULL,NULL,2,1,'22','interconectados',1,11,8,'bimestral','2023-03-14 16:26:31','2023-03-14 16:26:31',NULL),('23','Proyecto 1','061120601937',NULL,26.14,1590.33,NULL,NULL,NULL,2,1,'23','interconectados',1,11,8,'bimestral','2023-03-16 10:21:00','2023-03-16 10:21:00',NULL),('24','Proyecto 1','062030506109',NULL,26.10,1588.00,NULL,NULL,NULL,2,1,'29','interconectados',1,11,8,'bimestral','2023-03-16 10:41:21','2023-03-16 10:41:21',NULL),('25','Proyecto 1','0622110304008',NULL,69.21,4210.17,NULL,NULL,NULL,2,1,'30','interconectados',1,11,8,'bimestral','2023-03-16 10:45:46','2023-03-16 10:45:46',NULL),('26','Proyecto 1','062210304008',NULL,67.95,4133.83,NULL,NULL,NULL,2,1,'31','interconectados',1,11,8,'bimestral','2023-03-16 10:51:06','2023-03-16 10:51:06',NULL),('27','Proyecto 1','061130496635',NULL,15.99,973.00,NULL,NULL,NULL,2,1,'34','interconectados',1,11,8,'bimestral','2023-03-17 03:37:22','2023-03-17 03:37:22',NULL),('28','Proyecto 1','062140702493',NULL,188.19,5724.00,56.00,14.75,NULL,2,1,'36','interconectados',1,11,10,'mensual','2023-03-17 04:36:54','2023-03-17 04:36:54',NULL),('29','Proyecto 1','061170490851',NULL,25.48,1549.83,NULL,NULL,NULL,2,1,'37','interconectados',1,11,8,'bimestral','2023-03-18 03:40:09','2023-03-18 03:40:09',NULL),('3','Proyecto 1','061220251721',NULL,14.08,856.50,NULL,NULL,NULL,2,1,'3','interconectados',1,11,8,'bimestral','2023-02-24 09:17:59','2023-02-24 09:17:59',NULL),('30','Proyecto 1','061170490851',NULL,25.48,1549.83,NULL,NULL,NULL,2,1,'38','interconectados',1,11,8,'bimestral','2023-03-18 03:54:10','2023-03-18 03:54:10',NULL),('31','Proyecto 1','062090817731',NULL,9.26,563.33,NULL,NULL,NULL,2,1,'39','interconectados',1,11,1,'bimestral','2023-03-29 02:46:52','2023-03-29 02:46:52',NULL),('32','Proyecto 1','058200450289',NULL,31.70,1928.50,NULL,NULL,NULL,2,1,'40','interconectados',1,11,8,'bimestral','2023-03-30 00:06:07','2023-03-30 00:06:07',NULL),('33','Proyecto 1','058200450289',NULL,74.79,4550.00,NULL,NULL,NULL,2,1,'41','interconectados',1,11,8,'bimestral','2023-03-30 00:18:42','2023-03-30 00:18:42',NULL),('34','Proyecto 1','058200450289',NULL,66.27,4031.50,NULL,NULL,NULL,2,1,'42','interconectados',1,11,8,'bimestral','2023-03-30 00:21:37','2023-03-30 00:21:37',NULL),('35','Proyecto 1','058020305604',NULL,48.47,2948.33,NULL,NULL,NULL,2,1,'43','interconectados',1,11,8,'bimestral','2023-03-30 00:25:01','2023-03-30 00:25:01',NULL),('36','Proyecto 1','058020305604',NULL,43.86,2668.17,NULL,NULL,NULL,2,1,'44','interconectados',1,11,8,'bimestral','2023-03-30 00:27:12','2023-03-30 00:27:12',NULL),('37','Proyecto 1','058200450289',NULL,48.60,2956.50,NULL,NULL,NULL,2,1,'45','interconectados',1,11,8,'bimestral','2023-03-30 00:30:44','2023-03-30 00:30:44',NULL),('38','Proyecto 1','058200450289',NULL,43.34,2636.67,NULL,NULL,NULL,2,1,'46','interconectados',1,11,8,'bimestral','2023-03-30 00:32:56','2023-03-30 00:32:56',NULL),('39','Proyecto 1','058200450289',NULL,58.33,3548.33,NULL,NULL,NULL,2,1,'47','interconectados',1,11,8,'bimestral','2023-03-30 00:35:04','2023-03-30 00:35:04',NULL),('4','Proyecto 1','061220251721',NULL,15.88,966.33,NULL,NULL,NULL,2,1,'4','interconectados',1,11,8,'bimestral','2023-02-28 03:49:45','2023-02-28 04:05:26','2023-02-28 04:05:26'),('40','Proyecto 1','058200450289',NULL,28.22,1716.83,NULL,NULL,NULL,2,1,'48','interconectados',1,11,8,'bimestral','2023-03-30 01:59:05','2023-03-30 01:59:05',NULL),('41','Proyecto 1','058200450289',NULL,44.08,2681.83,NULL,NULL,NULL,2,1,'49','interconectados',1,11,8,'bimestral','2023-03-30 02:10:53','2023-03-30 02:10:53',NULL),('42','Proyecto 1','0600000000',NULL,24.66,1500.00,NULL,NULL,NULL,2,1,'50','interconectados',1,11,1,'bimestral','2023-03-30 02:41:37','2023-03-30 02:41:37',NULL),('43','Proyecto 1','06000000',NULL,14.79,900.00,NULL,NULL,NULL,2,1,'51','interconectados',1,11,1,'bimestral','2023-03-30 02:46:09','2023-03-30 02:46:09',NULL),('44','Proyecto 1','062081109643',NULL,26.47,1610.33,NULL,NULL,NULL,2,1,'52','interconectados',1,11,8,'bimestral','2023-03-31 03:23:41','2023-03-31 03:23:41',NULL),('45','Proyecto 1','0600000',NULL,24.66,1500.00,NULL,NULL,NULL,2,1,'53','interconectados',1,11,8,'bimestral','2023-03-31 03:29:08','2023-03-31 03:29:08',NULL),('46','Proyecto 1','06000000',NULL,21.37,1300.00,NULL,NULL,NULL,2,1,'54','interconectados',1,11,8,'bimestral','2023-03-31 03:37:32','2023-03-31 03:37:32',NULL),('47','Proyecto 1','06000000',NULL,19.73,1200.00,NULL,NULL,NULL,2,1,'55','interconectados',1,11,8,'bimestral','2023-03-31 03:39:07','2023-03-31 03:39:07',NULL),('48','Proyecto 1','0600000',NULL,19.73,1200.00,NULL,NULL,NULL,2,1,'56','interconectados',1,11,8,'bimestral','2023-03-31 03:44:29','2023-03-31 03:44:29',NULL),('49','Proyecto 1','060000000',NULL,44.88,2730.00,NULL,NULL,NULL,2,1,'57','interconectados',1,11,1,'bimestral','2023-04-11 08:22:58','2023-04-11 08:22:58',NULL),('5','Proyecto 1','061220251721',NULL,15.86,964.67,NULL,NULL,NULL,2,1,'5','interconectados',1,11,8,'bimestral','2023-02-28 04:07:38','2023-02-28 04:07:38',NULL),('50','Proyecto 1','061200352954',NULL,16.07,977.50,NULL,NULL,NULL,2,1,'58','interconectados',1,11,8,'bimestral','2023-04-15 05:28:22','2023-04-15 05:28:22',NULL),('51','Proyecto 1','061130292665',NULL,18.07,1099.50,NULL,NULL,NULL,2,1,'59','interconectados',1,11,8,'bimestral','2023-04-15 05:38:03','2023-04-15 05:38:03',NULL),('52','Proyecto 1','058180250440',NULL,21.17,1287.67,NULL,NULL,NULL,2,1,'60','interconectados',1,11,8,'bimestral','2023-04-15 05:44:52','2023-04-15 05:44:52',NULL),('53','Proyecto 1','06000000',NULL,19.73,1200.00,NULL,NULL,NULL,2,1,'61','interconectados',1,11,1,'bimestral','2023-04-20 10:58:25','2023-04-20 10:58:25',NULL),('54','Proyecto 1','062720800514',NULL,8.00,486.67,NULL,NULL,NULL,2,1,'62','interconectados',1,11,1,'bimestral','2023-04-22 03:08:03','2023-04-22 03:08:03',NULL),('55','Proyecto 1','063210106164',NULL,76.94,4680.67,NULL,NULL,NULL,2,1,'63','interconectados',1,11,1,'bimestral','2023-04-25 07:11:05','2023-04-25 07:11:05',NULL),('56','Proyecto 1','063210106164',NULL,21.49,1307.17,NULL,NULL,NULL,2,1,'64','interconectados',1,11,1,'bimestral','2023-04-25 07:18:16','2023-04-25 07:18:16',NULL),('57','Proyecto 1','063210106164',NULL,14.77,898.67,NULL,NULL,NULL,2,1,'65','interconectados',1,11,1,'bimestral','2023-04-25 07:22:37','2023-04-25 07:22:37',NULL),('58','Proyecto 1','062101114410',NULL,8.55,520.33,NULL,NULL,NULL,2,1,'66','interconectados',1,11,8,'bimestral','2023-04-26 04:47:03','2023-04-26 04:47:03',NULL),('59','Proyecto 1','062100203397',NULL,29.79,1812.00,NULL,NULL,NULL,2,1,'67','interconectados',1,11,8,'bimestral','2023-04-26 05:00:24','2023-04-26 05:00:24',NULL),('6','Proyecto 1','061220251721',NULL,23.15,1408.00,NULL,NULL,NULL,2,1,'6','interconectados',1,11,8,'bimestral','2023-02-28 04:16:35','2023-02-28 04:16:35',NULL),('60','Proyecto 1','062070921451',NULL,11.51,700.00,NULL,NULL,NULL,2,1,'68','interconectados',1,11,8,'bimestral','2023-04-27 07:18:39','2023-04-27 07:18:39',NULL),('7','Proyecto 1','061210103596',NULL,32.10,1952.67,NULL,NULL,NULL,2,1,'7','interconectados',1,11,8,'bimestral','2023-02-28 04:53:30','2023-02-28 05:01:37','2023-02-28 05:01:37'),('8','Proyecto 1','061210103596',NULL,32.47,1975.33,NULL,NULL,NULL,2,1,'8','interconectados',1,11,8,'bimestral','2023-02-28 05:05:53','2023-02-28 05:05:53',NULL),('9','Proyecto 1','061210103596',NULL,32.47,1975.33,NULL,NULL,NULL,2,1,'9','interconectados',1,11,8,'bimestral','2023-02-28 05:06:52','2023-02-28 05:06:52',NULL),('9908f99d-406c-4cb8-80bf-f0d84b160a8a','Proyecto 1',NULL,NULL,28.77,1750.00,0.00,0.00,0.00,2,1,'9908f99d-3553-4190-b736-0d3c46996f5d','interconectados',1,11,1,'bimestral','2023-04-28 05:31:06','2023-04-28 05:31:06',NULL),('990a8980-9d47-4f52-88bd-4ae1302d73a5','Proyecto 1','062100203397',NULL,41.52,2526.00,0.00,0.00,0.00,2,1,'990a8980-8cb9-4846-966c-4447c5ebbf89','interconectados',1,11,8,'bimestral','2023-04-29 00:09:16','2023-04-29 00:09:16',NULL),('990a9601-7ec9-4622-b0c7-4d328767190f','Proyecto 1','062100203397',NULL,41.52,2526.00,0.00,0.00,0.00,2,1,'990a9601-7765-4f9b-a714-4ea090e2c95a','interconectados',1,11,8,'bimestral','2023-04-29 00:44:14','2023-05-18 04:26:35','2023-05-18 04:26:35'),('990a9f3c-7649-47e0-8f0e-1f62e0ec7542','Proyecto 1','062170195120',NULL,22.93,1395.00,0.00,0.00,0.00,2,1,'990a9f3c-635d-4835-aca3-8a72850823e8','interconectados',1,11,8,'bimestral','2023-04-29 01:10:02','2023-04-29 01:10:02',NULL),('9914b16a-e174-4106-a242-4a4b298f84a4','Proyecto 1','061140991553',NULL,18.18,1106.17,0.00,0.00,0.00,2,1,'9914b16a-d30c-4024-b9ee-cf38052804af','interconectados',1,11,8,'bimestral','2023-05-04 01:19:09','2023-05-04 01:19:09',NULL),('9916a7d0-f96e-487e-b943-ba6bde59c672','Proyecto 1','062170700088',NULL,51.55,3136.00,0.00,0.00,0.00,2,1,'9916a3f9-f7d1-4bc3-8af4-e66cbfee6f31','interconectados',NULL,11,8,'bimestral','2023-05-05 00:43:58','2023-05-05 00:43:58',NULL),('99177b7e-c998-44c2-9c1d-91cd47498a85','Proyecto 1','11299212',NULL,41.92,2550.33,0.00,0.00,0.00,2,2,'99177b7e-ba15-4d9d-b861-7d9088584e70','interconectados',2,1,8,'bimestral','2023-05-05 10:35:52','2023-05-05 10:35:52',NULL),('991a5217-73e0-4a4e-9712-bd9b7fce819c','Proyecto 1','1221812128128',NULL,31.23,1900.00,0.00,0.00,0.00,2,2,'991a5217-64d5-45f4-ab49-e84529be0349','interconectados',2,20,8,'bimestral','2023-05-06 20:27:34','2023-05-06 20:27:34',NULL),('991eb111-374d-487b-a10c-072461e65dfb','Proyecto 1','060140589783',NULL,74.98,4561.00,0.00,0.00,0.00,2,1,'991eb111-2c26-4c73-905a-cf38705b9618','interconectados',1,11,1,'bimestral','2023-05-09 00:36:27','2023-05-09 00:36:27',NULL),('9922ff20-7757-4a4f-94aa-9edfb754202a','Proyecto 1','061160608705',NULL,13.39,814.83,0.00,0.00,0.00,2,1,'9922ff20-653c-4595-b0ac-a6e4adab37e6','interconectados',1,11,8,'bimestral','2023-05-11 09:58:02','2023-05-11 09:58:02',NULL),('9926686b-2608-4b0b-9bca-9d7b09f33f6f','Proyecto 1','FOLIO 1419 (2)',NULL,8.55,520.00,0.00,0.00,0.00,2,1,'9926686b-18bf-4fb6-8dbc-a2c34e1c35d0','interconectados',1,11,8,'bimestral','2023-05-13 02:39:56','2023-05-13 02:39:56',NULL),('992cc60e-2e67-4bcd-a074-0bf52441d02c','Proyecto 1','061201152835',NULL,9.61,584.75,0.00,0.00,0.00,2,1,'992cc55d-a102-47b2-9790-01a6c25b2417','interconectados',NULL,11,8,'bimestral','2023-05-16 06:36:44','2023-05-16 06:36:44',NULL),('992ebb1e-deb0-4994-b35b-d74c9765e4f7','Proyecto 1','060002',NULL,13.46,818.83,0.00,0.00,0.00,2,1,'992ebb1e-d0c3-4d6e-bcee-30f38b6103a4','interconectados',1,11,1,'bimestral','2023-05-17 05:57:49','2023-05-17 05:57:49',NULL),('99308942-f774-4a3b-88b4-4f070bb6a430','Proyecto 1','1211212',NULL,34.79,2116.67,0.00,0.00,0.00,2,2,'99308942-df1c-4247-a834-eda9b3d3c05f','interconectados',2,1,8,'bimestral','2023-05-18 03:30:03','2023-05-18 03:30:03',NULL),('99354184-a3a3-4803-86f4-84096c41c0c8','Proyecto 1','061191150731',NULL,35.79,2177.50,0.00,0.00,0.00,2,1,'99354184-956c-41d0-922b-21a526b0390e','interconectados',1,11,8,'bimestral','2023-05-20 11:48:35','2023-05-20 11:48:35',NULL),('99355e20-6a1a-4892-8d73-d9f2cd7a6739','Proyecto 1','931110702713',NULL,30.48,1854.50,0.00,0.00,0.00,2,1,'99355e20-65c8-43b2-b9b3-b93d833f3e44','interconectados',1,24,8,'bimestral','2023-05-20 13:08:34','2023-05-20 13:08:34',NULL),('993cf091-378b-4e38-860a-e84e81b8e3e9','Proyecto 1','061120601937',NULL,26.14,1590.33,0.00,0.00,0.00,2,1,'993cf091-2b11-499e-9707-b84346752028','interconectados',1,11,8,'bimestral','2023-05-24 07:28:51','2023-05-24 07:28:51',NULL),('9940cf98-7c06-425c-9772-1075082eeb03','Proyecto 1','931160407356',NULL,13.93,847.50,0.00,0.00,0.00,2,1,'9940cf98-6ee6-4799-878e-cc0186982c3b','interconectados',1,11,8,'bimestral','2023-05-26 05:39:58','2023-05-26 05:39:58',NULL),('9941020f-3bc7-45b8-ba12-f0877e4bd2ff','Proyecto 1',NULL,NULL,22.19,1350.00,0.00,0.00,0.00,2,1,'992ebb1e-d0c3-4d6e-bcee-30f38b6103a4','interconectados',NULL,11,8,'bimestral','2023-05-26 08:01:04','2023-05-26 08:01:04',NULL),('99410954-56b2-4199-938e-68a6c5f434e6','Proyecto 1',NULL,NULL,1.00,61.00,0.00,0.00,0.00,2,1,'99410954-4305-4fea-8577-0571c57a2c48','interconectados',1,11,8,'bimestral','2023-05-26 08:21:24','2023-05-26 08:21:24',NULL),('99412420-0e97-45ed-9162-fb8750056008','Proyecto 1','061190450774',NULL,39.84,2423.33,0.00,0.00,0.00,2,1,'99412420-0955-4a4e-a69d-ffacebe28d56','interconectados',1,11,8,'bimestral','2023-05-26 09:36:20','2023-05-26 09:36:20',NULL),('99412682-89e2-45d0-8e05-76c18db7574d','Proyecto 1','061190450774',NULL,35.73,2173.33,0.00,0.00,0.00,2,1,'99412682-3a17-4b1d-8bb9-537ae0fbb588','interconectados',1,11,8,'bimestral','2023-05-26 09:43:00','2023-05-26 09:43:00',NULL),('9942b977-2485-4117-83b9-6533612bfdbc','Proyecto 1',NULL,NULL,27.85,1694.00,0.00,0.00,0.00,2,1,'9940cf98-6ee6-4799-878e-cc0186982c3b','interconectados',NULL,11,8,'bimestral','2023-05-27 04:29:44','2023-05-27 04:29:44',NULL),('994348af-7019-4241-a444-3ff008ba2b1e','Proyecto 1','060000250999',NULL,18.01,1095.83,0.00,0.00,0.00,2,1,'994348af-6801-4610-9ad2-66c01f6bd81d','interconectados',1,11,8,'bimestral','2023-05-27 11:10:13','2023-05-27 11:10:13',NULL),('99435592-67d9-4f81-a25c-3316b4a1d9f9','Proyecto 1','060000250999',NULL,22.74,1383.50,0.00,0.00,0.00,2,1,'99435592-6286-4e48-ad92-edde9203b6ba','interconectados',1,11,8,'bimestral','2023-05-27 11:46:15','2023-05-27 11:46:15',NULL),('994b167f-e134-499e-a6dc-e304d7d778bd','Proyecto 1','931160407356',NULL,13.97,849.67,0.00,0.00,0.00,2,1,'994b167f-c512-461c-b377-103d7f242429','interconectados',1,11,8,'bimestral','2023-05-31 08:16:30','2023-05-31 08:16:30',NULL),('994cdd81-0286-4176-84fd-ff27d235b7aa','Proyecto 1','062230304942',NULL,34.26,2084.00,0.00,0.00,0.00,2,1,'994cdd80-eca1-409f-b308-168887ec67df','interconectados',1,11,8,'bimestral','2023-06-01 05:28:47','2023-06-01 05:28:47',NULL),('994f5c20-1cac-44ec-8d10-8e709d4cd58d','Proyecto 1','063170693339',NULL,16.97,1032.17,0.00,0.00,0.00,2,1,'994f5c20-106a-422f-95ee-7644cc56ffdd','interconectados',1,11,8,'bimestral','2023-06-02 05:14:30','2023-06-02 05:14:30',NULL),('99518e8f-b414-4feb-a847-10139fabc99c','Proyecto 2',NULL,NULL,27.93,1699.17,0.00,0.00,0.00,2,2,'99308942-df1c-4247-a834-eda9b3d3c05f','interconectados',NULL,11,8,'bimestral','2023-06-03 07:27:11','2023-06-03 07:27:11',NULL),('99518fda-7868-4c09-88de-4fec6f286b81','Proyecto 3',NULL,NULL,51.90,3157.00,0.00,0.00,0.00,2,2,'99308942-df1c-4247-a834-eda9b3d3c05f','interconectados',NULL,11,8,'bimestral','2023-06-03 07:30:48','2023-06-03 07:30:48',NULL),('9954a9b6-c8e3-4aa6-a541-46421ab5aea4','Proyecto 1',NULL,NULL,82.19,5000.00,0.00,0.00,0.00,2,1,'9954a9b6-b7ea-48f8-a995-7fb586075313','interconectados',1,11,8,'bimestral','2023-06-04 20:30:36','2023-06-04 20:30:36',NULL),('9954ab9c-1471-4ea7-a931-868a84821fef','Proyecto 2',NULL,NULL,961.13,58469.00,0.00,0.00,0.00,2,1,'9954a9b6-b7ea-48f8-a995-7fb586075313','interconectados',NULL,11,8,'bimestral','2023-06-04 20:35:54','2023-06-04 20:35:54',NULL),('9956cfa5-2754-4658-aa78-64ffad1a70d6','Proyecto 2',NULL,NULL,273.32,16627.00,0.00,0.00,0.00,2,1,'994f5c20-106a-422f-95ee-7644cc56ffdd','interconectados',NULL,11,8,'bimestral','2023-06-05 22:08:19','2023-06-05 22:08:19',NULL),('9956d03c-b5b1-4d3c-8901-6fc6f25776b4','Proyecto 3',NULL,NULL,27.04,1645.00,0.00,0.00,0.00,2,1,'994f5c20-106a-422f-95ee-7644cc56ffdd','interconectados',NULL,11,8,'bimestral','2023-06-05 22:09:58','2023-06-05 22:09:58',NULL),('9956d0f9-c1e7-4dfb-9bca-64e72eef5e1a','Proyecto 4',NULL,NULL,11.23,683.00,0.00,0.00,0.00,2,1,'994f5c20-106a-422f-95ee-7644cc56ffdd','interconectados',NULL,11,8,'bimestral','2023-06-05 22:12:02','2023-06-05 22:12:02',NULL),('9956fbba-9a40-4984-bf28-580851908bcd','Proyecto 1',NULL,NULL,10.30,626.33,0.00,0.00,0.00,2,1,'9956fb5c-8513-44df-aa2b-dfe79736ce9c','interconectados',NULL,11,1,'bimestral','2023-06-06 00:11:35','2023-06-06 00:11:35',NULL),('99572f0f-65b8-4f8a-8ae7-ccb24675e5e5','Proyecto 1','061790601377',NULL,29.83,1814.67,0.00,0.00,0.00,2,1,'99572f0f-56b0-440c-b464-2100952b1d2b','interconectados',1,11,8,'bimestral','2023-06-06 02:35:07','2023-06-06 02:35:07',NULL),('9957653e-96c9-4d0b-90f5-65b35d97e8a6','Proyecto 1','061790601377',NULL,21.17,1288.00,0.00,0.00,0.00,2,1,'9957653e-8df9-40d9-8d24-ca721d3335f8','interconectados',1,11,8,'bimestral','2023-06-06 05:06:38','2023-06-06 05:06:38',NULL),('99576c82-a156-439b-9d34-725d7b67f517','Proyecto 1','061010156334',NULL,8.63,525.00,0.00,0.00,0.00,2,1,'99576c82-9c5c-40d5-a7fd-7e827a462d75','interconectados',1,11,8,'bimestral','2023-06-06 05:26:57','2023-06-06 05:26:57',NULL),('995771bc-d221-4294-a403-7c9523113bca','Proyecto 1','060080305004',NULL,14.55,885.17,0.00,0.00,0.00,2,1,'995771bc-c7e0-49c8-9732-923671daa7bd','interconectados',1,11,7,'bimestral','2023-06-06 05:41:34','2023-06-06 05:41:34',NULL),('9957791e-f7e1-4842-94e3-e9c8cf612d85','Proyecto 1','061840200824',NULL,5.84,355.00,0.00,0.00,0.00,2,1,'9957791e-f0fa-4a53-97d8-b799d3744058','interconectados',1,11,1,'bimestral','2023-06-06 06:02:12','2023-06-06 06:02:12',NULL),('99592e90-d863-44d6-b927-8742e9d2939e','Proyecto 1','062170490164',NULL,33.66,2047.67,0.00,0.00,0.00,2,1,'99592e90-c450-4732-8615-acdbc9ffec9e','interconectados',1,11,1,'bimestral','2023-06-07 02:25:23','2023-06-07 02:25:23',NULL),('99593860-f06e-4d0c-ad83-8fa575701c97','Proyecto 5','063170693339',NULL,26.95,1639.33,0.00,0.00,0.00,2,1,'994f5c20-106a-422f-95ee-7644cc56ffdd','interconectados',NULL,11,8,'bimestral','2023-06-07 02:52:50','2023-06-07 02:52:50',NULL),('995955c2-e5bc-43aa-ab03-fcb83eed01f6','Proyecto 3',NULL,NULL,2430.25,147840.00,0.00,0.00,0.00,2,1,'9954a9b6-b7ea-48f8-a995-7fb586075313','interconectados',NULL,11,8,'bimestral','2023-06-07 04:14:59','2023-06-07 04:14:59',NULL),('995969cf-da91-4ac8-850c-8747c6b86bf7','Proyecto 4',NULL,NULL,659.06,40093.00,0.00,0.00,0.00,2,1,'9954a9b6-b7ea-48f8-a995-7fb586075313','interconectados',NULL,11,8,'bimestral','2023-06-07 05:11:03','2023-06-07 05:11:03',NULL),('99596cf0-32bc-49fe-95c9-bb74cb9e31e8','Proyecto 5',NULL,NULL,328.77,20000.00,0.00,0.00,0.00,2,1,'9954a9b6-b7ea-48f8-a995-7fb586075313','interconectados',NULL,11,8,'bimestral','2023-06-07 05:19:48','2023-06-07 05:19:48',NULL),('995af7a9-deb9-48b3-beaf-c3bf9bf9219b','Proyecto 1','0600000000',NULL,26.14,1590.00,0.00,0.00,0.00,2,1,'995af7a9-cd64-45b5-97b5-b74e14110af8','interconectados',1,11,8,'bimestral','2023-06-07 23:43:32','2023-06-07 23:43:32',NULL),('995b0acf-b8ed-4d8e-bdc8-585454793fed','Proyecto 1','061151190340',NULL,50.63,3079.83,0.00,0.00,0.00,2,1,'995b0acf-b041-41fa-99cc-d14854790976','interconectados',1,11,8,'bimestral','2023-06-08 00:37:04','2023-06-08 00:37:04',NULL),('995b1ab7-6221-4935-a46c-3baa29f2b745','Proyecto 1','058150291290',NULL,67.96,4134.17,0.00,0.00,0.00,2,1,'995b1ab7-5c64-4e73-8143-0cabe3b3cd7b','interconectados',1,11,8,'bimestral','2023-06-08 01:21:32','2023-06-08 01:21:32',NULL),('995b1dc1-d909-4037-8e13-7512adfa9ac0','Proyecto 2','058150291290',NULL,67.96,4134.17,0.00,0.00,0.00,2,1,'995b1ab7-5c64-4e73-8143-0cabe3b3cd7b','interconectados',NULL,11,8,'bimestral','2023-06-08 01:30:03','2023-06-08 01:30:03',NULL),('995b978d-4b9a-4f07-b57c-2ca46f07469c','Proyecto 1','061130891798',NULL,156.96,4774.08,65.00,65.00,0.00,2,1,'995b978d-4343-46fb-b5b3-c46a9eed9dc0','interconectados',1,11,10,'mensual','2023-06-08 07:10:36','2023-06-08 07:10:36',NULL),('995cc505-c194-4f9c-9192-2babb1e379d0','Proyecto 3','058150291290',NULL,29.59,1800.00,0.00,0.00,0.00,2,1,'995b1ab7-5c64-4e73-8143-0cabe3b3cd7b','interconectados',NULL,11,8,'bimestral','2023-06-08 21:13:35','2023-06-08 21:13:35',NULL),('995d3188-675c-4bc8-83d8-659321dddc4c','Proyecto 1','058180250288',NULL,184.03,5597.50,80.00,14.42,0.00,2,1,'995d305c-ae31-4147-9138-d74f9c0e341c','interconectados',NULL,11,10,'mensual','2023-06-09 02:17:00','2023-06-09 02:17:00',NULL),('995f680d-db90-4496-a04f-46dcd698dfb5','Proyecto 1','062191155918',NULL,27.11,1649.00,0.00,0.00,0.00,2,1,'995f680d-c3ac-40a8-9648-498d99ddab2d','interconectados',1,11,8,'bimestral','2023-06-10 04:41:06','2023-06-10 04:41:06',NULL),('9964df47-d2e1-4b55-857f-f7b5d2434a2e','Proyecto 1','061160204370',NULL,19.05,579.50,41.00,41.00,0.00,2,1,'9964df47-c5c4-4078-bca5-dd1a0c1d076d','interconectados',1,11,10,'mensual','2023-06-12 21:53:38','2023-06-12 21:53:38',NULL),('99657e06-ed79-4940-849c-a312179c22be','Proyecto 1','058180250440',NULL,21.17,1288.00,0.00,0.00,0.00,2,1,'99657e06-e6d6-4298-8618-e4393e85809c','interconectados',1,11,8,'bimestral','2023-06-13 05:17:31','2023-06-13 05:17:31',NULL),('9966d6a7-0a88-4304-a1ee-ff773f654a70','Proyecto 1','063220451315',NULL,13.82,841.00,0.00,0.00,0.00,2,1,'9966d6a6-ee3a-4560-8067-7726438d43eb','interconectados',1,11,8,'bimestral','2023-06-13 21:21:09','2023-06-13 21:21:09',NULL),('9966dc02-d819-4fa9-b699-88ff9ccdcc5c','Proyecto 2','062191155918',NULL,63.17,3842.83,0.00,0.00,0.00,2,1,'995f680d-c3ac-40a8-9648-498d99ddab2d','interconectados',NULL,11,8,'bimestral','2023-06-13 21:36:08','2023-06-13 21:36:08',NULL),('9966dd39-b8fb-4a33-8859-4f38bcad7c9f','Proyecto 3','062191155918',NULL,75.00,4562.50,0.00,0.00,0.00,2,1,'995f680d-c3ac-40a8-9648-498d99ddab2d','interconectados',NULL,11,8,'bimestral','2023-06-13 21:39:32','2023-06-13 21:39:32',NULL),('99674814-9647-4975-929d-c716197c4d56','Proyecto 1','062210609313',NULL,21.64,1316.50,0.00,0.00,0.00,2,1,'99674814-8c5d-44bf-ae23-dbb8d364f441','interconectados',1,11,8,'bimestral','2023-06-14 02:38:19','2023-06-14 02:38:19',NULL),('99674b05-7cb0-4345-8aef-35f8c26c63bc','Proyecto 1','0632210605845',NULL,43.19,2627.17,0.00,0.00,0.00,2,1,'99674b05-7786-4b23-b45d-8e58eb0be076','interconectados',1,11,8,'bimestral','2023-06-14 02:46:33','2023-06-14 02:46:33',NULL),('9967503f-2e21-4426-be62-7dc170136d9d','Proyecto 1','062120311307',NULL,30.21,1837.67,0.00,0.00,0.00,2,1,'9967503f-27ea-4739-8362-159f709f9d1a','interconectados',1,11,8,'bimestral','2023-06-14 03:01:09','2023-06-14 03:01:09',NULL),('996773dd-889b-469d-99df-963d947194a1','Proyecto 1','062110702740',NULL,92.86,2824.42,0.00,0.00,0.00,2,1,'996773dd-8337-4959-acb6-3407aa8046ee','interconectados',1,11,8,'mensual','2023-06-14 04:40:45','2023-06-14 04:40:45',NULL),('996913d4-0da2-458e-82c0-0078e65324e9','Proyecto 1','061161102996',NULL,13.51,822.00,0.00,0.00,0.00,2,1,'996913d3-fcea-4f62-ab8e-dbdd7cf0d473','interconectados',1,11,1,'bimestral','2023-06-15 00:03:52','2023-06-15 00:03:52',NULL),('996ae1c1-0f1a-44b4-8ba2-ac7dc643ff5a','Proyecto 1','063070411239',NULL,86.79,2639.83,30.00,30.00,0.00,2,1,'996ae1c0-ff4d-45ab-bb14-b110666bcf7c','interconectados',1,11,10,'mensual','2023-06-15 21:35:31','2023-06-15 21:35:31',NULL),('996b8660-4609-4bcf-a574-450c7fba9014','Proyecto 1','0610810087001',NULL,18.28,1112.00,0.00,0.00,0.00,2,1,'996b8660-416e-495d-967d-a3f5203824e0','interconectados',1,11,8,'bimestral','2023-06-16 05:15:50','2023-06-16 05:15:50',NULL),('9972f1b4-3507-4560-965b-c2157363c30a','Proyecto 1','058131193155',NULL,13.64,829.50,0.00,0.00,0.00,2,1,'9972f1b4-293f-412a-bde7-5ba577a373fc','interconectados',1,11,8,'bimestral','2023-06-19 21:46:44','2023-06-19 21:46:44',NULL),('99736e98-c87d-46d1-84d0-54299ef3cdea','Proyecto 1','061121005491',NULL,37.15,2260.17,0.00,0.00,0.00,2,1,'99736e98-bbc8-405e-a94b-0c654554bbdc','interconectados',1,11,8,'bimestral','2023-06-20 03:35:57','2023-06-20 03:35:57',NULL),('99736fdb-24aa-443b-b383-91a06bfc9703','Proyecto 1','061121005491',NULL,46.40,2822.50,0.00,0.00,0.00,2,1,'99736fdb-1f3c-40cd-b931-d022e01e3cb2','interconectados',1,11,8,'bimestral','2023-06-20 03:39:29','2023-06-20 03:39:29',NULL),('997374f9-2863-4603-869e-518efac4ae4f','Proyecto 1','058130392677',NULL,208.76,6349.75,55.00,55.00,0.00,2,1,'997374f9-1f64-45e0-8dfb-462a69d18380','interconectados',1,11,10,'mensual','2023-06-20 03:53:47','2023-06-20 03:53:47',NULL),('99739603-90b0-4dd2-9490-dcb716dd5638','Proyecto 2','058131193155',NULL,36.53,2222.50,0.00,0.00,0.00,2,1,'9972f1b4-293f-412a-bde7-5ba577a373fc','interconectados',NULL,11,8,'bimestral','2023-06-20 05:26:11','2023-06-20 05:26:11',NULL),('9974cba4-d686-40dc-9d52-9467022ffd00','Proyecto 1','931070301460',NULL,29.23,889.17,35.00,35.00,0.00,2,1,'9974cba4-c88a-4ab8-9cf2-fa890ee4a3b1','interconectados',1,24,10,'mensual','2023-06-20 19:51:58','2023-06-20 19:51:58',NULL),('9974e706-3298-4387-a3a2-d27d29355944','Proyecto 2','931070301460',NULL,29.23,889.17,35.00,2.75,0.00,2,1,'9974cba4-c88a-4ab8-9cf2-fa890ee4a3b1','interconectados',NULL,24,10,'mensual','2023-06-20 21:08:31','2023-06-20 21:08:31',NULL),('99758ad2-1ad9-4abf-812f-bd8a5a96e8f6','Proyecto 2','058130392677',NULL,204.51,6220.42,55.00,16.08,0.00,2,1,'997374f9-1f64-45e0-8dfb-462a69d18380','interconectados',NULL,11,10,'mensual','2023-06-21 04:46:32','2023-06-21 04:46:32',NULL),('997594b5-ecb7-40e5-bc3e-fafdeb368c61','Proyecto 2','061121005491',NULL,74.98,4561.00,0.00,0.00,0.00,2,1,'99736fdb-1f3c-40cd-b931-d022e01e3cb2','interconectados',NULL,11,8,'bimestral','2023-06-21 05:14:11','2023-06-21 05:14:11',NULL),('99792c02-988a-407a-ad01-1bddbe1665a5','Proyecto 1','058150590971',NULL,9.06,551.17,0.00,0.00,0.00,2,1,'99792c02-887f-4c11-bdcd-e9561d3ab841','interconectados',1,11,8,'bimestral','2023-06-23 00:04:44','2023-06-23 00:04:44',NULL),('99799625-a94e-4603-a8eb-ca222758a799','Proyecto 2','05815059',NULL,14.86,904.17,0.00,0.00,0.00,2,1,'99792c02-887f-4c11-bdcd-e9561d3ab841','interconectados',NULL,11,8,'bimestral','2023-06-23 05:01:31','2023-06-23 05:01:31',NULL),('997a6dcd-d4e3-491f-8539-89d4b1943716','Proyecto 1','060000011233',NULL,13.15,800.00,0.00,0.00,0.00,2,1,'997a6dcd-c9d3-4ff4-ab59-8e8acc078abc','interconectados',1,11,8,'bimestral','2023-06-23 15:04:32','2023-06-23 15:04:32',NULL),('997ec75a-d404-4730-babd-5c19d7b84955','Proyecto 1','0600000001',NULL,24.66,1500.00,0.00,0.00,0.00,2,1,'997ec75a-b092-43f5-b035-39391236474f','interconectados',1,11,1,'bimestral','2023-06-25 18:58:15','2023-06-25 18:58:15',NULL),('997ec80a-7d91-45ea-8f83-532f4372913a','Proyecto 2','0600001',NULL,16.44,1000.00,0.00,0.00,0.00,2,1,'997ec75a-b092-43f5-b035-39391236474f','interconectados',NULL,11,1,'bimestral','2023-06-25 19:00:10','2023-06-25 19:00:10',NULL),('99834691-0b75-45e7-bb69-decf74e658a8','Proyecto 1','061201150336',NULL,114.63,3486.67,90.00,10.08,0.00,2,1,'99834690-f7ef-4c12-b8f3-f2b1504b8c89','interconectados',1,11,10,'mensual','2023-06-28 00:37:16','2023-06-28 00:37:16',NULL),('9983a0fe-7419-4c52-96c4-076ccaba03c4','Proyecto 1','062171197631',NULL,26.68,1623.00,0.00,0.00,0.00,2,1,'9983a0fe-670e-4988-9613-492a07c0cf12','interconectados',1,11,8,'bimestral','2023-06-28 04:50:07','2023-06-28 04:50:07',NULL),('9984d1b2-d546-4bef-b339-90c0142f30dc','Proyecto 1','062171197631',NULL,26.68,1623.00,0.00,0.00,0.00,2,1,'9984d1b2-c317-4959-a0cb-bdadc02e178a','interconectados',1,11,8,'bimestral','2023-06-28 19:02:08','2023-06-28 19:02:08',NULL),('99890ae1-64f1-4e03-9ec9-794f358fc389','Proyecto 1','061150493683',NULL,16.09,979.00,0.00,0.00,0.00,2,1,'99890ae1-50ea-4a87-8841-9d1331a010dd','interconectados',1,11,8,'bimestral','2023-06-30 21:25:21','2023-06-30 21:25:21',NULL),('9989127a-d458-48f8-a5b7-160e8d8c117a','Proyecto 1','060080903700',NULL,35.06,2132.83,0.00,0.00,0.00,2,1,'9989127a-cde6-4acd-8253-6e5e70dc7c62','interconectados',1,11,8,'bimestral','2023-06-30 21:46:36','2023-06-30 21:46:36',NULL),('998aea76-893a-4649-8018-ed3968f65ad0','Proyecto 1','062150800876',NULL,24.48,1489.33,0.00,0.00,0.00,2,1,'998aea76-7b9e-4c06-aa26-c52a2c7bf67c','interconectados',1,11,1,'bimestral','2023-07-01 19:46:21','2023-07-01 19:46:21',NULL),('998af5d3-b078-4f0f-b090-0995581b39a8','Proyecto 1','0631910541140',NULL,22.54,1371.00,0.00,0.00,0.00,2,1,'998af5d3-ac5b-4997-a0f7-1d8892a5635b','interconectados',1,11,8,'bimestral','2023-07-01 20:18:08','2023-07-01 20:18:08',NULL),('998f5c13-8313-4ef2-a44b-0aa3de61c326','Proyecto 1','062180155118',NULL,6.44,392.00,0.00,0.00,0.00,2,1,'998f5c13-7682-4664-ae29-d65fe5c786d1','interconectados',1,11,1,'bimestral','2023-07-04 00:47:21','2023-07-04 00:47:21',NULL),('998f5d1e-41af-4648-9b56-d23301c4bfb6','Proyecto 1','062180155118',NULL,10.16,618.00,0.00,0.00,0.00,2,1,'998f5d1e-373b-431b-996d-4b0c203ac4e0','interconectados',1,11,1,'bimestral','2023-07-04 00:50:16','2023-07-04 00:50:16',NULL),('99a348f4-3b9d-417f-a38c-b7f3f34e208d','Proyecto 1','061201251183',NULL,50.40,3066.00,0.00,0.00,0.00,2,1,'99a348f4-28bb-4b8e-8cc5-c87d200f2d5e','interconectados',1,11,8,'bimestral','2023-07-13 22:30:26','2023-07-13 22:30:26',NULL),('99a80581-59ed-4a65-a656-df85f9a34987','Proyecto 1','059090503809',NULL,165.31,5028.08,34.00,12.83,0.00,2,1,'99a80581-464b-42f3-9eca-662e63305eb0','interconectados',1,14,10,'mensual','2023-07-16 07:00:59','2023-07-16 07:00:59',NULL),('99a81e56-60fe-496e-93bf-a8ee8a57d342','Proyecto 1','063210306783',NULL,164.37,4999.67,67.00,12.92,0.00,2,1,'99a81e56-316c-4ab4-95bf-bf75837542ba','interconectados',1,11,10,'mensual','2023-07-16 08:10:25','2023-07-16 08:10:25',NULL),('99ad56ac-5ef2-4cd0-ae3e-c008fbe5fd52','Proyecto 1','062050157585',NULL,27.70,1685.00,0.00,0.00,0.00,2,1,'99ad56ac-4c75-481e-bff9-788ca7594136','interconectados',1,11,1,'bimestral','2023-07-18 22:27:05','2023-07-18 22:27:05',NULL),('99b11a7e-88dc-4e6d-98bb-7edb5514ed8b','Proyecto 1','063150201146',NULL,49.32,3000.00,0.00,0.00,0.00,2,1,'99b11a7e-7a33-42ac-8f34-37738429c54a','interconectados',1,11,8,'bimestral','2023-07-20 19:22:07','2023-07-20 19:22:07',NULL),('99b37b03-1791-4796-9b23-3e982098591d','Proyecto 1','062060511905',NULL,47.38,2882.50,0.00,0.00,0.00,2,1,'99b37b03-07cb-48ff-820e-6cb40ec6205d','interconectados',1,11,8,'bimestral','2023-07-21 23:43:39','2023-07-21 23:43:39',NULL),('99b95ea0-1530-48ea-b538-b971250ab36d','Proyecto 1','448210401190',NULL,14.96,909.83,0.00,0.00,0.00,2,1,'99b95ea0-0029-4ef7-ba1a-5a97b82e0fdd','interconectados',1,11,8,'bimestral','2023-07-24 21:59:15','2023-07-24 21:59:15',NULL),('99b97108-9623-4fa6-abdc-179324911ea1','Proyecto 1','4481604026',NULL,14.72,895.33,0.00,0.00,0.00,2,1,'99b97108-6937-4e85-ab57-f070d880482f','interconectados',1,14,8,'bimestral','2023-07-24 22:50:43','2023-07-24 22:50:43',NULL),('99b98f75-1db2-40bb-a98b-809e565f14b1','Proyecto 1','063200550376',NULL,23.42,712.42,0.00,0.00,0.00,2,1,'99b98f75-1577-47b9-aedd-351c79c56c59','interconectados',1,11,8,'mensual','2023-07-25 00:15:48','2023-07-25 00:15:48',NULL),('99b9d0af-d86c-4946-8d7b-130ca44a4d37','Proyecto 1','062170888923',NULL,20.29,1234.33,0.00,0.00,0.00,2,1,'99b9d0af-ce3d-4567-a246-288a75b4d4bc','interconectados',1,11,8,'bimestral','2023-07-25 03:18:11','2023-07-25 03:18:11',NULL),('99bb4501-feb8-49bc-a940-bfcf8b2f8666','Proyecto 2','060080903700',NULL,35.03,2131.00,0.00,0.00,0.00,2,1,'9989127a-cde6-4acd-8253-6e5e70dc7c62','interconectados',NULL,11,8,'bimestral','2023-07-25 20:39:16','2023-07-25 20:39:16',NULL),('99c9c258-496d-4fd2-8128-0376455d2dfc','Proyecto 1','062941154897',NULL,12.50,760.50,0.00,0.00,0.00,2,1,'99c9c258-3fad-4465-85fe-28df780df1c1','interconectados',1,11,1,'bimestral','2023-08-01 19:31:20','2023-08-01 19:31:20',NULL),('99ca0696-8d6d-4315-8dfb-980e28f19951','Proyecto 1','063210707575',NULL,13.82,420.33,0.00,0.00,0.00,2,1,'99ca0696-8a54-4af0-93f1-4ff16b06ab16','interconectados',1,11,8,'mensual','2023-08-01 22:42:09','2023-08-01 22:42:09',NULL);

--
-- Table structure for table `proposal_notes`
--

CREATE TABLE `proposal_notes` (
  `id` int unsigned NOT NULL AUTO_INCREMENT,
  `proposal_id` char(36) COLLATE utf8mb4_unicode_ci NOT NULL,
  `user_id` int unsigned DEFAULT NULL,
  `note` text COLLATE utf8mb4_unicode_ci,
  `crm_process_id` int unsigned NOT NULL,
  `created_at` timestamp NULL DEFAULT NULL,
  `updated_at` timestamp NULL DEFAULT NULL,
  `deleted_at` timestamp NULL DEFAULT NULL,
  PRIMARY KEY (`id`),
  KEY `proposal_notes_proposal_id_foreign` (`proposal_id`),
  KEY `proposal_notes_user_id_foreign` (`user_id`),
  KEY `proposal_notes_crm_process_id_foreign` (`crm_process_id`),
  CONSTRAINT `proposal_notes_crm_process_id_foreign` FOREIGN KEY (`crm_process_id`) REFERENCES `crm_process` (`id`) ON DELETE CASCADE ON UPDATE CASCADE,
  CONSTRAINT `proposal_notes_proposal_id_foreign` FOREIGN KEY (`proposal_id`) REFERENCES `proposals` (`id`) ON DELETE CASCADE ON UPDATE CASCADE,
  CONSTRAINT `proposal_notes_user_id_foreign` FOREIGN KEY (`user_id`) REFERENCES `users` (`id`) ON DELETE CASCADE ON UPDATE CASCADE
) ENGINE=InnoDB DEFAULT CHARSET=utf8mb4 COLLATE=utf8mb4_unicode_ci;

--
-- Dumping data for table `proposal_notes`
--


--
-- Table structure for table `proposal_payments`
--

CREATE TABLE `proposal_payments` (
  `id` int unsigned NOT NULL AUTO_INCREMENT,
  `proposal_id` char(36) COLLATE utf8mb4_unicode_ci NOT NULL,
  `payment_method_id` int unsigned NOT NULL,
  `amount` double(8,3) DEFAULT NULL,
  `currency` varchar(10) COLLATE utf8mb4_unicode_ci DEFAULT NULL,
  `type` tinyint NOT NULL DEFAULT '0',
  `created_at` timestamp NULL DEFAULT NULL,
  `updated_at` timestamp NULL DEFAULT NULL,
  PRIMARY KEY (`id`),
  KEY `proposal_payments_proposal_id_foreign` (`proposal_id`),
  KEY `proposal_payments_payment_method_id_foreign` (`payment_method_id`),
  CONSTRAINT `proposal_payments_payment_method_id_foreign` FOREIGN KEY (`payment_method_id`) REFERENCES `payment_methods` (`id`) ON DELETE CASCADE ON UPDATE CASCADE,
  CONSTRAINT `proposal_payments_proposal_id_foreign` FOREIGN KEY (`proposal_id`) REFERENCES `proposals` (`id`) ON DELETE CASCADE ON UPDATE CASCADE
) ENGINE=InnoDB DEFAULT CHARSET=utf8mb4 COLLATE=utf8mb4_unicode_ci;

--
-- Dumping data for table `proposal_payments`
--


--
-- Table structure for table `proposals`
--

CREATE TABLE `proposals` (
  `id` char(36) COLLATE utf8mb4_unicode_ci NOT NULL,
  `name` varchar(150) COLLATE utf8mb4_unicode_ci DEFAULT NULL,
  `folio` varchar(20) COLLATE utf8mb4_unicode_ci DEFAULT NULL,
  `date` date DEFAULT NULL,
  `due_date` date DEFAULT NULL,
  `notes` text COLLATE utf8mb4_unicode_ci,
  `system_size` double(12,2) DEFAULT NULL,
  `price_per_watt` double(14,4) DEFAULT NULL,
  `return_on_investment` double DEFAULT NULL,
  `system_generation` double(12,2) DEFAULT NULL,
  `energy_saving` double(12,2) DEFAULT NULL,
  `cfes_new_consumption` double(12,2) DEFAULT NULL,
  `new_payment_cfe` double(12,2) DEFAULT NULL,
  `current_payment_cfe` double(12,2) DEFAULT NULL,
  `discount` double(5,2) DEFAULT '0.00',
  `tax_incentive` tinyint(1) DEFAULT '0',
  `tax_incentive_percentage` double(5,2) DEFAULT '30.00',
  `loss_factor` double(5,2) DEFAULT '23.00',
  `break_down_amounts` tinyint(1) DEFAULT '0',
  `currency` varchar(4) COLLATE utf8mb4_unicode_ci DEFAULT 'USD',
  `project_id` char(36) COLLATE utf8mb4_unicode_ci NOT NULL,
  `template_id` int unsigned DEFAULT NULL,
  `status_proposal_id` int unsigned DEFAULT NULL,
  `exchange_rate_mxn` double(8,4) DEFAULT '0.0000',
  `exchange_rate_usd` double(8,4) DEFAULT '0.0000',
  `created_at` timestamp NULL DEFAULT NULL,
  `updated_at` timestamp NULL DEFAULT NULL,
  `deleted_at` timestamp NULL DEFAULT NULL,
  PRIMARY KEY (`id`),
  KEY `proposals_project_id_foreign` (`project_id`),
  KEY `proposals_template_id_foreign` (`template_id`),
  KEY `proposals_status_proposal_id_foreign` (`status_proposal_id`),
  CONSTRAINT `proposals_project_id_foreign` FOREIGN KEY (`project_id`) REFERENCES `projects` (`id`) ON DELETE CASCADE ON UPDATE CASCADE,
  CONSTRAINT `proposals_status_proposal_id_foreign` FOREIGN KEY (`status_proposal_id`) REFERENCES `status_proposals` (`id`) ON DELETE SET NULL ON UPDATE CASCADE,
  CONSTRAINT `proposals_template_id_foreign` FOREIGN KEY (`template_id`) REFERENCES `templates` (`id`) ON DELETE SET NULL ON UPDATE CASCADE
) ENGINE=InnoDB DEFAULT CHARSET=utf8mb4 COLLATE=utf8mb4_unicode_ci;

--
-- Dumping data for table `proposals`
--

INSERT INTO `proposals` VALUES ('1','Propuesta 1','20230001','2023-02-21','2023-03-08',NULL,6.05,NULL,NULL,NULL,107.95,0.00,292.69,7135.00,0.00,0,30.00,23.00,0,'USD','1',1,2,0.0000,0.0000,'2023-02-22 06:08:29','2023-02-28 04:05:08','2023-02-28 04:05:08'),('10','Propuesta 1','20230004','2023-03-01','2023-03-16',NULL,1.65,NULL,NULL,NULL,129.62,0.00,54.43,1051.31,0.00,0,30.00,23.00,0,'USD','10',1,2,0.0000,0.0000,'2023-03-02 05:05:35','2023-03-02 08:46:50','2023-03-02 08:46:50'),('11','Propuesta 1','20230005','2023-03-01','2023-03-16',NULL,2.20,NULL,NULL,NULL,99.74,1.63,76.25,2849.88,0.00,0,30.00,23.00,0,'USD','11',1,2,0.0000,0.0000,'2023-03-02 05:15:57','2023-03-02 05:16:30',NULL),('12','Propuesta 1','20230005','2023-03-01','2023-03-16',NULL,2.20,NULL,NULL,NULL,105.75,0.00,54.43,1867.35,0.00,0,30.00,23.00,0,'USD','12',1,2,0.0000,0.0000,'2023-03-02 08:49:31','2023-03-02 08:50:32',NULL),('13','Propuesta 1','20230006','2023-03-02','2023-03-17',NULL,1.65,NULL,NULL,NULL,118.20,0.00,292.69,1828.93,0.00,0,30.00,23.00,0,'USD','13',1,2,0.0000,0.0000,'2023-03-02 12:50:01','2023-03-02 12:51:55','2023-03-02 12:51:55'),('14','Propuesta 1','20230006','2023-03-03','2023-03-18',NULL,5.50,NULL,NULL,NULL,101.33,0.00,292.69,6911.99,0.00,0,30.00,23.00,0,'USD','14',1,2,0.0000,0.0000,'2023-03-04 05:37:04','2023-03-04 05:41:42',NULL),('15','Propuesta 1','20230007','2023-03-07','2023-03-22',NULL,NULL,NULL,NULL,NULL,NULL,NULL,NULL,NULL,0.00,0,30.00,23.00,0,'USD','15',1,1,0.0000,0.0000,'2023-03-08 05:03:28','2023-03-08 05:03:28',NULL),('16','Propuesta 1','20230008','2023-03-07','2023-03-22',NULL,3.30,NULL,NULL,NULL,103.25,0.00,292.69,4098.27,0.00,0,30.00,23.00,0,'USD','16',1,2,0.0000,0.0000,'2023-03-08 05:04:18','2023-03-08 05:28:32',NULL),('17','Propuesta 1','20230009','2023-03-07','2023-03-22',NULL,3.85,NULL,NULL,NULL,107.44,0.00,292.69,4586.76,0.00,0,30.00,23.00,0,'USD','17',1,2,0.0000,0.0000,'2023-03-08 05:14:59','2023-03-08 05:16:32',NULL),('18','Propuesta 1','202300010','2023-03-07','2023-03-22',NULL,7.15,NULL,NULL,NULL,102.84,0.00,292.69,8834.56,0.00,0,30.00,23.00,0,'USD','18',1,2,0.0000,0.0000,'2023-03-08 05:22:29','2023-03-08 05:23:36',NULL),('19','Propuesta 1','20230011','2023-03-09','2023-03-24',NULL,NULL,NULL,NULL,NULL,NULL,NULL,NULL,NULL,0.00,0,30.00,23.00,0,'USD','19',1,1,0.0000,0.0000,'2023-03-10 03:36:41','2023-03-10 03:38:13','2023-03-10 03:38:13'),('2','Propuesta 1','20230002','2023-02-23','2023-03-10',NULL,3.30,NULL,NULL,NULL,110.19,0.00,292.69,3844.57,0.00,0,30.00,23.00,0,'USD','2',1,2,0.0000,0.0000,'2023-02-24 09:13:32','2023-02-28 03:43:39',NULL),('21','Propuesta 1','20230012','2023-03-14','2023-03-29',NULL,NULL,NULL,NULL,NULL,NULL,NULL,NULL,NULL,0.00,0,30.00,23.00,0,'USD','21',1,1,0.0000,0.0000,'2023-03-14 16:20:28','2023-03-14 16:23:25','2023-03-14 16:23:25'),('23','Propuesta 1','20230013','2023-03-15','2023-03-30',NULL,6.05,NULL,NULL,NULL,107.19,0.00,292.69,7184.93,0.00,0,30.00,23.00,0,'USD','23',1,2,0.0000,0.0000,'2023-03-16 10:21:00','2023-03-18 03:51:22','2023-03-18 03:51:22'),('24','Propuesta 1','20230014','2023-03-15','2023-03-30',NULL,6.05,NULL,NULL,NULL,107.35,0.00,292.69,7174.51,0.00,0,30.00,23.00,0,'USD','24',1,2,0.0000,0.0000,'2023-03-16 10:41:21','2023-03-16 10:42:13',NULL),('25','Propuesta 1','20230015','2023-03-15','2023-03-30',NULL,14.85,NULL,NULL,NULL,99.38,26.03,185.43,18907.48,0.00,0,30.00,23.00,0,'USD','25',1,2,0.0000,0.0000,'2023-03-16 10:45:46','2023-03-17 03:18:46','2023-03-17 03:18:46'),('26','Propuesta 1','20230016','2023-03-15','2023-03-30',NULL,14.85,NULL,NULL,NULL,101.22,0.00,292.69,18565.89,0.00,0,30.00,23.00,0,'USD','26',1,2,0.0000,0.0000,'2023-03-16 10:51:06','2023-03-16 10:51:55',NULL),('27','Propuesta 1','20230016','2023-03-16','2023-03-31',NULL,3.85,NULL,NULL,NULL,111.49,0.00,292.69,4422.67,0.00,0,30.00,23.00,0,'USD','27',1,2,0.0000,0.0000,'2023-03-17 03:37:22','2023-03-17 03:40:02',NULL),('28','Propuesta 1','20230017','2023-03-16','2023-03-31',NULL,40.15,NULL,NULL,NULL,98.82,67.67,562.28,18148.52,0.00,0,30.00,23.00,0,'MXN','28',1,2,0.0000,0.0000,'2023-03-17 04:36:54','2023-03-17 08:45:05',NULL),('29','Propuesta 1','20230018','2023-03-17','2023-04-01',NULL,NULL,NULL,NULL,NULL,NULL,NULL,NULL,NULL,0.00,0,30.00,23.00,0,'USD','29',1,1,0.0000,0.0000,'2023-03-18 03:40:09','2023-03-18 03:51:10','2023-03-18 03:51:10'),('3','Propuesta 1','20230003','2023-02-23','2023-03-10','60 Meses de Garantía en Mano de Obra \nIncluye Trámite de Interconexión ante CFE',3.30,NULL,NULL,NULL,108.56,0.00,292.69,3901.39,0.00,0,30.00,23.00,1,'USD','3',1,2,0.0000,0.0000,'2023-02-24 09:17:59','2023-02-24 09:35:16','2023-02-24 09:35:16'),('30','Propuesta 1','20230017','2023-03-17','2023-04-01',NULL,5.50,NULL,NULL,NULL,99.99,0.15,69.63,7003.72,0.00,0,30.00,23.00,0,'MXN','30',1,2,0.0000,0.0000,'2023-03-18 03:54:10','2023-03-18 21:53:31',NULL),('31','Propuesta 1','20230018','2023-03-28','2023-04-12',NULL,2.20,NULL,NULL,NULL,110.04,0.00,54.43,1842.59,0.00,0,30.00,23.00,0,'MXN','31',1,2,0.0000,0.0000,'2023-03-29 02:46:52','2023-03-29 02:47:56',NULL),('32','Propuesta 1','20230019','2023-03-29','2023-04-13',NULL,NULL,NULL,NULL,NULL,NULL,NULL,NULL,NULL,0.00,0,30.00,23.00,0,'USD','32',1,1,0.0000,0.0000,'2023-03-30 00:06:07','2023-03-30 00:19:13','2023-03-30 00:19:13'),('33','Propuesta 1','20230020','2023-03-29','2023-04-13',NULL,NULL,NULL,NULL,NULL,NULL,NULL,NULL,NULL,0.00,0,30.00,23.00,0,'USD','33',1,1,0.0000,0.0000,'2023-03-30 00:18:42','2023-03-30 00:19:08','2023-03-30 00:19:08'),('34','Propuesta 1','20230019','2023-03-29','2023-04-13',NULL,NULL,NULL,NULL,NULL,NULL,NULL,NULL,NULL,0.00,0,30.00,23.00,0,'USD','34',1,1,0.0000,0.0000,'2023-03-30 00:21:37','2023-03-30 00:21:51','2023-03-30 00:21:51'),('35','Propuesta 1','20230019','2023-03-29','2023-04-13',NULL,NULL,NULL,NULL,NULL,NULL,NULL,NULL,NULL,0.00,0,30.00,23.00,0,'USD','35',1,1,0.0000,0.0000,'2023-03-30 00:25:02','2023-03-30 00:27:30','2023-03-30 00:27:30'),('36','Propuesta 1','20230020','2023-03-29','2023-04-13',NULL,NULL,NULL,NULL,NULL,NULL,NULL,NULL,NULL,0.00,0,30.00,23.00,0,'USD','36',1,1,0.0000,0.0000,'2023-03-30 00:27:12','2023-03-30 00:27:26','2023-03-30 00:27:26'),('37','Propuesta 1','20230019','2023-03-29','2023-04-13',NULL,NULL,NULL,NULL,NULL,NULL,NULL,NULL,NULL,0.00,0,30.00,23.00,0,'USD','37',1,1,0.0000,0.0000,'2023-03-30 00:30:45','2023-03-30 02:38:27','2023-03-30 02:38:27'),('38','Propuesta 1','20230020','2023-03-29','2023-04-13',NULL,NULL,NULL,NULL,NULL,NULL,NULL,NULL,NULL,0.00,0,30.00,23.00,0,'USD','38',1,1,0.0000,0.0000,'2023-03-30 00:32:56','2023-03-30 02:38:33','2023-03-30 02:38:33'),('39','Propuesta 1','20230021','2023-03-29','2023-04-13',NULL,NULL,NULL,NULL,NULL,NULL,NULL,NULL,NULL,0.00,0,30.00,23.00,0,'USD','39',1,1,0.0000,0.0000,'2023-03-30 00:35:05','2023-03-30 02:38:22','2023-03-30 02:38:22'),('3f10c5a2-e144-42e5-821e-3c1d0a6f2222','Propuesta 1','20230012','2023-03-14','2023-03-29',NULL,7.15,NULL,NULL,NULL,104.80,0.00,292.69,8670.48,0.00,0,30.00,23.00,0,'USD','22',1,2,0.0000,0.0000,'2023-03-14 16:26:31','2023-03-14 16:29:39',NULL),('4','Propuesta 1','20230003','2023-02-27','2023-03-14',NULL,8.25,NULL,NULL,NULL,128.29,0.00,292.69,4392.83,0.00,0,30.00,23.00,1,'USD','4',1,2,0.0000,0.0000,'2023-02-28 03:49:45','2023-02-28 04:05:26','2023-02-28 04:05:26'),('40','Propuesta 1','20230022','2023-03-29','2023-04-13',NULL,NULL,NULL,NULL,NULL,NULL,NULL,NULL,NULL,0.00,0,30.00,23.00,0,'USD','40',1,1,0.0000,0.0000,'2023-03-30 01:59:05','2023-03-30 02:38:17','2023-03-30 02:38:17'),('41','Propuesta 1','20230023','2023-03-29','2023-04-13',NULL,11.10,NULL,NULL,NULL,116.62,0.00,292.69,12068.88,15.20,0,30.00,23.00,0,'MXN','41',1,2,0.0000,0.0000,'2023-03-30 02:10:53','2023-03-30 02:23:48',NULL),('42','Propuesta 1','20230020','2023-03-29','2023-04-13',NULL,NULL,NULL,NULL,NULL,NULL,NULL,NULL,NULL,0.00,0,30.00,23.00,0,'USD','42',1,1,0.0000,0.0000,'2023-03-30 02:41:37','2023-03-31 03:21:41','2023-03-31 03:21:41'),('43','Propuesta 1','20230021','2023-03-29','2023-04-13',NULL,3.30,NULL,NULL,NULL,103.31,0.00,54.43,3144.27,0.00,0,30.00,23.00,0,'MXN','43',1,2,0.0000,0.0000,'2023-03-30 02:46:10','2023-03-30 02:47:29',NULL),('44','Propuesta 1','20230021','2023-03-30','2023-04-14',NULL,6.05,NULL,NULL,NULL,105.86,0.00,292.69,7274.42,0.00,0,30.00,23.00,0,'MXN','44',1,2,0.0000,0.0000,'2023-03-31 03:23:41','2023-03-31 03:24:35',NULL),('45','Propuesta 1','20230022','2023-03-30','2023-04-14',NULL,5.50,NULL,NULL,NULL,103.31,0.00,292.69,6780.75,0.00,0,30.00,23.00,0,'MXN','45',1,2,0.0000,0.0000,'2023-03-31 03:29:08','2023-03-31 03:30:28',NULL),('46','Propuesta 1','20230023','2023-03-30','2023-04-14',NULL,NULL,NULL,NULL,NULL,NULL,NULL,NULL,NULL,0.00,0,30.00,23.00,0,'USD','46',1,1,0.0000,0.0000,'2023-03-31 03:37:32','2023-03-31 03:37:32',NULL),('47','Propuesta 1','20230024','2023-03-30','2023-04-14',NULL,4.40,NULL,NULL,NULL,103.31,0.00,292.69,5438.39,0.00,0,30.00,23.00,1,'MXN','47',1,2,0.0000,0.0000,'2023-03-31 03:39:07','2023-04-20 11:11:47',NULL),('48','Propuesta 1','20230025','2023-03-30','2023-04-14',NULL,4.44,NULL,NULL,NULL,104.25,0.00,292.69,5438.39,0.00,0,30.00,23.00,0,'MXN','48',1,2,0.0000,0.0000,'2023-03-31 03:44:29','2023-03-31 03:45:29',NULL),('5','Propuesta 1','20230002','2023-02-27','2023-03-14',NULL,3.85,NULL,NULL,NULL,112.45,0.00,292.69,4385.40,0.00,0,30.00,23.00,0,'USD','5',1,2,0.0000,0.0000,'2023-02-28 04:07:39','2023-02-28 04:12:24','2023-02-28 04:12:24'),('50','Propuesta 1','20230027','2023-04-14','2023-04-29',NULL,3.88,NULL,NULL,NULL,111.98,0.00,292.69,4442.81,0.00,0,30.00,23.00,0,'MXN','50',1,2,0.0000,0.0000,'2023-04-15 05:28:22','2023-04-15 05:31:57',NULL),('51','Propuesta 1','20230028','2023-04-14','2023-04-29',NULL,3.88,NULL,NULL,NULL,99.56,4.86,90.71,4988.70,0.00,0,30.00,23.00,0,'MXN','51',1,2,0.0000,0.0000,'2023-04-15 05:38:03','2023-04-15 05:39:53',NULL),('52','Propuesta 1','20230029','2023-04-14','2023-04-29',NULL,5.00,NULL,NULL,NULL,109.30,0.00,292.69,5830.67,3.00,0,30.00,23.00,0,'MXN','52',1,2,0.0000,0.0000,'2023-04-15 05:44:52','2023-04-15 05:50:08',NULL),('53','Propuesta 1','20230030','2023-04-19','2023-05-04',NULL,4.56,NULL,NULL,NULL,107.07,0.00,54.43,4304.17,0.00,0,30.00,23.00,0,'MXN','53',1,2,0.0000,0.0000,'2023-04-20 10:58:26','2023-04-20 10:59:58',NULL),('54','Propuesta 1','20230031','2023-04-21','2023-05-06',NULL,2.20,NULL,NULL,NULL,127.37,0.00,54.43,1546.20,0.00,0,30.00,23.00,0,'MXN','54',1,2,0.0000,0.0000,'2023-04-22 03:08:03','2023-04-22 03:09:16',NULL),('55','Propuesta 1','20230032','2023-04-24','2023-05-09',NULL,16.50,NULL,NULL,NULL,99.32,31.63,54.43,17761.62,0.00,0,30.00,23.00,0,'MXN','55',1,2,0.0000,0.0000,'2023-04-25 07:11:05','2023-04-25 07:15:12','2023-04-25 07:15:12'),('56','Propuesta 1','20230032','2023-04-24','2023-05-09',NULL,NULL,NULL,NULL,NULL,NULL,NULL,NULL,NULL,0.00,0,30.00,23.00,0,'USD','56',1,1,0.0000,0.0000,'2023-04-25 07:18:16','2023-04-25 07:20:00','2023-04-25 07:20:00'),('57','Propuesta 1','20230032','2023-04-24','2023-05-09',NULL,3.30,NULL,NULL,NULL,103.47,0.00,54.43,3139.13,0.00,0,30.00,23.00,0,'MXN','57',1,2,0.0000,0.0000,'2023-04-25 07:22:38','2023-04-25 07:23:34',NULL),('58','Propuesta 1','20230033','2023-04-25','2023-05-10',NULL,2.20,NULL,NULL,NULL,119.13,0.00,292.69,2397.19,0.00,0,30.00,23.00,0,'MXN','58',1,2,0.0000,0.0000,'2023-04-26 04:47:03','2023-04-26 04:48:26',NULL),('59','Propuesta 1','20230034','2023-04-25','2023-05-10',NULL,6.60,NULL,NULL,NULL,102.63,0.00,292.69,8176.80,0.00,0,30.00,23.00,0,'MXN','59',1,2,0.0000,0.0000,'2023-04-26 05:00:24','2023-04-26 05:01:08',NULL),('6','Propuesta 1','20230002','2023-02-27','2023-03-14',NULL,4.95,NULL,NULL,NULL,99.06,13.29,128.43,6369.09,0.00,0,30.00,23.00,0,'USD','6',1,2,0.0000,0.0000,'2023-02-28 04:16:35','2023-02-28 04:17:24',NULL),('60','Propuesta 1','20230035','2023-04-26','2023-05-11',NULL,2.75,NULL,NULL,NULL,110.69,0.00,292.69,3201.13,0.00,0,30.00,23.00,0,'MXN','60',1,2,0.0000,0.0000,'2023-04-27 07:18:39','2023-04-27 07:19:30',NULL),('7','Propuesta 1','20230003','2023-02-27','2023-03-14',NULL,7.15,NULL,NULL,NULL,103.17,0.00,292.69,8806.23,0.00,0,30.00,23.00,0,'USD','7',1,2,0.0000,0.0000,'2023-02-28 04:53:30','2023-02-28 05:01:37','2023-02-28 05:01:37'),('8','Propuesta 1','20230003','2023-02-27','2023-03-14',NULL,NULL,NULL,NULL,NULL,NULL,NULL,NULL,NULL,0.00,0,30.00,23.00,0,'USD','8',1,1,0.0000,0.0000,'2023-02-28 05:05:53','2023-03-02 05:00:07','2023-03-02 05:00:07'),('9','Propuesta 1','20230004','2023-02-27','2023-03-14',NULL,7.15,NULL,NULL,NULL,101.99,0.00,292.69,8907.63,0.00,0,30.00,23.00,0,'USD','9',1,2,0.0000,0.0000,'2023-02-28 05:06:52','2023-02-28 05:09:32',NULL),('9908f99d-8374-40cf-8d46-268df21874af','Propuesta 1','20230036','2023-04-27','2023-05-12',NULL,6.27,NULL,NULL,NULL,100.95,0.00,54.43,6430.66,0.00,0,30.00,23.00,0,'MXN','9908f99d-406c-4cb8-80bf-f0d84b160a8a',2,2,0.0000,0.0000,'2023-04-28 05:31:06','2023-05-05 00:46:59','2023-05-05 00:46:59'),('990a8980-b8e4-436e-9d16-10195f55c025','Propuesta 1','20230037','2023-04-28','2023-05-13',NULL,9.12,NULL,NULL,NULL,101.73,0.00,68.96,11371.61,0.00,0,30.00,23.00,0,'MXN','990a8980-9d47-4f52-88bd-4ae1302d73a5',2,7,0.0000,0.0000,'2023-04-29 00:09:16','2023-05-11 08:56:03',NULL),('990a9601-9969-4f66-85b1-0140251cecb7','Propuesta 1','20230038','2023-04-28','2023-05-13',NULL,9.35,NULL,NULL,NULL,104.29,0.00,68.96,11371.61,0.00,0,30.00,23.00,0,'MXN','990a9601-7ec9-4622-b0c7-4d328767190f',2,2,0.0000,0.0000,'2023-04-29 00:44:14','2023-05-18 04:26:35','2023-05-18 04:26:35'),('990a9f3c-a37a-49f4-b8e2-c7343fb74fb4','Propuesta 1','20230039','2023-04-28','2023-05-13',NULL,4.95,NULL,NULL,NULL,99.98,0.29,70.26,6310.92,0.00,0,30.00,23.00,0,'MXN','990a9f3c-7649-47e0-8f0e-1f62e0ec7542',2,2,0.0000,0.0000,'2023-04-29 01:10:02','2023-05-03 23:54:25',NULL),('9914b16a-fc69-45be-b8c5-7ba880951f09','Propuesta 1','20230040','2023-05-03','2023-05-18',NULL,4.56,NULL,NULL,NULL,116.15,0.00,68.96,5018.55,0.00,0,30.00,23.00,0,'MXN','9914b16a-e174-4106-a242-4a4b298f84a4',2,7,0.0000,0.0000,'2023-05-04 01:19:09','2023-05-20 12:48:42',NULL),('9916a7d1-1cc4-4be1-a8f0-7bc848a16951','Propuesta 1','20230041','2023-05-04','2023-05-19',NULL,11.40,NULL,NULL,NULL,102.43,0.00,68.96,14101.07,0.00,0,30.00,23.00,0,'MXN','9916a7d0-f96e-487e-b943-ba6bde59c672',2,2,0.0000,0.0000,'2023-05-05 00:43:58','2023-05-05 00:58:59',NULL),('99177b7e-dbc8-4dfa-954f-435edb444b9e','Propuesta 1','20230001','2023-05-04','2023-05-19',NULL,8.80,NULL,NULL,NULL,99.95,1.20,74.33,11480.48,0.00,1,30.00,23.00,1,'MXN','99177b7e-c998-44c2-9c1d-91cd47498a85',1,2,17.3564,0.0000,'2023-05-05 10:35:52','2023-06-08 21:37:01',NULL),('991a5217-92ae-4fb0-a415-640de134f281','Propuesta 1','20230002','2023-05-06','2023-05-21',NULL,9.12,NULL,NULL,NULL,117.50,0.00,145.25,8682.22,10.00,0,30.00,23.00,0,'MXN','991a5217-73e0-4a4e-9712-bd9b7fce819c',1,2,0.0000,0.0000,'2023-05-06 20:27:34','2023-05-12 15:45:01',NULL),('991eb111-4f69-4c76-a177-d46f9c552211','Propuesta 1','20230041','2023-05-08','2023-05-23',NULL,17.10,NULL,NULL,NULL,105.64,0.00,54.43,17298.93,0.00,0,30.00,23.00,0,'MXN','991eb111-374d-487b-a10c-072461e65dfb',2,2,0.0000,0.0000,'2023-05-09 00:36:27','2023-05-16 06:48:02',NULL),('9922ff20-95ac-4ad7-8335-618c0b1d5786','Propuesta 1','20230042','2023-05-10','2023-05-25',NULL,3.42,NULL,NULL,NULL,113.82,0.00,68.96,3714.94,0.00,0,30.00,23.00,0,'MXN','9922ff20-7757-4a4f-94aa-9edfb754202a',2,7,17.3013,0.0000,'2023-05-11 09:58:02','2023-06-13 02:30:50',NULL),('9926686b-38b1-4734-a59c-b4f8cba638a2','Propuesta 1','20230043','2023-05-12','2023-05-27',NULL,2.20,NULL,NULL,NULL,119.21,0.00,68.96,2395.71,0.00,0,30.00,23.00,0,'MXN','9926686b-2608-4b0b-9bca-9d7b09f33f6f',2,7,0.0000,0.0000,'2023-05-13 02:39:56','2023-05-20 12:52:45',NULL),('992cc60e-47c5-484a-9307-4e5302fb1900','Propuesta 1','20230044','2023-05-15','2023-05-30',NULL,2.28,NULL,NULL,NULL,109.86,0.00,68.96,2685.44,0.00,0,30.00,23.00,0,'MXN','992cc60e-2e67-4bcd-a074-0bf52441d02c',2,2,0.0000,0.0000,'2023-05-16 06:36:44','2023-05-17 03:51:12',NULL),('992e9123-c964-49ba-aaa0-772314e83d2f','Propuesta 1','20230026','2023-04-10','2023-04-25',NULL,10.26,NULL,NULL,NULL,105.89,0.00,54.43,10219.67,14.70,0,30.00,23.00,0,'MXN','49',2,2,0.0000,0.0000,'2023-04-11 08:22:58','2023-05-17 04:06:30',NULL),('992ebb1e-f3c4-4cb2-a25e-0a449edcc5d6','Propuesta 1','20230045','2023-05-16','2023-05-31',NULL,3.42,NULL,NULL,NULL,117.68,0.00,54.43,2830.44,10.00,0,30.00,23.00,0,'MXN','992ebb1e-deb0-4994-b35b-d74c9765e4f7',2,1,0.0000,0.0000,'2023-05-17 05:57:49','2023-05-17 06:01:11',NULL),('99308943-1ff9-484d-a8fc-79215648b619','Propuesta 1','20230003','2023-05-17','2023-06-01',NULL,11.40,NULL,NULL,NULL,156.01,0.00,68.96,9540.06,0.00,0,30.00,23.00,0,'MXN','99308942-f774-4a3b-88b4-4f070bb6a430',1,2,17.5651,0.0000,'2023-05-18 03:30:03','2023-06-03 07:21:26',NULL),('99354184-b962-4d58-8f94-d87f6c6d1535','Propuesta 1','20230045','2023-05-19','2023-06-03',NULL,7.98,NULL,NULL,NULL,103.26,0.00,68.96,9812.24,0.00,0,30.00,23.00,0,'MXN','99354184-a3a3-4803-86f4-84096c41c0c8',2,2,0.0000,0.0000,'2023-05-20 11:48:35','2023-05-20 11:50:27',NULL),('99355e20-78fc-41ce-8fb8-7c09109ece09','Propuesta 1','20230046','2023-05-19','2023-06-03',NULL,6.84,NULL,NULL,NULL,103.04,0.00,84.65,8718.72,0.00,0,30.00,23.00,0,'MXN','99355e20-6a1a-4892-8d73-d9f2cd7a6739',2,2,0.0000,0.0000,'2023-05-20 13:08:35','2023-05-20 13:13:22',NULL),('993cf091-487b-4ba0-b820-8c0a9848c6d5','Propuesta 1','20230047','2023-05-23','2023-06-07',NULL,6.05,NULL,NULL,NULL,107.19,0.00,68.96,7184.93,0.00,0,30.00,23.00,0,'MXN','993cf091-378b-4e38-860a-e84e81b8e3e9',2,1,0.0000,0.0000,'2023-05-24 07:28:51','2023-05-24 07:34:14',NULL),('9940cf98-950e-47ca-b9f4-abaf8dad1317','Propuesta 1','20230048','2023-05-25','2023-06-09',NULL,6.84,NULL,NULL,NULL,227.40,0.00,68.96,3861.12,0.00,0,30.00,23.00,0,'MXN','9940cf98-7c06-425c-9772-1075082eeb03',2,2,0.0000,0.0000,'2023-05-26 05:39:58','2023-05-27 04:51:37',NULL),('9941020f-5e27-423e-8960-0b465fb3f841','Propuesta 1','20230049','2023-05-25','2023-06-09',NULL,5.13,NULL,NULL,NULL,107.07,0.00,68.96,6109.57,11.00,0,30.00,23.00,0,'MXN','9941020f-3bc7-45b8-ba12-f0877e4bd2ff',1,1,0.0000,0.0000,'2023-05-26 08:01:04','2023-05-26 08:10:59',NULL),('99410955-0122-49ec-a994-290335dc0d6a','Propuesta 1','20230050','2023-05-25','2023-06-09',NULL,0.57,NULL,NULL,NULL,253.41,0.00,68.96,341.91,0.00,0,30.00,23.00,0,'USD','99410954-56b2-4199-938e-68a6c5f434e6',2,1,17.6852,0.0000,'2023-05-26 08:21:24','2023-06-01 08:53:30',NULL),('99412420-21ff-4bc9-aa8e-ec12ed6ba108','Propuesta 1','20230051','2023-05-25','2023-06-09',NULL,NULL,NULL,NULL,NULL,NULL,NULL,NULL,NULL,0.00,0,30.00,23.00,0,'USD','99412420-0e97-45ed-9162-fb8750056008',1,1,0.0000,0.0000,'2023-05-26 09:36:20','2023-05-26 09:37:26','2023-05-26 09:37:26'),('99412682-e4b2-4e6d-8a2d-21619c5f483f','Propuesta 1','20230051','2023-05-25','2023-06-09','-Arrendamiento a 3 años con mensualidades de $6,500.00\n-Adquisición de los módulos solares en el mes 37 a $170,000.00',7.98,NULL,NULL,NULL,103.46,0.00,68.96,9793.58,0.00,0,30.00,23.00,0,'MXN','99412682-89e2-45d0-8e05-76c18db7574d',2,2,0.0000,0.0000,'2023-05-26 09:43:00','2023-05-30 13:01:53',NULL),('9942b977-4ad2-443b-b308-b43cafd6df63','Propuesta 1','20230052','2023-05-26','2023-06-10',NULL,2.28,NULL,NULL,NULL,36.50,1075.68,4882.12,7648.81,0.00,0,30.00,23.00,0,'MXN','9942b977-2485-4117-83b9-6533612bfdbc',2,1,0.0000,0.0000,'2023-05-27 04:29:44','2023-06-01 21:36:43',NULL),('994348af-8cc5-479f-a64c-2f2acaaeea55','Propuesta 1','20230053','2023-05-26','2023-06-10',NULL,4.56,NULL,NULL,NULL,117.25,0.00,68.96,4972.28,0.00,0,30.00,23.00,0,'MXN','994348af-7019-4241-a444-3ff008ba2b1e',2,2,0.0000,0.0000,'2023-05-27 11:10:13','2023-05-27 11:11:51',NULL),('99435592-7b94-4a3a-a4c9-cd97653373b3','Propuesta 1','20230054','2023-05-26','2023-06-10',NULL,5.70,NULL,NULL,NULL,111.73,0.00,68.96,6259.47,0.00,0,30.00,23.00,0,'MXN','99435592-67d9-4f81-a25c-3316b4a1d9f9',2,2,17.5000,0.0000,'2023-05-27 11:46:15','2023-08-02 19:13:08',NULL),('994b1680-140c-4f1a-a43c-dc916abbcac6','Propuesta 1','20230055','2023-05-30','2023-06-14',NULL,2.28,NULL,NULL,NULL,72.77,231.35,1104.14,3870.83,0.00,1,30.00,23.00,0,'MXN','994b167f-e134-499e-a6dc-e304d7d778bd',2,2,17.6852,0.0000,'2023-05-31 08:16:30','2023-06-02 05:06:04',NULL),('994cdd81-266c-452c-8a1c-82561ab0ce46','Propuesta 1','20230056','2023-05-31','2023-06-15',NULL,7.98,NULL,NULL,NULL,103.85,0.00,68.96,9393.87,0.00,0,30.00,23.00,0,'MXN','994cdd81-0286-4176-84fd-ff27d235b7aa',1,2,17.7418,0.0000,'2023-06-01 05:28:47','2023-06-01 21:15:16',NULL),('994f5c20-312c-417d-90d9-d13587a4d8bf','Propuesta 1','20230057','2023-06-01','2023-06-16',NULL,4.56,NULL,NULL,NULL,119.81,0.00,68.96,4687.43,5.00,1,30.00,23.00,0,'MXN','994f5c20-1cac-44ec-8d10-8e709d4cd58d',2,1,17.6852,0.0565,'2023-06-02 05:14:30','2023-06-02 05:35:17',NULL),('99518e8f-d08e-404d-b818-1ed2f30d2cb9','Propuesta 1','20230004','2023-06-02','2023-06-17',NULL,NULL,NULL,NULL,NULL,NULL,NULL,NULL,NULL,0.00,0,30.00,23.00,0,'USD','99518e8f-b414-4feb-a847-10139fabc99c',1,1,17.5651,0.0569,'2023-06-03 07:27:11','2023-06-03 07:27:11',NULL),('99518fda-8d42-40dd-8582-91608de9dd1d','Propuesta 1','20230005','2023-06-02','2023-06-17',NULL,11.40,NULL,NULL,NULL,97.93,65.39,361.55,14195.04,0.00,0,30.00,23.00,0,'MXN','99518fda-7868-4c09-88de-4fec6f286b81',1,1,17.5651,0.0569,'2023-06-03 07:30:48','2023-06-03 07:36:49',NULL),('9954a9b6-e717-4580-a784-43f2a094a783','Propuesta 1','20230058','2023-06-04','2023-06-19',NULL,215.60,NULL,NULL,NULL,1169.39,0.00,68.96,22441.59,0.00,0,30.00,23.00,0,'MXN','9954a9b6-c8e3-4aa6-a541-46421ab5aea4',1,2,17.5428,0.0570,'2023-06-04 20:30:36','2023-06-07 03:44:43',NULL),('9954ab9c-2cc8-4219-ac6a-04ecdee2041f','Propuesta 1','20230059','2023-06-04','2023-06-19',NULL,216.03,NULL,NULL,NULL,100.20,0.00,68.96,261690.02,0.00,0,30.00,23.00,0,'MXN','9954ab9c-1471-4ea7-a931-868a84821fef',2,2,17.5428,0.0570,'2023-06-04 20:35:54','2023-06-07 03:38:10','2023-06-07 03:38:10'),('9956cfa5-5658-43cd-9b0a-609eda1d47d3','Propuesta 1','20230060','2023-06-05','2023-06-20',NULL,NULL,NULL,NULL,NULL,NULL,NULL,NULL,NULL,0.00,0,30.00,23.00,0,'USD','9956cfa5-2754-4658-aa78-64ffad1a70d6',1,1,17.5591,0.0570,'2023-06-05 22:08:19','2023-06-05 22:08:19',NULL),('9956d03c-d38e-4c85-ac21-84b38a7643c2','Propuesta 1','20230061','2023-06-05','2023-06-20',NULL,NULL,NULL,NULL,NULL,NULL,NULL,NULL,NULL,0.00,0,30.00,23.00,0,'USD','9956d03c-b5b1-4d3c-8901-6fc6f25776b4',1,1,17.5591,0.0570,'2023-06-05 22:09:58','2023-06-05 22:09:58',NULL),('9956d0f9-d6b7-4651-80e0-1e561ba3922f','Propuesta 1','20230062','2023-06-05','2023-06-20',NULL,18.24,NULL,NULL,NULL,724.24,0.00,68.96,3125.06,0.00,0,30.00,23.00,0,'MXN','9956d0f9-c1e7-4dfb-9bca-64e72eef5e1a',2,2,17.5591,0.0570,'2023-06-05 22:12:02','2023-06-06 05:58:34',NULL),('9956fbba-b0d5-4d85-b447-e676065c94e4','Propuesta 1','20230063','2023-06-05','2023-06-20',NULL,2.28,NULL,NULL,NULL,98.72,8.01,54.43,2086.17,0.00,1,30.00,23.00,0,'MXN','9956fbba-9a40-4984-bf28-580851908bcd',2,1,17.5591,0.0570,'2023-06-06 00:11:35','2023-06-06 00:15:25',NULL),('99572f0f-89b9-458a-8958-9e68c0ceac07','Propuesta 1','20230064','2023-06-05','2023-06-20','*Incluye Mantenimiento Preventivo y Limpieza de los Módulos Anualmente por 3 años*\n*Incluye por escrito Garantía de Mano de Obra en la instalación (sin costo al cliente )                  por 10 años.*',6.84,NULL,NULL,NULL,102.22,0.00,68.96,8188.75,10.00,0,30.00,23.00,0,'MXN','99572f0f-65b8-4f8a-8ae7-ccb24675e5e5',2,1,17.5591,0.0570,'2023-06-06 02:35:07','2023-06-06 05:02:46','2023-06-06 05:02:46'),('9957653e-b013-45df-8ad4-50f30cf6b1bc','Propuesta 1','20230064','2023-06-05','2023-06-20','*Incluye 1 años de Limpieza Profesional y Mantenimiento de los Módulos*\n*Incluye 5 años de Garantía Extendida en Mano de Obra en La Instalación (sin ningún costo al cliente)*',5.13,NULL,NULL,NULL,108.01,0.00,68.96,5832.15,13.00,0,30.00,23.00,0,'MXN','9957653e-96c9-4d0b-90f5-65b35d97e8a6',2,1,17.5591,0.0570,'2023-06-06 05:06:38','2023-06-06 21:10:59',NULL),('99576c82-d20d-421f-b771-2aa2df883aa7','Propuesta 1','20230065','2023-06-05','2023-06-20','* Incluye 1 año de Limpieza Profesional y Mantenimiento de los Módulos*\n*Incluye 5 años de Garantía Extendida en Mano de Obra en la Instalación (sin ningún costo al cliente)*',2.28,NULL,NULL,NULL,117.78,0.00,68.96,2418.09,22.50,0,30.00,23.00,0,'MXN','99576c82-a156-439b-9d34-725d7b67f517',2,2,17.4791,0.0570,'2023-06-06 05:26:57','2023-06-06 21:00:51',NULL),('995771bc-f35c-4d1e-9341-63870dc256d0','Propuesta 1','20230066','2023-06-05','2023-06-20',NULL,3.42,NULL,NULL,NULL,104.78,0.00,668.68,6608.48,0.00,0,30.00,23.00,0,'MXN','995771bc-d221-4294-a403-7c9523113bca',2,2,17.5591,0.0570,'2023-06-06 05:41:34','2023-06-06 05:42:43',NULL),('9957791f-0bd2-48d0-99d7-8e57183a7ae4','Propuesta 1','20230067','2023-06-05','2023-06-20',NULL,2.28,NULL,NULL,NULL,174.17,0.00,54.43,1037.12,10.00,0,30.00,23.00,0,'MXN','9957791e-f7e1-4842-94e3-e9c8cf612d85',2,1,17.5591,0.0570,'2023-06-06 06:02:12','2023-06-06 06:10:14',NULL),('99592e91-1718-4d42-ba02-fa8c99853dbd','Propuesta 1','20230068','2023-06-06','2023-06-21','*Incluye Estructura Elevada*\n*Incluye 1 año de Limpieza Profesional y Mantenimiento Preventivo*\n*5 años de Garantía en Mano de Obra (sin costo para el cliente)*',7.98,NULL,NULL,NULL,105.69,0.00,54.43,7581.55,7.00,0,30.00,23.00,0,'MXN','99592e90-d863-44d6-b927-8742e9d2939e',2,1,17.4791,0.0572,'2023-06-07 02:25:23','2023-06-07 02:36:11',NULL),('99593861-0cdf-4ca1-b273-5b0b731eea55','Propuesta 1','20230069','2023-06-06','2023-06-21','*Incluye Garantía en Mano de Obra por  5años (sin ningún costo para el cliente)*\n*Incluye Bono de Lavado y Mantenimiento Profesional  de los Módulos por 2 años (2 servicios)*\n*Incluye Bono de Calentador Solar para 4 Personas con su instalación*',15.96,NULL,NULL,NULL,264.03,0.00,68.96,7404.19,12.00,1,30.00,23.00,0,'MXN','99593860-f06e-4d0c-ad83-8fa575701c97',2,2,17.4107,0.0572,'2023-06-07 02:52:50','2023-06-07 23:28:58',NULL),('995955c3-3273-4446-a97f-7c1e58f25af2','Propuesta 1','20230069','2023-06-06','2023-06-21',NULL,147.84,NULL,NULL,NULL,27.12,107746.68,482184.28,661582.88,0.00,0,30.00,23.00,0,'USD','995955c2-e5bc-43aa-ab03-fcb83eed01f6',1,2,17.4791,0.0572,'2023-06-07 04:14:59','2023-06-07 04:15:34',NULL),('995969cf-f884-4c3e-bcda-3a984f4d2750','Propuesta 1','20230070','2023-06-06','2023-06-21',NULL,147.84,NULL,NULL,NULL,100.00,0.00,68.96,179466.13,0.00,0,30.00,23.00,0,'MXN','995969cf-da91-4ac8-850c-8747c6b86bf7',1,2,17.4791,0.0572,'2023-06-07 05:11:03','2023-06-07 05:11:56',NULL),('99596cf0-4b77-481f-862f-5561b9c7c22b','Propuesta 1','20230071','2023-06-06','2023-06-21',NULL,67.76,NULL,NULL,NULL,91.88,1623.89,7335.10,89559.48,0.00,0,30.00,23.00,0,'MXN','99596cf0-32bc-49fe-95c9-bb74cb9e31e8',1,1,17.4791,0.0572,'2023-06-07 05:19:48','2023-06-07 05:20:43',NULL),('995af7a9-f9a0-4d9f-b154-bc128878a451','Propuesta 1','20230072','2023-06-07','2023-06-22','*PLAN DE FINANCIAMIENTO*\n*Enganche: $78,040.00*\n*12 Pagos Mensuales \"SIN INTERESES\" de $6,503.00.* \n*Precio ya Incluye Estructura Elevada*',7.98,NULL,NULL,NULL,136.11,0.00,68.96,7183.46,18.00,1,30.00,23.00,0,'MXN','995af7a9-deb9-48b3-beaf-c3bf9bf9219b',2,7,17.4107,0.0574,'2023-06-07 23:43:32','2023-07-21 20:53:17',NULL),('995b0acf-d100-44b0-a88c-d9ad11581486','Propuesta 1','20230073','2023-06-07','2023-06-22',NULL,11.63,NULL,NULL,NULL,102.36,0.00,68.96,13849.74,0.00,0,30.00,23.00,0,'MXN','995b0acf-b8ed-4d8e-bdc8-585454793fed',1,2,17.4107,0.0574,'2023-06-08 00:37:04','2023-06-08 04:08:55',NULL),('995b1ab7-7838-42da-9d2f-30105fc62409','Propuesta 1','20230074','2023-06-07','2023-06-22',NULL,15.39,NULL,NULL,NULL,100.96,0.00,68.96,18567.41,18.00,0,30.00,23.00,0,'MXN','995b1ab7-6221-4935-a46c-3baa29f2b745',2,1,17.4107,0.0574,'2023-06-08 01:21:33','2023-06-08 01:25:22',NULL),('995b1dc2-705a-4f2e-98e6-7fe440cc2eba','Propuesta 1','20230075','2023-06-07','2023-06-22',NULL,15.96,NULL,NULL,NULL,104.69,0.00,68.96,18567.41,20.00,0,30.00,23.00,0,'MXN','995b1dc1-d909-4037-8e13-7512adfa9ac0',2,1,17.4107,0.0574,'2023-06-08 01:30:03','2023-06-08 01:31:56',NULL),('995b978d-7b68-4780-a6de-c728b9b8737c','Propuesta 1','20230076','2023-06-07','2023-06-22','*IncluyeBono de Limpieza Profesional con Equipo y Productos Fotovoltaicos por 3 años*\n*Incluye Garantía en Mano de Obra por Escrito de 5 años (Sin Costo Alguno Para El Cliente)*\n*Enganche: $300,134.18, 18 Mensualidades \"SIN INTERESES de $16,674.12*',34.77,NULL,NULL,NULL,98.76,59.37,536.85,42625.97,23.00,1,30.00,23.00,0,'MXN','995b978d-4b9a-4f07-b57c-2ca46f07469c',2,2,17.3815,0.0574,'2023-06-08 07:10:37','2023-06-10 04:26:39',NULL),('995cc505-e4a5-40a0-baa8-fd41dd2abb1d','Propuesta 1','20230077','2023-06-08','2023-06-23',NULL,6.84,NULL,NULL,NULL,103.05,0.00,68.96,8123.11,17.00,0,30.00,23.00,0,'MXN','995cc505-c194-4f9c-9192-2babb1e379d0',2,1,17.3564,0.0576,'2023-06-08 21:13:35','2023-06-08 21:17:38',NULL),('995d3188-8c76-4a4b-9d28-914ec7932b43','Propuesta 1','20230078','2023-06-08','2023-06-23','*Incluye Bono de Limpieza Profesional con equipo y productos Fotovoltaicos por 3 años*\n*Incluye Garantía en Mano de Obra por Escrito por 5 años (Sin Costo para el Cliente)*\n*Financiamiento: Enganche $369,712.94, 24 Mensualidades de $16,175.00 sin intereses*',41.04,NULL,NULL,NULL,99.42,32.60,454.82,17753.18,17.90,1,30.00,23.00,0,'MXN','995d3188-675c-4bc8-83d8-659321dddc4c',2,7,17.3564,0.0576,'2023-06-09 02:17:00','2023-07-25 03:09:19',NULL),('995f680e-167e-443d-b65d-543648488df3','Propuesta 1','20230079','2023-06-09','2023-06-24','*Incluye Bono de Limpieza Profesional con Equipo y Productos Fotovoltaicos por 2 años*\n*Incluye Garantía en Mano de Obra por Escrito por 5 años (Sin Costo para El Cliente*\n*Financiamiento:  Enganche $150,000.00, 20 Pagos \"SIN INTERESES\" de $9,753.00*',17.10,NULL,NULL,NULL,281.23,0.00,68.96,7447.45,10.00,1,30.00,23.00,0,'MXN','995f680d-db90-4496-a04f-46dcd698dfb5',2,1,17.3815,0.0575,'2023-06-10 04:41:06','2023-06-10 04:54:55',NULL),('9964df48-01aa-46cf-9ee3-69a5829798eb','Propuesta 1','20230080','2023-06-12','2023-06-27','*Incluye Bono de Limpieza Profesional con Equipo y Productos Fotovoltaicos por 2 años*\n*Incluye Garantía en Mano de Obra por Escrito de 5 años(Sin Costo para El Cliente)*',5.70,NULL,NULL,NULL,133.37,0.00,354.94,22720.47,3.00,1,30.00,23.00,0,'MXN','9964df47-d2e1-4b55-857f-f7b5d2434a2e',2,1,17.3013,0.0578,'2023-06-12 21:53:38','2023-06-12 22:00:42',NULL),('99657e06-fda5-44cf-8d46-0ec7de8b192a','Propuesta 1','20230081','2023-06-12','2023-06-27',NULL,NULL,NULL,NULL,NULL,NULL,NULL,NULL,NULL,0.00,0,30.00,23.00,0,'USD','99657e06-ed79-4940-849c-a312179c22be',1,1,17.3013,0.0578,'2023-06-13 05:17:31','2023-06-13 05:17:31',NULL),('9966d6a7-29ec-4355-98c6-5a0267a88bb6','Propuesta 1','20230082','2023-06-13','2023-06-28',NULL,3.42,NULL,NULL,NULL,110.28,0.00,68.96,3832.04,0.00,1,30.00,23.00,0,'MXN','9966d6a7-0a88-4304-a1ee-ff773f654a70',2,2,17.2861,0.0578,'2023-06-13 21:21:09','2023-06-13 21:30:43',NULL),('9966dc02-f565-426f-931b-929961d9c179','Propuesta 1','20230083','2023-06-13','2023-06-28',NULL,NULL,NULL,NULL,NULL,NULL,NULL,NULL,NULL,0.00,0,30.00,23.00,0,'USD','9966dc02-d819-4fa9-b699-88ff9ccdcc5c',1,1,17.2861,0.0578,'2023-06-13 21:36:08','2023-06-13 21:36:08',NULL),('9966dd39-e91f-4743-b03f-d454d36316fe','Propuesta 1','20230084','2023-06-13','2023-06-28',NULL,17.10,NULL,NULL,NULL,101.64,0.00,68.96,20483.99,5.00,1,30.00,23.00,0,'MXN','9966dd39-b8fb-4a33-8859-4f38bcad7c9f',2,1,17.2861,0.0578,'2023-06-13 21:39:32','2023-06-13 21:42:16',NULL),('99674814-ad47-42d1-9b21-872adabe0742','Propuesta 1','20230085','2023-06-13','2023-06-28',NULL,5.70,NULL,NULL,NULL,117.42,0.00,68.96,5959.67,0.00,1,30.00,23.00,0,'MXN','99674814-9647-4975-929d-c716197c4d56',2,1,17.2861,0.0578,'2023-06-14 02:38:19','2023-06-14 02:39:54',NULL),('99674b05-8cae-49bd-a429-0a304469071c','Propuesta 1','20230086','2023-06-13','2023-06-28',NULL,10.26,NULL,NULL,NULL,105.91,0.00,68.96,11824.30,25.00,1,30.00,23.00,0,'MXN','99674b05-7cb0-4345-8aef-35f8c26c63bc',2,2,17.2861,0.0578,'2023-06-14 02:46:33','2023-06-14 04:19:18',NULL),('9967503f-44cf-410a-8360-2bd80a3537ce','Propuesta 1','20230087','2023-06-13','2023-06-28',NULL,7.41,NULL,NULL,NULL,109.35,0.00,68.96,8291.66,7.50,1,30.00,23.00,0,'MXN','9967503f-2e21-4426-be62-7dc170136d9d',2,2,17.2861,0.0578,'2023-06-14 03:01:10','2023-06-14 04:16:52',NULL),('996773dd-a884-4fe0-b7f6-fa1820b30bc7','Propuesta 1','20230088','2023-06-13','2023-06-28',NULL,21.09,NULL,NULL,NULL,202.50,0.00,68.96,12706.90,17.80,1,30.00,23.00,0,'MXN','996773dd-889b-469d-99df-963d947194a1',2,1,17.2861,0.0578,'2023-06-14 04:40:45','2023-06-14 04:48:15',NULL),('996913d4-2e42-4cab-bcc2-766be1d9f3e3','Propuesta 1','20230089','2023-06-14','2023-06-29',NULL,3.42,NULL,NULL,NULL,112.83,0.00,54.43,2842.70,0.00,1,30.00,23.00,0,'MXN','996913d4-0da2-458e-82c0-0078e65324e9',2,1,17.2393,0.0580,'2023-06-15 00:03:52','2023-06-15 00:05:04',NULL),('996ae1c1-3bd0-43df-85e1-b16d5ee15841','Propuesta 1','20230090','2023-06-15','2023-06-30',NULL,19.38,NULL,NULL,NULL,99.55,11.96,391.58,20635.90,10.00,1,30.00,23.00,0,'MXN','996ae1c1-0f1a-44b4-8ba2-ac7dc643ff5a',2,1,17.1403,0.0583,'2023-06-15 21:35:31','2023-06-15 21:37:30',NULL),('996b8660-5467-4ada-9891-6633634337c5','Propuesta 1','20230091','2023-06-15','2023-06-30',NULL,4.56,NULL,NULL,NULL,111.21,0.00,68.96,5044.63,0.00,1,30.00,23.00,0,'MXN','996b8660-4609-4bcf-a574-450c7fba9014',2,1,17.1403,0.0583,'2023-06-16 05:15:50','2023-06-16 05:16:45',NULL),('9972f1b4-4768-46f6-8452-8fa5d09a26cc','Propuesta 1','20230092','2023-06-19','2023-07-04',NULL,3.42,NULL,NULL,NULL,111.81,0.00,68.96,3780.58,10.00,1,30.00,23.00,0,'MXN','9972f1b4-3507-4560-965b-c2157363c30a',2,1,17.0783,0.0586,'2023-06-19 21:46:44','2023-06-19 21:48:20',NULL),('99736e98-de46-42a9-8723-e24769a65c7b','Propuesta 1','20230093','2023-06-19','2023-07-04',NULL,NULL,NULL,NULL,NULL,NULL,NULL,NULL,NULL,0.00,0,30.00,23.00,0,'USD','99736e98-c87d-46d1-84d0-54299ef3cdea',1,1,17.0783,0.0586,'2023-06-20 03:35:58','2023-06-20 03:35:58',NULL),('99736fdb-406e-4711-a730-3619178fa874','Propuesta 1','20230094','2023-06-19','2023-07-04',NULL,11.40,NULL,NULL,NULL,109.53,0.00,68.96,12698.31,0.00,1,30.00,23.00,0,'MXN','99736fdb-24aa-443b-b383-91a06bfc9703',2,1,17.0783,0.0586,'2023-06-20 03:39:29','2023-06-21 05:17:04',NULL),('997374f9-4d75-448d-aa54-445f1988e722','Propuesta 1','20230095','2023-06-19','2023-07-04',NULL,46.74,NULL,NULL,NULL,99.81,11.95,391.55,40205.39,0.00,1,30.00,23.00,0,'MXN','997374f9-2863-4603-869e-518efac4ae4f',2,1,17.0783,0.0586,'2023-06-20 03:53:47','2023-06-20 03:55:04',NULL),('99739603-ab25-4954-bfce-eddaeba3b4e1','Propuesta 1','20230096','2023-06-19','2023-07-04',NULL,9.12,NULL,NULL,NULL,111.28,0.00,68.96,10013.60,2.00,1,30.00,23.00,0,'MXN','99739603-90b0-4dd2-9490-dcb716dd5638',2,1,17.0783,0.0586,'2023-06-20 05:26:11','2023-06-20 05:28:22',NULL),('9974cba4-f71f-4164-b3ef-892d72938828','Propuesta 1','20230097','2023-06-20','2023-07-05',NULL,6.84,NULL,NULL,NULL,103.42,0.00,435.69,20675.04,3.00,1,30.00,23.00,0,'MXN','9974cba4-d686-40dc-9d52-9467022ffd00',2,2,17.0887,0.0585,'2023-06-20 19:51:58','2023-06-20 21:11:21',NULL),('9974e706-5b48-4930-ae9d-babebb017f40','Propuesta 1','20230098','2023-06-20','2023-07-05',NULL,6.84,NULL,NULL,NULL,103.42,0.00,435.69,3304.25,0.00,1,30.00,23.00,0,'MXN','9974e706-3298-4387-a3a2-d27d29355944',2,1,17.0887,0.0585,'2023-06-20 21:08:32','2023-06-20 21:13:00',NULL),('99758ad2-76fa-4412-85e5-bea1e6aad30b','Propuesta 1','20230099','2023-06-20','2023-07-05','*Financiamiento*\n*Enganche de $438,448.28*\n*23 Pagos SIN INTERESES de $19,063*',46.74,NULL,NULL,NULL,101.89,0.00,354.94,19718.12,12.00,1,30.00,23.00,0,'MXN','99758ad2-1ad9-4abf-812f-bd8a5a96e8f6',2,1,17.0887,0.0585,'2023-06-21 04:46:32','2023-06-21 05:08:09',NULL),('997594b6-0168-4162-a463-08e2220cdcd1','Propuesta 1','202300100','2023-06-20','2023-07-05',NULL,17.10,NULL,NULL,NULL,101.68,0.00,68.96,20477.27,21.00,1,30.00,23.00,0,'MXN','997594b5-ecb7-40e5-bc3e-fafdeb368c61',2,1,17.0887,0.0585,'2023-06-21 05:14:11','2023-06-23 23:49:43',NULL),('99792c02-af9a-45b3-8c8f-353be6b8894b','Propuesta 1','20230101','2023-06-22','2023-07-07',NULL,2.28,NULL,NULL,NULL,112.18,0.00,68.96,2535.19,0.00,1,30.00,23.00,0,'MXN','99792c02-988a-407a-ad01-1bddbe1665a5',2,1,17.1489,0.0583,'2023-06-23 00:04:44','2023-06-23 00:05:21',NULL),('99799625-c5ed-407c-ad40-d406bc432acb','Propuesta 1','20230102','2023-06-22','2023-07-07',NULL,3.42,NULL,NULL,NULL,102.58,0.00,68.96,4114.69,0.00,1,30.00,23.00,0,'MXN','99799625-a94e-4603-a8eb-ca222758a799',2,1,17.1489,0.0583,'2023-06-23 05:01:31','2023-06-23 05:02:32',NULL),('997a6dcd-e63e-4c79-b600-0bea5b089c54','Propuesta 1','20230103','2023-06-23','2023-07-08',NULL,3.42,NULL,NULL,NULL,115.94,0.00,68.96,3648.58,0.00,1,30.00,23.00,0,'MXN','997a6dcd-d4e3-491f-8539-89d4b1943716',2,1,17.1489,0.0583,'2023-06-23 15:04:32','2023-06-23 15:05:32',NULL),('997ec75b-1a0a-44a1-8727-65d4372e8f89','Propuesta 1','20230104','2023-06-25','2023-07-10',NULL,NULL,NULL,NULL,NULL,NULL,NULL,NULL,NULL,0.00,0,30.00,23.00,0,'USD','997ec75a-d404-4730-babd-5c19d7b84955',1,1,17.1877,0.0582,'2023-06-25 18:58:15','2023-06-25 18:58:15',NULL),('997ec80a-916d-4dd9-99e9-26d3ccac9162','Propuesta 1','20230105','2023-06-25','2023-07-10',NULL,3.42,NULL,NULL,NULL,92.75,72.52,3458.70,3530.90,7.00,1,30.00,23.00,0,'MXN','997ec80a-7d91-45ea-8f83-532f4372913a',2,1,17.1877,0.0582,'2023-06-25 19:00:10','2023-06-25 19:03:23',NULL),('99834691-3e21-40f7-9482-9de61ca8e89d','Propuesta 1','20230106','2023-06-27','2023-07-12',NULL,25.65,NULL,NULL,NULL,99.75,8.61,381.32,11763.70,15.00,1,30.00,23.00,0,'MXN','99834691-0b75-45e7-bb69-decf74e658a8',2,1,17.1370,0.0584,'2023-06-28 00:37:16','2023-06-28 03:00:27',NULL),('9983a0fe-8cd7-4bf9-b334-a53bdf52c4cc','Propuesta 1','20230107','2023-06-27','2023-07-12',NULL,NULL,NULL,NULL,NULL,NULL,NULL,NULL,NULL,0.00,0,30.00,23.00,0,'USD','9983a0fe-7419-4c52-96c4-076ccaba03c4',1,1,17.1370,0.0584,'2023-06-28 04:50:08','2023-06-28 04:50:08',NULL),('9984d1b2-e9ea-49d0-bd59-38422acd3e47','Propuesta 1','20230108','2023-06-28','2023-07-13',NULL,6.84,NULL,NULL,NULL,114.29,0.00,68.96,7331.12,0.00,1,30.00,23.00,0,'MXN','9984d1b2-d546-4bef-b339-90c0142f30dc',2,1,17.0857,0.0585,'2023-06-28 19:02:08','2023-06-28 19:03:53',NULL),('99890ae1-af64-47ef-a901-5157131367a7','Propuesta 1','20230109','2023-06-30','2023-07-15',NULL,3.99,NULL,NULL,NULL,110.53,0.00,68.96,4449.52,0.00,1,30.00,23.00,0,'MXN','99890ae1-64f1-4e03-9ec9-794f358fc389',2,1,17.1144,0.0584,'2023-06-30 21:25:21','2023-06-30 21:26:38',NULL),('9989127a-e800-4b20-9541-e89ec0e01b5d','Propuesta 1','20230110','2023-06-30','2023-07-15',NULL,7.98,NULL,NULL,NULL,101.47,0.00,68.96,9612.36,NULL,1,30.00,23.00,0,'MXN','9989127a-d458-48f8-a5b7-160e8d8c117a',2,1,17.1144,0.0584,'2023-06-30 21:46:36','2023-06-30 21:52:13',NULL),('998aea76-a3a5-44ee-aff2-6f64e9704746','Propuesta 1','20230111','2023-07-01','2023-07-16','*Financiamiento, Enganche$68,825.48,  22 Mensualidades \"SIN INTERESES\" de $3,128.43.\n*Precio Incluye, Desmontar y mover a un piso adicional en la misma propiedad*\n*Precio NO incluye estructura elevada, solamente incluye Estructura Anonizada básica para su instalación*',5.70,NULL,NULL,NULL,103.79,0.00,54.43,5422.82,NULL,1,30.00,23.00,0,'MXN','998aea76-893a-4649-8018-ed3968f65ad0',2,1,17.1274,0.0584,'2023-07-01 19:46:21','2023-07-01 19:57:48',NULL),('998af5d3-c340-492c-be74-3e07ad6b197f','Propuesta 1','20230112','2023-07-01','2023-07-16',NULL,5.70,NULL,NULL,NULL,112.75,0.00,68.96,6203.54,20.00,1,30.00,23.00,0,'MXN','998af5d3-b078-4f0f-b090-0995581b39a8',2,1,17.1274,0.0584,'2023-07-01 20:18:08','2023-07-01 20:21:27',NULL),('998f5c13-950e-43e2-a587-96204015fc06','Propuesta 1','20230113','2023-07-03','2023-07-18',NULL,NULL,NULL,NULL,NULL,NULL,NULL,NULL,NULL,0.00,0,30.00,23.00,0,'USD','998f5c13-8313-4ef2-a44b-0aa3de61c326',1,1,17.1239,0.0584,'2023-07-04 00:47:21','2023-07-04 00:47:21',NULL),('998f5d1e-5c9a-4301-a2c5-14d4185f1600','Propuesta 1','20230114','2023-07-03','2023-07-18',NULL,2.32,NULL,NULL,NULL,101.81,0.00,54.43,2053.96,0.00,0,30.00,23.00,0,'MXN','998f5d1e-41af-4648-9b56-d23301c4bfb6',2,2,17.1239,0.0584,'2023-07-04 00:50:16','2023-07-04 00:51:01',NULL),('99a348f4-535a-4a7c-90d0-23a90f6618f7','Propuesta 1','20230115','2023-07-13','2023-07-28','*Estructura Elevada, costo adicional de $23,400.00*\n*Cotizacion valida solamente por 3 días hábiles*',11.60,NULL,NULL,NULL,102.60,0.00,68.96,13787.86,0.00,1,30.00,23.00,0,'MXN','99a348f4-3b9d-417f-a38c-b7f3f34e208d',2,1,16.8927,0.0592,'2023-07-13 22:30:26','2023-07-13 22:37:24',NULL),('99a80581-98b6-40c5-8197-98f3e0b859f5','Propuesta 1','20230116','2023-07-15','2023-07-30',NULL,35.96,NULL,NULL,NULL,100.12,0.00,425.97,16025.21,11.00,1,30.00,23.00,0,'MXN','99a80581-59ed-4a65-a656-df85f9a34987',2,2,16.7831,0.0596,'2023-07-16 07:00:59','2023-07-16 20:40:41',NULL),('99a81e58-7538-4d07-a211-a8563ff7312d','Propuesta 1','20230117','2023-07-15','2023-07-30',NULL,36.54,NULL,NULL,NULL,99.10,44.96,492.69,15915.87,12.00,1,30.00,23.00,0,'MXN','99a81e56-60fe-496e-93bf-a8ee8a57d342',2,1,16.7831,0.0596,'2023-07-16 08:10:26','2023-07-16 20:38:22',NULL),('99ad56ac-7a8a-422e-8f21-9a53e9930532','Propuesta 1','20230118','2023-07-18','2023-08-02',NULL,6.38,NULL,NULL,NULL,102.68,0.00,54.43,6179.35,0.00,0,30.00,23.00,0,'MXN','99ad56ac-5ef2-4cd0-ae3e-c008fbe5fd52',1,2,16.7530,0.0597,'2023-07-18 22:27:05','2023-07-18 22:29:07',NULL),('99b11a7e-a1e1-436d-876d-6367625cc4a3','Propuesta 1','20230119','2023-07-20','2023-08-04',NULL,17.40,NULL,NULL,NULL,157.29,0.00,68.96,13492.54,50.00,1,30.00,23.00,0,'MXN','99b11a7e-88dc-4e6d-98bb-7edb5514ed8b',2,1,16.7344,0.0598,'2023-07-20 19:22:07','2023-07-20 19:29:53',NULL),('99b37b03-30d5-47ba-9065-28fc6d2b7377','Propuesta 1','20230120','2023-07-21','2023-08-05',NULL,11.02,NULL,NULL,NULL,103.68,0.00,68.96,12966.78,0.00,0,30.00,23.00,0,'MXN','99b37b03-1791-4796-9b23-3e982098591d',2,2,16.8543,0.0593,'2023-07-21 23:43:40','2023-07-21 23:49:16',NULL),('99b95ea0-4e63-4fc3-899e-7a9615a48abf','Propuesta 1','20230121','2023-07-24','2023-08-08',NULL,3.48,NULL,NULL,NULL,103.73,0.00,68.96,4140.02,0.00,0,30.00,23.00,0,'MXN','99b95ea0-1530-48ea-b538-b971250ab36d',2,2,16.8204,0.0589,'2023-07-24 21:59:15','2023-08-01 21:08:53',NULL),('99b97108-f116-4f4b-a132-8e644c56b527','Propuesta 1','20230122','2023-07-24','2023-08-08',NULL,3.48,NULL,NULL,NULL,108.82,0.00,82.76,4719.04,0.00,0,30.00,23.00,0,'MXN','99b97108-9623-4fa6-abdc-179324911ea1',2,2,16.9812,0.0589,'2023-07-24 22:50:44','2023-07-24 22:51:24',NULL),('99b98f75-54b7-4706-8ce3-8277b3d474fe','Propuesta 1','20230123','2023-07-24','2023-08-08',NULL,2.90,NULL,NULL,NULL,110.39,0.00,68.96,3256.70,0.00,1,30.00,23.00,0,'MXN','99b98f75-1db2-40bb-a98b-809e565f14b1',2,2,16.9812,0.0589,'2023-07-25 00:15:48','2023-08-02 16:11:41',NULL),('99b9d0af-f2a0-4822-80ad-50264ddfb4b1','Propuesta 1','20230124','2023-07-24','2023-08-08',NULL,4.64,NULL,NULL,NULL,101.95,0.00,68.96,5592.00,0.00,0,30.00,23.00,0,'MXN','99b9d0af-d86c-4946-8d7b-130ca44a4d37',2,2,16.9812,0.0589,'2023-07-25 03:18:11','2023-07-25 03:20:31',NULL),('99bb4502-461a-4cbf-9d13-86a9c3867277','Propuesta 1','20230125','2023-07-25','2023-08-09',NULL,8.12,NULL,NULL,NULL,103.34,0.00,68.96,9604.18,0.00,0,30.00,23.00,0,'MXN','99bb4501-feb8-49bc-a940-bfcf8b2f8666',2,1,16.8443,0.0594,'2023-07-25 20:39:17','2023-07-25 20:42:00',NULL),('99c9c258-5534-44c2-bbb6-422f600b73a4','Propuesta 1','20230126','2023-08-01','2023-08-16',NULL,2.90,NULL,NULL,NULL,103.41,0.00,54.43,2604.92,0.00,1,30.00,23.00,0,'MXN','99c9c258-496d-4fd2-8128-0376455d2dfc',2,1,16.8204,0.0595,'2023-08-01 19:31:20','2023-08-01 22:03:07',NULL),('99ca0696-9d4a-4ad7-afca-4d677ed67a7c','Propuesta 1','20230127','2023-08-01','2023-08-16',NULL,2.32,NULL,NULL,NULL,149.68,0.00,68.96,1949.74,0.00,1,30.00,23.00,0,'MXN','99ca0696-8d6d-4315-8dfb-980e28f19951',2,2,16.8204,0.0595,'2023-08-01 22:42:09','2023-08-02 19:39:07',NULL),('e0a61d9f-9a6d-46c5-9039-6367931a6ff8','Propuesta 1','20230011','2023-03-09','2023-03-24',NULL,5.50,NULL,NULL,NULL,104.78,0.00,292.69,6686.79,0.00,0,30.00,23.00,0,'USD','20',1,2,0.0000,0.0000,'2023-03-10 03:46:01','2023-03-10 03:52:26',NULL);

--
-- Table structure for table `rate_states`
--

CREATE TABLE `rate_states` (
  `id` int unsigned NOT NULL AUTO_INCREMENT,
  `state_id` int unsigned DEFAULT NULL,
  `rate_id` int unsigned DEFAULT NULL,
  `fixed_charge` double(8,2) DEFAULT NULL,
  `variable_charge` double(8,3) DEFAULT NULL,
  `distribution` double(8,3) DEFAULT NULL,
  `capacity` double(8,3) DEFAULT NULL,
  `created_at` timestamp NULL DEFAULT NULL,
  `updated_at` timestamp NULL DEFAULT NULL,
  PRIMARY KEY (`id`),
  KEY `rate_states_state_id_foreign` (`state_id`),
  KEY `rate_states_rate_id_foreign` (`rate_id`),
  CONSTRAINT `rate_states_rate_id_foreign` FOREIGN KEY (`rate_id`) REFERENCES `rates` (`id`) ON DELETE CASCADE ON UPDATE CASCADE,
  CONSTRAINT `rate_states_state_id_foreign` FOREIGN KEY (`state_id`) REFERENCES `states` (`id`) ON DELETE CASCADE ON UPDATE CASCADE
) ENGINE=InnoDB AUTO_INCREMENT=97 DEFAULT CHARSET=utf8mb4 COLLATE=utf8mb4_unicode_ci;

--
-- Dumping data for table `rate_states`
--

INSERT INTO `rate_states` VALUES (1,1,8,27.78,3.605,NULL,NULL,NULL,NULL),(2,2,8,53.58,2.388,NULL,NULL,NULL,NULL),(3,3,8,53.58,3.637,NULL,NULL,NULL,NULL),(4,4,8,41.06,3.757,NULL,NULL,NULL,NULL),(5,5,8,58.51,3.620,NULL,NULL,NULL,NULL),(6,6,8,57.54,3.518,NULL,NULL,NULL,NULL),(7,7,8,50.59,3.409,NULL,NULL,NULL,NULL),(8,8,8,37.22,3.318,NULL,NULL,NULL,NULL),(9,9,8,27.44,3.609,NULL,NULL,NULL,NULL),(10,10,8,57.54,3.518,NULL,NULL,NULL,NULL),(11,11,8,27.78,3.605,NULL,NULL,NULL,NULL),(12,12,8,31.43,3.587,NULL,NULL,NULL,NULL),(13,13,8,31.39,3.512,NULL,NULL,NULL,NULL),(14,14,8,33.34,4.172,NULL,NULL,NULL,NULL),(15,15,8,31.43,3.580,NULL,NULL,NULL,NULL),(16,16,8,27.44,3.609,NULL,NULL,NULL,NULL),(17,17,8,31.43,3.587,NULL,NULL,NULL,NULL),(18,18,8,33.44,4.172,NULL,NULL,NULL,NULL),(19,19,8,37.22,3.318,NULL,NULL,NULL,NULL),(20,20,8,58.51,3.620,NULL,NULL,NULL,NULL),(21,21,8,31.39,3.512,NULL,NULL,NULL,NULL),(22,22,8,27.78,3.605,NULL,NULL,NULL,NULL),(23,23,8,41.06,3.757,NULL,NULL,NULL,NULL),(24,24,8,34.10,3.751,NULL,NULL,NULL,NULL),(25,25,8,55.18,3.148,NULL,NULL,NULL,NULL),(26,26,8,55.18,3.148,NULL,NULL,NULL,NULL),(27,27,8,58.51,3.620,NULL,NULL,NULL,NULL),(28,28,8,34.10,3.751,NULL,NULL,NULL,NULL),(29,29,8,31.39,3.512,NULL,NULL,NULL,NULL),(30,30,8,35.97,3.637,NULL,NULL,NULL,NULL),(31,31,8,41.06,3.757,NULL,NULL,NULL,NULL),(32,32,8,41.06,3.757,NULL,NULL,NULL,NULL),(33,1,10,277.76,1.383,107.450,299.890,NULL,NULL),(34,2,10,535.80,0.650,98.610,302.910,NULL,NULL),(35,3,10,535.80,2.092,98.610,232.910,NULL,NULL),(36,4,10,410.63,1.558,99.600,294.330,NULL,NULL),(37,5,10,585.06,1.152,155.020,229.800,NULL,NULL),(38,6,10,575.38,1.119,80.020,276.700,NULL,NULL),(39,7,10,505.90,1.433,66.650,308.920,NULL,NULL),(40,8,10,277.00,1.383,107.450,299.890,NULL,NULL),(41,9,10,274.38,1.256,170.400,264.260,NULL,NULL),(42,10,10,575.38,1.119,80.020,276.700,NULL,NULL),(43,11,10,277.76,1.383,107.450,299.890,NULL,NULL),(44,12,10,314.31,1.141,242.430,233.220,NULL,NULL),(45,13,10,313.90,1.365,163.940,297.390,NULL,NULL),(46,14,10,333.35,1.273,175.880,276.700,NULL,NULL),(47,15,10,505.90,1.433,66.650,308.920,NULL,NULL),(48,16,10,274.38,1.256,170.400,264.260,NULL,NULL),(49,17,10,314.31,1.141,242.430,233.220,NULL,NULL),(50,18,10,335.35,1.273,175.880,276.700,NULL,NULL),(51,19,10,372.22,1.141,63.390,302.910,NULL,NULL),(52,20,10,585.06,1.152,155.020,229.800,NULL,NULL),(53,21,10,313.90,1.365,163.940,297.390,NULL,NULL),(54,22,10,277.76,1.383,107.450,299.890,NULL,NULL),(55,23,10,410.63,1.558,99.600,294.330,NULL,NULL),(56,24,10,340.95,1.221,136.360,285.150,NULL,NULL),(57,25,10,551.76,1.173,99.490,302.910,NULL,NULL),(58,26,10,551.76,1.173,99.490,302.910,NULL,NULL),(59,27,10,585.06,1.152,155.020,229.800,NULL,NULL),(60,28,10,340.00,1.221,136.360,285.150,NULL,NULL),(61,29,10,313.90,1.365,163.940,297.390,NULL,NULL),(62,30,10,359.72,1.193,222.090,258.560,NULL,NULL),(63,31,10,410.63,1.558,99.600,294.330,NULL,NULL),(64,32,10,277.76,1.383,107.450,299.890,NULL,NULL),(65,1,9,277.76,1.751,405.390,286.880,NULL,NULL),(66,2,9,535.80,0.816,211.950,293.910,NULL,NULL),(67,3,9,535.80,2.860,211.950,249.660,NULL,NULL),(68,4,9,410.63,1.975,324.900,286.880,NULL,NULL),(69,5,9,277.76,1.659,405.390,270.040,NULL,NULL),(70,6,9,575.38,1.506,376.240,286.880,NULL,NULL),(71,7,9,668.11,2.021,341.110,281.980,NULL,NULL),(72,8,9,575.38,1.506,376.240,286.880,NULL,NULL),(73,9,9,274.38,1.374,544.970,245.430,NULL,NULL),(74,10,9,575.38,1.506,376.240,286.880,NULL,NULL),(75,11,9,277.76,1.751,405.390,286.880,NULL,NULL),(76,12,9,314.31,1.461,572.210,228.090,NULL,NULL),(77,13,9,313.90,1.596,507.180,258.210,NULL,NULL),(78,14,9,333.35,1.418,581.690,230.390,NULL,NULL),(79,15,9,668.11,2.021,341.110,281.980,NULL,NULL),(80,16,9,274.38,1.374,544.970,245.430,NULL,NULL),(81,17,9,314.31,1.461,572.210,228.090,NULL,NULL),(82,18,9,333.35,1.418,581.690,230.390,NULL,NULL),(83,19,9,372.22,1.312,300.020,251.880,NULL,NULL),(84,20,9,585.06,1.415,482.440,234.350,NULL,NULL),(85,21,9,313.90,1.596,507.180,258.210,NULL,NULL),(86,22,9,277.76,1.751,405.390,286.880,NULL,NULL),(87,23,9,410.63,1.975,324.900,286.880,NULL,NULL),(88,24,9,340.95,1.579,412.400,286.880,NULL,NULL),(89,25,9,551.76,1.445,233.260,293.910,NULL,NULL),(90,26,9,551.76,1.445,233.260,293.910,NULL,NULL),(91,27,9,585.06,1.415,482.440,234.350,NULL,NULL),(92,28,9,372.22,1.312,300.020,251.810,NULL,NULL),(93,29,9,313.90,1.596,507.180,258.210,NULL,NULL),(94,30,9,359.72,1.278,553.500,213.110,NULL,NULL),(95,31,9,410.63,1.975,324.900,286.880,NULL,NULL),(96,32,9,277.76,1.751,405.390,286.880,NULL,NULL);

--
-- Table structure for table `rates`
--

CREATE TABLE `rates` (
  `id` int unsigned NOT NULL AUTO_INCREMENT,
  `name` varchar(255) COLLATE utf8mb4_unicode_ci DEFAULT NULL,
  `limit_dac` int DEFAULT NULL,
  `dap` smallint DEFAULT NULL,
  `created_at` timestamp NULL DEFAULT NULL,
  `updated_at` timestamp NULL DEFAULT NULL,
  PRIMARY KEY (`id`)
) ENGINE=InnoDB AUTO_INCREMENT=11 DEFAULT CHARSET=utf8mb4 COLLATE=utf8mb4_unicode_ci;

--
-- Dumping data for table `rates`
--

INSERT INTO `rates` VALUES (1,'1',250,7,NULL,NULL),(2,'1A',300,7,NULL,NULL),(3,'1B',400,7,NULL,NULL),(4,'1C',850,7,NULL,NULL),(5,'1D',1000,7,NULL,NULL),(6,'1E',2000,7,NULL,NULL),(7,'DAC',NULL,7,NULL,NULL),(8,'PDBT',NULL,7,NULL,NULL),(9,'GDBT',NULL,8,NULL,NULL),(10,'GDMTO',NULL,8,NULL,NULL);

--
-- Table structure for table `roles`
--

CREATE TABLE `roles` (
  `id` int unsigned NOT NULL AUTO_INCREMENT,
  `name` varchar(100) COLLATE utf8mb4_unicode_ci DEFAULT NULL,
  `description` varchar(255) COLLATE utf8mb4_unicode_ci DEFAULT NULL,
  `special` varchar(20) COLLATE utf8mb4_unicode_ci DEFAULT NULL,
  `company_id` int unsigned DEFAULT NULL,
  `created_at` timestamp NULL DEFAULT NULL,
  `updated_at` timestamp NULL DEFAULT NULL,
  `deleted_at` timestamp NULL DEFAULT NULL,
  PRIMARY KEY (`id`),
  KEY `roles_company_id_foreign` (`company_id`),
  CONSTRAINT `roles_company_id_foreign` FOREIGN KEY (`company_id`) REFERENCES `companies` (`id`) ON DELETE CASCADE ON UPDATE CASCADE
) ENGINE=InnoDB AUTO_INCREMENT=2 DEFAULT CHARSET=utf8mb4 COLLATE=utf8mb4_unicode_ci;

--
-- Dumping data for table `roles`
--

INSERT INTO `roles` VALUES (1,'Admin',NULL,'1',NULL,NULL,NULL,NULL);

--
-- Table structure for table `settings`
--

CREATE TABLE `settings` (
  `id` int unsigned NOT NULL AUTO_INCREMENT,
  `company_id` int unsigned DEFAULT NULL,
  `bag` double(5,2) DEFAULT '2.00',
  `rate_increase` double(5,2) DEFAULT '3.00',
  `cfe_tax` double(5,2) DEFAULT '16.00',
  `relation_cd_ca` double(5,2) DEFAULT '1.20',
  `created_at` timestamp NULL DEFAULT NULL,
  `updated_at` timestamp NULL DEFAULT NULL,
  PRIMARY KEY (`id`),
  KEY `settings_company_id_foreign` (`company_id`),
  CONSTRAINT `settings_company_id_foreign` FOREIGN KEY (`company_id`) REFERENCES `companies` (`id`) ON DELETE CASCADE ON UPDATE CASCADE
) ENGINE=InnoDB AUTO_INCREMENT=3 DEFAULT CHARSET=utf8mb4 COLLATE=utf8mb4_unicode_ci;

--
-- Dumping data for table `settings`
--

INSERT INTO `settings` VALUES (1,1,2.00,3.00,16.00,1.20,NULL,'2023-08-03 15:02:57'),(2,2,2.00,3.00,16.00,1.20,NULL,NULL);

--
-- Table structure for table `states`
--

CREATE TABLE `states` (
  `id` int unsigned NOT NULL AUTO_INCREMENT,
  `name` varchar(100) COLLATE utf8mb4_unicode_ci DEFAULT NULL,
  `degree_inclination` int DEFAULT NULL,
  `peak_solar_time` double(8,2) DEFAULT NULL,
  `country_id` int unsigned DEFAULT NULL,
  `created_at` timestamp NULL DEFAULT NULL,
  `updated_at` timestamp NULL DEFAULT NULL,
  `deleted_at` timestamp NULL DEFAULT NULL,
  PRIMARY KEY (`id`),
  KEY `states_country_id_foreign` (`country_id`),
  CONSTRAINT `states_country_id_foreign` FOREIGN KEY (`country_id`) REFERENCES `countries` (`id`) ON DELETE SET NULL ON UPDATE CASCADE
) ENGINE=InnoDB AUTO_INCREMENT=33 DEFAULT CHARSET=utf8mb4 COLLATE=utf8mb4_unicode_ci;

--
-- Dumping data for table `states`
--

INSERT INTO `states` VALUES (1,'Aguascalientes',21,6.27,1,NULL,NULL,NULL),(2,'Baja California',32,6.50,1,NULL,NULL,NULL),(3,'Baja California Sur',24,5.92,1,NULL,NULL,NULL),(4,'Campeche',19,5.51,1,NULL,NULL,NULL),(5,'Chiapas',16,5.40,1,NULL,NULL,NULL),(6,'Chihuahua',28,6.31,1,NULL,NULL,NULL),(7,'Ciudad de México',19,5.64,1,NULL,NULL,NULL),(8,'Coahuila',25,5.67,1,NULL,NULL,NULL),(9,'Colima',19,5.87,1,NULL,NULL,NULL),(10,'Durango',19,5.87,1,NULL,NULL,NULL),(11,'Guanajuato',19,5.87,1,NULL,NULL,NULL),(12,'Guerrero',17,5.94,1,NULL,NULL,NULL),(13,'Hidalgo',20,5.12,1,NULL,NULL,NULL),(14,'Jalisco',20,6.06,1,NULL,NULL,NULL),(15,'México',19,5.64,1,NULL,NULL,NULL),(16,'Michoacán',19,5.82,1,NULL,NULL,NULL),(17,'Morelos',18,6.14,1,NULL,NULL,NULL),(18,'Nayarit',21,6.16,1,NULL,NULL,NULL),(19,'Nuevo León',25,5.68,1,NULL,NULL,NULL),(20,'Oaxaca',17,5.10,1,NULL,NULL,NULL),(21,'Puebla',19,5.69,1,NULL,NULL,NULL),(22,'Querétaro',20,6.05,1,NULL,NULL,NULL),(23,'Quintana Roo',18,5.14,1,NULL,NULL,NULL),(24,'San Luis Potosí',22,5.82,1,NULL,NULL,NULL),(25,'Sinaloa',24,6.12,1,NULL,NULL,NULL),(26,'Sonora',29,6.42,1,NULL,NULL,NULL),(27,'Tabasco',17,5.18,1,NULL,NULL,NULL),(28,'Tamaulipas',23,5.54,1,NULL,NULL,NULL),(29,'Tlaxcala',19,5.70,1,NULL,NULL,NULL),(30,'Veracruz',19,4.91,1,NULL,NULL,NULL),(31,'Yucatán',20,5.44,1,NULL,NULL,NULL),(32,'Zacatecas',22,6.25,1,NULL,NULL,NULL);

--
-- Table structure for table `status_contacts`
--

CREATE TABLE `status_contacts` (
  `id` int unsigned NOT NULL AUTO_INCREMENT,
  `name` varchar(100) COLLATE utf8mb4_unicode_ci DEFAULT NULL,
  `color` varchar(30) COLLATE utf8mb4_unicode_ci DEFAULT 'secondary',
  `company_id` int unsigned DEFAULT NULL,
  `created_at` timestamp NULL DEFAULT NULL,
  `updated_at` timestamp NULL DEFAULT NULL,
  PRIMARY KEY (`id`),
  KEY `status_contacts_company_id_foreign` (`company_id`),
  CONSTRAINT `status_contacts_company_id_foreign` FOREIGN KEY (`company_id`) REFERENCES `companies` (`id`) ON DELETE CASCADE ON UPDATE CASCADE
) ENGINE=InnoDB AUTO_INCREMENT=4 DEFAULT CHARSET=utf8mb4 COLLATE=utf8mb4_unicode_ci;

--
-- Dumping data for table `status_contacts`
--

INSERT INTO `status_contacts` VALUES (1,'Prospecto','warning',NULL,NULL,NULL),(2,'Cliente','success',NULL,NULL,NULL),(3,'Pérdido','danger',NULL,NULL,NULL);

--
-- Table structure for table `status_proposals`
--

CREATE TABLE `status_proposals` (
  `id` int unsigned NOT NULL AUTO_INCREMENT,
  `name` varchar(100) COLLATE utf8mb4_unicode_ci DEFAULT NULL,
  `color` varchar(30) COLLATE utf8mb4_unicode_ci DEFAULT 'secondary',
  `company_id` int unsigned DEFAULT NULL,
  `created_at` timestamp NULL DEFAULT NULL,
  `updated_at` timestamp NULL DEFAULT NULL,
  PRIMARY KEY (`id`),
  KEY `status_proposals_company_id_foreign` (`company_id`),
  CONSTRAINT `status_proposals_company_id_foreign` FOREIGN KEY (`company_id`) REFERENCES `companies` (`id`) ON DELETE CASCADE ON UPDATE CASCADE
) ENGINE=InnoDB AUTO_INCREMENT=8 DEFAULT CHARSET=utf8mb4 COLLATE=utf8mb4_unicode_ci;

--
-- Dumping data for table `status_proposals`
--

INSERT INTO `status_proposals` VALUES (1,'Borrador','secondary',NULL,NULL,NULL),(2,'Emitida','info',NULL,NULL,NULL),(3,'Cancelada','danger',NULL,NULL,NULL),(4,'Enviada/presentada','primary',NULL,NULL,NULL),(5,'En negociación','warning',NULL,NULL,NULL),(6,'Rechazada','dark',NULL,NULL,NULL),(7,'Proyecto vendido','success',NULL,NULL,NULL);

--
-- Table structure for table `status_tickets`
--

CREATE TABLE `status_tickets` (
  `id` int unsigned NOT NULL AUTO_INCREMENT,
  `name` varchar(100) COLLATE utf8mb4_unicode_ci DEFAULT NULL,
  `color` varchar(20) COLLATE utf8mb4_unicode_ci DEFAULT NULL,
  `company_id` int unsigned DEFAULT NULL,
  `created_at` timestamp NULL DEFAULT NULL,
  `updated_at` timestamp NULL DEFAULT NULL,
  `deleted_at` timestamp NULL DEFAULT NULL,
  PRIMARY KEY (`id`),
  KEY `status_tickets_company_id_foreign` (`company_id`),
  CONSTRAINT `status_tickets_company_id_foreign` FOREIGN KEY (`company_id`) REFERENCES `companies` (`id`) ON DELETE CASCADE ON UPDATE CASCADE
) ENGINE=InnoDB AUTO_INCREMENT=5 DEFAULT CHARSET=utf8mb4 COLLATE=utf8mb4_unicode_ci;

--
-- Dumping data for table `status_tickets`
--

INSERT INTO `status_tickets` VALUES (1,'Abierta','warning',NULL,NULL,NULL,NULL),(2,'Pendiente','danger',NULL,NULL,NULL,NULL),(3,'Resuelto','success',NULL,NULL,NULL,NULL),(4,'Cerrada','primary',NULL,NULL,NULL,NULL);

--
-- Table structure for table `task_contacts`
--

CREATE TABLE `task_contacts` (
  `id` int unsigned NOT NULL AUTO_INCREMENT,
  `contact_id` char(36) COLLATE utf8mb4_unicode_ci NOT NULL,
  `type_task_id` int unsigned NOT NULL,
  `user_id` int unsigned DEFAULT NULL,
  `proposal_id` char(36) COLLATE utf8mb4_unicode_ci NOT NULL,
  `description` text COLLATE utf8mb4_unicode_ci,
  `date` timestamp NOT NULL,
  `created_at` timestamp NULL DEFAULT NULL,
  `updated_at` timestamp NULL DEFAULT NULL,
  PRIMARY KEY (`id`),
  KEY `task_contacts_contact_id_foreign` (`contact_id`),
  KEY `task_contacts_type_task_id_foreign` (`type_task_id`),
  KEY `task_contacts_user_id_foreign` (`user_id`),
  KEY `task_contacts_proposal_id_foreign` (`proposal_id`),
  CONSTRAINT `task_contacts_contact_id_foreign` FOREIGN KEY (`contact_id`) REFERENCES `contacts` (`id`) ON DELETE CASCADE ON UPDATE CASCADE,
  CONSTRAINT `task_contacts_proposal_id_foreign` FOREIGN KEY (`proposal_id`) REFERENCES `proposals` (`id`) ON DELETE CASCADE ON UPDATE CASCADE,
  CONSTRAINT `task_contacts_type_task_id_foreign` FOREIGN KEY (`type_task_id`) REFERENCES `type_tasks` (`id`) ON DELETE CASCADE ON UPDATE CASCADE,
  CONSTRAINT `task_contacts_user_id_foreign` FOREIGN KEY (`user_id`) REFERENCES `users` (`id`) ON DELETE CASCADE ON UPDATE CASCADE
) ENGINE=InnoDB DEFAULT CHARSET=utf8mb4 COLLATE=utf8mb4_unicode_ci;

--
-- Dumping data for table `task_contacts`
--


--
-- Table structure for table `tax_proposals`
--

CREATE TABLE `tax_proposals` (
  `id` int unsigned NOT NULL AUTO_INCREMENT,
  `proposal_id` char(36) COLLATE utf8mb4_unicode_ci NOT NULL,
  `name` varchar(255) COLLATE utf8mb4_unicode_ci DEFAULT 'IVA',
  `amount` double(8,3) DEFAULT '0.000',
  PRIMARY KEY (`id`),
  KEY `tax_proposals_proposal_id_foreign` (`proposal_id`),
  CONSTRAINT `tax_proposals_proposal_id_foreign` FOREIGN KEY (`proposal_id`) REFERENCES `proposals` (`id`) ON DELETE CASCADE ON UPDATE CASCADE
) ENGINE=InnoDB AUTO_INCREMENT=89 DEFAULT CHARSET=utf8mb4 COLLATE=utf8mb4_unicode_ci;

--
-- Dumping data for table `tax_proposals`
--

INSERT INTO `tax_proposals` VALUES (1,'990a8980-b8e4-436e-9d16-10195f55c025','IVA',16.000),(2,'990a9601-9969-4f66-85b1-0140251cecb7','IVA',16.000),(3,'990a9f3c-a37a-49f4-b8e2-c7343fb74fb4','IVA',16.000),(4,'9914b16a-fc69-45be-b8c5-7ba880951f09','IVA',16.000),(5,'9916a7d1-1cc4-4be1-a8f0-7bc848a16951','IVA',16.000),(6,'991a5217-92ae-4fb0-a415-640de134f281','IVA',16.000),(7,'991eb111-4f69-4c76-a177-d46f9c552211','IVA',16.000),(8,'9922ff20-95ac-4ad7-8335-618c0b1d5786','IVA',16.000),(9,'9926686b-38b1-4734-a59c-b4f8cba638a2','IVA',16.000),(10,'992e9123-c964-49ba-aaa0-772314e83d2f','IVA',16.000),(11,'992cc60e-47c5-484a-9307-4e5302fb1900','IVA',16.000),(12,'992ebb1e-f3c4-4cb2-a25e-0a449edcc5d6','IVA',16.000),(13,'99308943-1ff9-484d-a8fc-79215648b619','IVA',16.000),(14,'99354184-b962-4d58-8f94-d87f6c6d1535','IVA',16.000),(15,'99355e20-78fc-41ce-8fb8-7c09109ece09','IVA',16.000),(16,'993cf091-487b-4ba0-b820-8c0a9848c6d5','IVA',16.000),(17,'9940cf98-950e-47ca-b9f4-abaf8dad1317','IVA',16.000),(18,'9941020f-5e27-423e-8960-0b465fb3f841','IVA',16.000),(19,'99412682-e4b2-4e6d-8a2d-21619c5f483f','IVA',16.000),(20,'994348af-8cc5-479f-a64c-2f2acaaeea55','IVA',16.000),(21,'99435592-7b94-4a3a-a4c9-cd97653373b3','IVA',16.000),(22,'994b1680-140c-4f1a-a43c-dc916abbcac6','IVA',16.000),(23,'994cdd81-266c-452c-8a1c-82561ab0ce46','IVA',16.000),(24,'9942b977-4ad2-443b-b308-b43cafd6df63','IVA',16.000),(25,'994f5c20-312c-417d-90d9-d13587a4d8bf','IVA',16.000),(26,'99518fda-8d42-40dd-8582-91608de9dd1d','IVA',16.000),(27,'9956fbba-b0d5-4d85-b447-e676065c94e4','IVA',16.000),(28,'99572f0f-89b9-458a-8958-9e68c0ceac07','IVA',16.000),(29,'9957653e-b013-45df-8ad4-50f30cf6b1bc','IVA',16.000),(30,'99576c82-d20d-421f-b771-2aa2df883aa7','IVA',16.000),(31,'995771bc-f35c-4d1e-9341-63870dc256d0','IVA',16.000),(32,'9956d0f9-d6b7-4651-80e0-1e561ba3922f','IVA',16.000),(33,'9957791f-0bd2-48d0-99d7-8e57183a7ae4','IVA',16.000),(34,'99592e91-1718-4d42-ba02-fa8c99853dbd','IVA',16.000),(35,'99593861-0cdf-4ca1-b273-5b0b731eea55','IVA',16.000),(36,'9954ab9c-2cc8-4219-ac6a-04ecdee2041f','IVA',16.000),(37,'9954a9b6-e717-4580-a784-43f2a094a783','IVA',16.000),(38,'995955c3-3273-4446-a97f-7c1e58f25af2','IVA',16.000),(39,'995969cf-f884-4c3e-bcda-3a984f4d2750','IVA',16.000),(40,'99596cf0-4b77-481f-862f-5561b9c7c22b','IVA',16.000),(41,'995af7a9-f9a0-4d9f-b154-bc128878a451','IVA',16.000),(42,'995b1ab7-7838-42da-9d2f-30105fc62409','IVA',16.000),(43,'995b1dc2-705a-4f2e-98e6-7fe440cc2eba','IVA',16.000),(44,'995b978d-7b68-4780-a6de-c728b9b8737c','IVA',16.000),(45,'995cc505-e4a5-40a0-baa8-fd41dd2abb1d','IVA',16.000),(46,'995d3188-8c76-4a4b-9d28-914ec7932b43','IVA',16.000),(47,'995f680e-167e-443d-b65d-543648488df3','IVA',16.000),(48,'9964df48-01aa-46cf-9ee3-69a5829798eb','IVA',16.000),(49,'9966d6a7-29ec-4355-98c6-5a0267a88bb6','IVA',16.000),(50,'9966dd39-e91f-4743-b03f-d454d36316fe','IVA',16.000),(51,'99674814-ad47-42d1-9b21-872adabe0742','IVA',16.000),(52,'99674b05-8cae-49bd-a429-0a304469071c','IVA',16.000),(53,'9967503f-44cf-410a-8360-2bd80a3537ce','IVA',16.000),(54,'996773dd-a884-4fe0-b7f6-fa1820b30bc7','IVA',16.000),(55,'996913d4-2e42-4cab-bcc2-766be1d9f3e3','IVA',16.000),(56,'996ae1c1-3bd0-43df-85e1-b16d5ee15841','IVA',16.000),(57,'996b8660-5467-4ada-9891-6633634337c5','IVA',16.000),(58,'9972f1b4-4768-46f6-8452-8fa5d09a26cc','IVA',16.000),(59,'99736fdb-406e-4711-a730-3619178fa874','IVA',16.000),(60,'997374f9-4d75-448d-aa54-445f1988e722','IVA',16.000),(61,'99739603-ab25-4954-bfce-eddaeba3b4e1','IVA',16.000),(62,'9974cba4-f71f-4164-b3ef-892d72938828','IVA',16.000),(63,'9974e706-5b48-4930-ae9d-babebb017f40','IVA',16.000),(64,'99758ad2-76fa-4412-85e5-bea1e6aad30b','IVA',16.000),(65,'997594b6-0168-4162-a463-08e2220cdcd1','IVA',16.000),(66,'99792c02-af9a-45b3-8c8f-353be6b8894b','IVA',16.000),(67,'99799625-c5ed-407c-ad40-d406bc432acb','IVA',16.000),(68,'997a6dcd-e63e-4c79-b600-0bea5b089c54','IVA',16.000),(69,'997ec80a-916d-4dd9-99e9-26d3ccac9162','IVA',16.000),(70,'99834691-3e21-40f7-9482-9de61ca8e89d','IVA',16.000),(71,'9984d1b2-e9ea-49d0-bd59-38422acd3e47','IVA',16.000),(72,'99890ae1-af64-47ef-a901-5157131367a7','IVA',16.000),(73,'9989127a-e800-4b20-9541-e89ec0e01b5d','IVA',16.000),(74,'998aea76-a3a5-44ee-aff2-6f64e9704746','IVA',16.000),(75,'998af5d3-c340-492c-be74-3e07ad6b197f','IVA',16.000),(76,'998f5d1e-5c9a-4301-a2c5-14d4185f1600','IVA',16.000),(77,'99a80581-98b6-40c5-8197-98f3e0b859f5','IVA',16.000),(78,'99a81e58-7538-4d07-a211-a8563ff7312d','IVA',16.000),(79,'99ad56ac-7a8a-422e-8f21-9a53e9930532','IVA',16.000),(80,'99b11a7e-a1e1-436d-876d-6367625cc4a3','IVA',16.000),(81,'99b37b03-30d5-47ba-9065-28fc6d2b7377','IVA',16.000),(82,'99b95ea0-4e63-4fc3-899e-7a9615a48abf','IVA',16.000),(83,'99b97108-f116-4f4b-a132-8e644c56b527','IVA',16.000),(84,'99b98f75-54b7-4706-8ce3-8277b3d474fe','IVA',16.000),(85,'99b9d0af-f2a0-4822-80ad-50264ddfb4b1','IVA',16.000),(86,'99bb4502-461a-4cbf-9d13-86a9c3867277','IVA',16.000),(87,'99c9c258-5534-44c2-bbb6-422f600b73a4','IVA',16.000),(88,'99ca0696-9d4a-4ad7-afca-4d677ed67a7c','IVA',16.000);

--
-- Table structure for table `templates`
--

CREATE TABLE `templates` (
  `id` int unsigned NOT NULL AUTO_INCREMENT,
  `name` varchar(100) COLLATE utf8mb4_unicode_ci DEFAULT NULL,
  `class` varchar(100) COLLATE utf8mb4_unicode_ci DEFAULT NULL,
  `company_id` int unsigned DEFAULT NULL,
  `created_at` timestamp NULL DEFAULT NULL,
  `updated_at` timestamp NULL DEFAULT NULL,
  PRIMARY KEY (`id`),
  KEY `templates_company_id_foreign` (`company_id`),
  CONSTRAINT `templates_company_id_foreign` FOREIGN KEY (`company_id`) REFERENCES `companies` (`id`) ON DELETE CASCADE ON UPDATE CASCADE
) ENGINE=InnoDB AUTO_INCREMENT=3 DEFAULT CHARSET=utf8mb4 COLLATE=utf8mb4_unicode_ci;

--
-- Dumping data for table `templates`
--

INSERT INTO `templates` VALUES (1,'Clásica','Classic',NULL,NULL,NULL),(2,'Connekty','Connekty',1,NULL,NULL);

--
-- Table structure for table `tickets`
--

CREATE TABLE `tickets` (
  `id` char(36) COLLATE utf8mb4_unicode_ci NOT NULL,
  `folio` varchar(20) COLLATE utf8mb4_unicode_ci DEFAULT NULL,
  `contact_id` char(36) COLLATE utf8mb4_unicode_ci NOT NULL,
  `user_id` int unsigned DEFAULT NULL,
  `priority_id` int unsigned DEFAULT NULL,
  `status_id` int unsigned DEFAULT NULL,
  `kind_id` int unsigned DEFAULT NULL,
  `company_id` int unsigned DEFAULT NULL,
  `date` date DEFAULT NULL,
  `end_date` date DEFAULT NULL,
  `subject` varchar(255) COLLATE utf8mb4_unicode_ci DEFAULT NULL,
  `description` text COLLATE utf8mb4_unicode_ci,
  `created_at` timestamp NULL DEFAULT NULL,
  `updated_at` timestamp NULL DEFAULT NULL,
  `deleted_at` timestamp NULL DEFAULT NULL,
  PRIMARY KEY (`id`),
  KEY `tickets_contact_id_foreign` (`contact_id`),
  KEY `tickets_user_id_foreign` (`user_id`),
  KEY `tickets_priority_id_foreign` (`priority_id`),
  KEY `tickets_status_id_foreign` (`status_id`),
  KEY `tickets_kind_id_foreign` (`kind_id`),
  KEY `tickets_company_id_foreign` (`company_id`),
  CONSTRAINT `tickets_company_id_foreign` FOREIGN KEY (`company_id`) REFERENCES `companies` (`id`) ON DELETE CASCADE ON UPDATE CASCADE,
  CONSTRAINT `tickets_contact_id_foreign` FOREIGN KEY (`contact_id`) REFERENCES `contacts` (`id`) ON DELETE CASCADE ON UPDATE CASCADE,
  CONSTRAINT `tickets_kind_id_foreign` FOREIGN KEY (`kind_id`) REFERENCES `kind_tickets` (`id`) ON DELETE SET NULL ON UPDATE CASCADE,
  CONSTRAINT `tickets_priority_id_foreign` FOREIGN KEY (`priority_id`) REFERENCES `priority_tickets` (`id`) ON DELETE SET NULL ON UPDATE CASCADE,
  CONSTRAINT `tickets_status_id_foreign` FOREIGN KEY (`status_id`) REFERENCES `status_tickets` (`id`) ON DELETE SET NULL ON UPDATE CASCADE,
  CONSTRAINT `tickets_user_id_foreign` FOREIGN KEY (`user_id`) REFERENCES `users` (`id`) ON DELETE CASCADE ON UPDATE CASCADE
) ENGINE=InnoDB DEFAULT CHARSET=utf8mb4 COLLATE=utf8mb4_unicode_ci;

--
-- Dumping data for table `tickets`
--

INSERT INTO `tickets` VALUES ('99309dae-ee2b-4ef5-bf65-984b59416679','2023-0001','990a8980-8cb9-4846-966c-4447c5ebbf89',1,3,1,2,1,'2023-05-13',NULL,'Instalación de paneles',NULL,'2023-05-18 04:27:09','2023-05-18 04:27:09',NULL),('99309f87-5f76-4658-8c9a-14a2ad0d81c6','2023-0002','9922ff20-653c-4595-b0ac-a6e4adab37e6',1,3,1,2,1,'2023-05-27',NULL,'Instalación de 6 paneles de 570W',NULL,'2023-05-18 04:32:19','2023-05-18 04:32:19',NULL),('993317c7-1e2f-4734-b315-22533f3c80b5','2023-0003','20',1,1,4,9,1,'2023-06-13',NULL,'Recordatorio de Pago de Financiamiento','<p>EE</p>','2023-05-19 10:00:13','2023-06-28 19:24:33',NULL),('9933184e-ef40-48d5-92de-d45d7b817085','2023-0004','20',1,4,1,9,1,'2023-07-13',NULL,'Recordatorio Pago de Financiamiento',NULL,'2023-05-19 10:01:42','2023-05-19 10:01:42',NULL),('99331897-6376-4306-b039-db887f159235','2023-0005','20',1,4,1,9,1,'2023-08-13',NULL,'Recordatorio de Pago de Financiamiento',NULL,'2023-05-19 10:02:29','2023-05-19 10:02:29',NULL),('993318da-def7-4329-8bd9-d5841fed2f87','2023-0006','20',1,4,1,9,1,'2023-09-13',NULL,'recordatorio de Pago de Financiamiento',NULL,'2023-05-19 10:03:13','2023-05-19 10:03:13',NULL),('9933191b-8af5-49cc-9d7a-fe3d9035e60d','2023-0007','20',1,4,1,9,1,'2023-10-13',NULL,'recordatorio de Pago de Financiamiento',NULL,'2023-05-19 10:03:56','2023-05-19 10:03:56',NULL),('9933195e-1f38-493e-a69d-17babb039475','2023-0008','20',1,4,1,9,1,'2023-11-13',NULL,'recordatorio de Pago de Financiamiento',NULL,'2023-05-19 10:04:39','2023-05-19 10:04:39',NULL),('993319ad-4451-4a74-a17f-848171dc73f6','2023-0009','20',1,4,1,9,1,'2023-12-13',NULL,'recordatorio de Pago de Financiamiento',NULL,'2023-05-19 10:05:31','2023-05-19 10:05:31',NULL),('993319ee-5cbc-494b-95e3-0a565b82bc2f','2023-00010','20',1,4,1,9,1,'2024-01-13',NULL,'recordatorio de Pago de Financiamiento',NULL,'2023-05-19 10:06:14','2023-05-19 10:06:14',NULL),('99331a27-1f58-4d66-a563-9b2830f8c421','2023-0011','20',1,4,1,9,1,'2024-02-13',NULL,'recordatorio de Pago de Financiamiento',NULL,'2023-05-19 10:06:51','2023-05-19 10:06:51',NULL),('99331a76-9808-44ab-8fe5-058d060f5037','2023-0012','20',1,4,1,9,1,'2024-03-13',NULL,'recordatorio de Pago de Financiamiento',NULL,'2023-05-19 10:07:43','2023-05-19 10:07:43',NULL),('99331e3b-885d-46c0-b17a-13703e166558','2023-0013','99331dbe-0685-4afc-b5d4-79434f55eaf0',1,3,4,3,1,'2023-05-17',NULL,'Cambio de 2 Fusibles para inversor Growatt','<p>&nbsp;adquiridos en Enerpoint Marca Suntree modelo: Solar PV PV-15A 10F - 1000V d.c. adquiridos en Enerpoint Marca Suntree modelo: Solar PV PV-15A 10F - 1000V d.c.</p>','2023-05-19 10:18:15','2023-05-20 08:06:56',NULL),('99332291-6556-4136-a0bb-39599828e10a','2023-0014','99332226-f0b9-4769-bc2c-910ad8f79da9',1,1,4,9,1,'2023-05-22',NULL,'recordatorio de Pago de Financiamiento $44,418.00',NULL,'2023-05-19 10:30:23','2023-06-28 19:25:09',NULL),('993322f3-4251-4a60-9a86-69dc5a32b68d','2023-0015','99332226-f0b9-4769-bc2c-910ad8f79da9',1,1,3,9,1,'2023-06-22',NULL,'recordatorio de Pago de Financiamiento $4,935.00',NULL,'2023-05-19 10:31:27','2023-06-28 19:23:47',NULL),('99332323-0705-417d-98e3-4b169b43e743','2023-0016','99332226-f0b9-4769-bc2c-910ad8f79da9',1,4,1,9,1,'2023-07-22',NULL,'recordatorio de Pago de Financiamiento $4,935.00',NULL,'2023-05-19 10:31:58','2023-05-19 10:31:58',NULL),('9933234e-79e4-41be-927b-4e2272ea580d','2023-0017','99332226-f0b9-4769-bc2c-910ad8f79da9',1,4,1,9,1,'2023-08-22',NULL,'recordatorio de Pago de Financiamiento $4,935.00',NULL,'2023-05-19 10:32:27','2023-05-19 10:32:27',NULL),('9933239a-3de3-4940-9ed4-dd5fa5429298','2023-0018','99332226-f0b9-4769-bc2c-910ad8f79da9',1,4,1,9,1,'2023-09-22',NULL,'recordatorio de Pago de Financiamiento $4,935.00',NULL,'2023-05-19 10:33:16','2023-05-19 10:33:16',NULL),('993323c5-84ac-470a-bc06-c9d7602a485a','2023-0019','99332226-f0b9-4769-bc2c-910ad8f79da9',1,4,1,9,1,'2023-10-22',NULL,'recordatorio de Pago de Financiamiento $4,935.00',NULL,'2023-05-19 10:33:45','2023-05-19 10:33:45',NULL),('993323fa-0ac5-47f5-a522-48b0ff9b84f1','2023-0020','99332226-f0b9-4769-bc2c-910ad8f79da9',1,4,1,9,1,'2023-11-22',NULL,'recordatorio de Pago de Financiamiento $4,935.00',NULL,'2023-05-19 10:34:19','2023-05-19 10:34:19',NULL),('99332494-05da-4a69-9a11-b14483b273eb','2023-0021','99332226-f0b9-4769-bc2c-910ad8f79da9',1,4,1,9,1,'2023-12-22',NULL,'recordatorio de Pago de Financiamiento $4,935.00',NULL,'2023-05-19 10:36:00','2023-05-19 10:36:00',NULL),('993324c7-a7be-4344-8eb7-17fcc8c309d7','2023-0022','99332226-f0b9-4769-bc2c-910ad8f79da9',1,4,1,9,1,'2024-01-22',NULL,'recordatorio de Pago de Financiamiento $4,935.00',NULL,'2023-05-19 10:36:34','2023-05-19 10:36:34',NULL),('99332520-3d6e-4779-930c-f2a5b3379453','2023-0023','99332226-f0b9-4769-bc2c-910ad8f79da9',1,4,1,9,1,'2024-02-22',NULL,'recordatorio de Pago de Financiamiento $4,935.00',NULL,'2023-05-19 10:37:32','2023-05-19 10:37:32',NULL),('99333104-c46c-427f-b065-feef12a249f5','2023-0024','993329d1-8005-4e29-b85e-4c7de4eb02c4',1,4,4,9,1,'2023-05-17',NULL,'Recordatorio de Pago de Financiamiento$4,000.00',NULL,'2023-05-19 11:10:47','2023-05-20 08:07:31',NULL),('99333318-e23b-4a85-a8bf-c5b40208c107','2023-0025','993329d1-8005-4e29-b85e-4c7de4eb02c4',1,4,4,9,1,'2023-05-17',NULL,'recordatorio de Pago de Financiamiento$4,000.00',NULL,'2023-05-19 11:16:36','2023-05-20 08:08:04',NULL),('993333c7-e5bb-4c6d-840b-5c0a557dda07','2023-0026','993329d1-8005-4e29-b85e-4c7de4eb02c4',1,1,3,9,1,'2023-06-16',NULL,'recordatorio de Pago de Financiamiento$4,000.00',NULL,'2023-05-19 11:18:31','2023-06-28 19:28:02',NULL),('99333416-4a9b-4cb5-b8b3-e56da6679669','2023-0027','993329d1-8005-4e29-b85e-4c7de4eb02c4',1,4,1,9,1,'2023-07-16',NULL,'recordatorio de Pago de Financiamiento$4,000.00',NULL,'2023-05-19 11:19:22','2023-05-19 11:19:22',NULL),('9933345d-a95c-4e60-a83f-09fcc380d309','2023-0028','993329d1-8005-4e29-b85e-4c7de4eb02c4',1,4,1,9,1,'2023-08-16',NULL,'recordatorio de Pago de Financiamiento$4,000.00',NULL,'2023-05-19 11:20:09','2023-05-19 11:20:09',NULL),('99333492-1c13-41c1-930b-77c57dbead37','2023-0029','993329d1-8005-4e29-b85e-4c7de4eb02c4',1,4,1,9,1,'2023-09-16',NULL,'recordatorio de Pago de Financiamiento$4,000.00',NULL,'2023-05-19 11:20:43','2023-05-19 11:20:43',NULL),('99334419-899f-448a-a437-8c89d0ad074a','2023-0030','990a8980-8cb9-4846-966c-4447c5ebbf89',1,3,4,10,1,'2023-05-18',NULL,'Enganche de $100,000.00','<p>PAGADO MAY/08/2023</p>','2023-05-19 12:04:09','2023-05-19 12:04:09',NULL),('99334638-c503-48f1-b439-721e076f7d73','2023-0031','990a8980-8cb9-4846-966c-4447c5ebbf89',1,1,4,9,1,'2023-06-07',NULL,'Recordatorio de Pago de Financiamiento $12,959.00',NULL,'2023-05-19 12:10:05','2023-06-08 07:30:52',NULL),('99334696-3c3f-4be7-bc95-86ccd39b117e','2023-0032','990a8980-8cb9-4846-966c-4447c5ebbf89',1,4,1,9,1,'2023-07-07',NULL,'Recordatorio de Pago de Financiamiento $12,959.00',NULL,'2023-05-19 12:11:06','2023-05-19 12:11:06',NULL),('993346d0-0548-4d30-95d0-9483fd05f3e0','2023-0033','990a8980-8cb9-4846-966c-4447c5ebbf89',1,4,1,9,1,'2023-08-07',NULL,'Recordatorio de Pago de Financiamiento $12,959.00',NULL,'2023-05-19 12:11:44','2023-06-01 05:40:15',NULL),('993350e1-d437-48e8-94cc-ac1d99a322d4','2023-0034','990a8980-8cb9-4846-966c-4447c5ebbf89',1,4,1,9,1,'2023-09-07',NULL,'Recordatorio de Pago de Financiamiento $12,959.00',NULL,'2023-05-19 12:39:53','2023-05-19 12:39:53',NULL),('9933513a-b72c-4df4-9a97-ef76250c422b','2023-0035','990a8980-8cb9-4846-966c-4447c5ebbf89',1,4,1,9,1,'2023-10-07',NULL,'Recordatorio de Pago de Financiamiento $12,959.00',NULL,'2023-05-19 12:40:51','2023-05-19 12:40:51',NULL),('993351cd-b77c-4441-be26-9af459605049','2023-0036','990a8980-8cb9-4846-966c-4447c5ebbf89',1,4,1,9,1,'2023-11-07',NULL,'Recordatorio de Pago de Financiamiento $12,959.00',NULL,'2023-05-19 12:42:28','2023-05-19 12:42:28',NULL),('99335203-eeb1-41ec-bd96-852b6651994d','2023-0037','990a8980-8cb9-4846-966c-4447c5ebbf89',1,4,1,9,1,'2023-12-07',NULL,'Recordatorio de Pago de Financiamiento $12,959.00',NULL,'2023-05-19 12:43:03','2023-05-19 12:43:03',NULL),('99335637-4457-4d97-be68-105a3e1d8e45','2023-0038','990a8980-8cb9-4846-966c-4447c5ebbf89',1,4,1,9,1,'2024-01-07',NULL,'Recordatorio de Pago de Financiamiento $12,959.00',NULL,'2023-05-19 12:54:48','2023-05-19 12:54:48',NULL),('99335661-26a8-483a-af74-7ae69de92438','2023-0039','990a8980-8cb9-4846-966c-4447c5ebbf89',1,4,1,9,1,'2024-02-07',NULL,'Recordatorio de Pago de Financiamiento $12,959.00',NULL,'2023-05-19 12:55:15','2023-05-19 12:55:15',NULL),('9933568f-6aed-488b-aa69-21205ebdd9e4','2023-0040','990a8980-8cb9-4846-966c-4447c5ebbf89',1,4,1,9,1,'2024-03-07',NULL,'Recordatorio de Pago de Financiamiento $12,959.00',NULL,'2023-05-19 12:55:46','2023-05-19 12:55:46',NULL),('993356db-24e8-4948-9ceb-e873a8a8d174','2023-0041','990a8980-8cb9-4846-966c-4447c5ebbf89',1,4,1,9,1,'2024-04-07',NULL,'Recordatorio de Pago de Financiamiento $12,959.00',NULL,'2023-05-19 12:56:35','2023-05-19 12:56:35',NULL),('99335712-5049-40d2-bfcd-a66a45e19a4c','2023-0042','990a8980-8cb9-4846-966c-4447c5ebbf89',1,4,1,9,1,'2024-05-07',NULL,'recordatorio de Pago de Financiamiento $12,959.00',NULL,'2023-05-19 12:57:11','2023-05-19 12:57:11',NULL),('99335740-2cec-47c8-aa9d-87788d966da1','2023-0043','990a8980-8cb9-4846-966c-4447c5ebbf89',1,4,1,9,1,'2024-06-07',NULL,'recordatorio de Pago de Financiamiento $12,959.00',NULL,'2023-05-19 12:57:42','2023-05-19 12:57:42',NULL),('99335c7d-461e-458f-9bf9-0c5e01c50052','2023-0044','9926686b-18bf-4fb6-8dbc-a2c34e1c35d0',1,1,4,9,1,'2023-06-10',NULL,'recordatorio de Pago de Financiamiento $6,618.00',NULL,'2023-05-19 13:12:20','2023-06-28 19:28:57',NULL),('99335ccd-594f-4159-b63c-58084f8ebcd6','2023-0045','9926686b-18bf-4fb6-8dbc-a2c34e1c35d0',1,4,1,9,1,'2023-07-09',NULL,'recordatorio de Pago de Financiamiento $6,618.00',NULL,'2023-05-19 13:13:13','2023-05-19 13:13:13',NULL),('99335d51-f6e0-43f5-bfb7-b2e317c51360','2023-0046','9926686b-18bf-4fb6-8dbc-a2c34e1c35d0',1,4,1,9,1,'2023-08-09',NULL,'recordatorio de Pago de Financiamiento $6,618.00',NULL,'2023-05-19 13:14:40','2023-05-19 13:14:40',NULL),('99335d89-2996-449d-b940-7a41b2eabea6','2023-0047','9926686b-18bf-4fb6-8dbc-a2c34e1c35d0',1,4,1,9,1,'2023-09-09',NULL,'recordatorio de Pago de Financiamiento $6,618.00',NULL,'2023-05-19 13:15:16','2023-05-19 13:15:16',NULL),('99335ddf-500a-489e-94a7-432516c5f616','2023-0048','9926686b-18bf-4fb6-8dbc-a2c34e1c35d0',1,4,1,9,1,'2023-10-09',NULL,'recordatorio de Pago de Financiamiento $6,618.00',NULL,'2023-05-19 13:16:12','2023-05-19 13:16:12',NULL),('99335e22-11e4-4adc-a54e-676853c174cf','2023-0049','9926686b-18bf-4fb6-8dbc-a2c34e1c35d0',1,4,1,9,1,'2023-11-09',NULL,'recordatorio de Pago de Financiamiento $6,618.00',NULL,'2023-05-19 13:16:56','2023-05-19 13:16:56',NULL),('99335e6d-96de-46e5-8fed-0153b4ff89d3','2023-0050','9926686b-18bf-4fb6-8dbc-a2c34e1c35d0',1,4,1,9,1,'2023-12-09',NULL,'recordatorio de Pago de Financiamiento $6,618.00',NULL,'2023-05-19 13:17:46','2023-05-19 13:17:46',NULL),('99335eb3-1cfc-4e34-ae62-87930f00b781','2023-0051','9926686b-18bf-4fb6-8dbc-a2c34e1c35d0',1,4,1,9,1,'2024-01-09',NULL,'recordatorio de Pago de Financiamiento $6,618.00',NULL,'2023-05-19 13:18:31','2023-05-19 13:18:31',NULL),('99335efa-8e38-461a-9838-11102b08780d','2023-0052','9926686b-18bf-4fb6-8dbc-a2c34e1c35d0',1,4,1,9,1,'2024-02-09',NULL,'recordatorio de Pago de Financiamiento $6,618.00',NULL,'2023-05-19 13:19:18','2023-05-19 13:19:18',NULL),('99335f34-4368-4b6f-a72b-58031012f5e2','2023-0053','9926686b-18bf-4fb6-8dbc-a2c34e1c35d0',1,4,1,9,1,'2024-03-09',NULL,'recordatorio de Pago de Financiamiento $6,618.00',NULL,'2023-05-19 13:19:56','2023-05-19 13:19:56',NULL),('99335f6e-48a3-4188-91e5-27d8f2dd863a','2023-0054','9926686b-18bf-4fb6-8dbc-a2c34e1c35d0',1,4,1,9,1,'2024-04-09',NULL,'recordatorio de Pago de Financiamiento $6,618.00',NULL,'2023-05-19 13:20:34','2023-05-19 13:20:34',NULL),('99335fb6-76cf-4e0f-a1b0-7987712ec96e','2023-0055','9926686b-18bf-4fb6-8dbc-a2c34e1c35d0',1,4,1,9,1,'2024-05-09',NULL,'recordatorio de Pago de Financiamiento $6,618.00',NULL,'2023-05-19 13:21:21','2023-05-19 13:21:21',NULL),('99336280-bd57-464f-a02f-fcaa0af4af79','2023-0056','993361b5-9da6-4fa2-81ac-849f77e76f58',1,1,3,9,1,'2023-06-15',NULL,'Recordatorio de Pago de Financiamiento $4,198.00',NULL,'2023-05-19 13:29:09','2023-06-15 21:16:02',NULL),('993362c2-22d4-453d-9b3c-9433dc413a29','2023-0057','993361b5-9da6-4fa2-81ac-849f77e76f58',1,4,1,9,1,'2023-07-15',NULL,'Recordatorio de Pago de Financiamiento $4,198.00',NULL,'2023-05-19 13:29:52','2023-05-19 13:29:52',NULL),('99336308-0159-45c8-aaa6-4c940312828f','2023-0058','993361b5-9da6-4fa2-81ac-849f77e76f58',1,4,1,9,1,'2023-08-15',NULL,'Recordatorio de Pago de Financiamiento $4,198.00',NULL,'2023-05-19 13:30:38','2023-05-19 13:30:38',NULL),('9933634a-e2b3-44d8-96fa-f6b68cd8f533','2023-0059','993361b5-9da6-4fa2-81ac-849f77e76f58',1,4,1,9,1,'2023-09-15',NULL,'Recordatorio de Pago de Financiamiento $4,198.00',NULL,'2023-05-19 13:31:22','2023-05-19 13:31:22',NULL),('99336406-f395-4483-bd20-4c7f932ca1a9','2023-0060','993361b5-9da6-4fa2-81ac-849f77e76f58',1,4,1,9,1,'2023-10-15',NULL,'Recordatorio de Pago de Financiamiento $4,198.00',NULL,'2023-05-19 13:33:25','2023-05-19 13:33:25',NULL),('9933644d-f1f3-4bb2-b42f-9c6b5541591e','2023-0061','993361b5-9da6-4fa2-81ac-849f77e76f58',1,4,1,9,1,'2023-11-15',NULL,'Recordatorio de Pago de Financiamiento $4,198.00',NULL,'2023-05-19 13:34:12','2023-05-19 13:34:12',NULL),('9933649f-f1d4-4d86-84b8-7167f426a29a','2023-0062','993361b5-9da6-4fa2-81ac-849f77e76f58',1,4,1,9,1,'2023-12-15',NULL,'Recordatorio de Pago de Financiamiento $4,198.00',NULL,'2023-05-19 13:35:05','2023-05-19 13:35:05',NULL),('9933651a-4483-47bb-b6ca-b2602c28e1e3','2023-0063','993361b5-9da6-4fa2-81ac-849f77e76f58',1,4,1,9,1,'2024-01-15',NULL,'Recordatorio de Pago de Financiamiento $4,198.00',NULL,'2023-05-19 13:36:26','2023-05-19 13:36:26',NULL),('99336557-57ef-4df4-bab7-80454ae11fe3','2023-0064','993361b5-9da6-4fa2-81ac-849f77e76f58',1,4,1,9,1,'2024-02-15',NULL,'Recordatorio de Pago de Financiamiento $4,198.00',NULL,'2023-05-19 13:37:06','2023-05-19 13:37:06',NULL),('993365b5-3615-4dbc-b49e-533691f19927','2023-0065','993361b5-9da6-4fa2-81ac-849f77e76f58',1,4,1,9,1,'2024-03-15',NULL,'Recordatorio de Pago de Financiamiento $4,198.00',NULL,'2023-05-19 13:38:07','2023-05-19 13:38:07',NULL),('993365ea-8b73-423a-a8fb-b5f5833d0425','2023-0066','993361b5-9da6-4fa2-81ac-849f77e76f58',1,4,1,9,1,'2024-04-15',NULL,'Recordatorio de Pago de Financiamiento $4,198.00',NULL,'2023-05-19 13:38:42','2023-05-19 13:38:42',NULL),('9933662b-da6c-486d-bdf7-bea143cc350c','2023-0067','993361b5-9da6-4fa2-81ac-849f77e76f58',1,4,1,9,1,'2024-05-15',NULL,'Recordatorio de Pago de Financiamiento $4,198.00',NULL,'2023-05-19 13:39:25','2023-05-19 13:39:25',NULL),('99336684-9861-4e8a-93ea-cf5c58805ffa','2023-0068','993361b5-9da6-4fa2-81ac-849f77e76f58',1,4,1,9,1,'2024-06-15',NULL,'Recordatorio de Pago de Financiamiento $4,198.00',NULL,'2023-05-19 13:40:23','2023-05-19 13:40:23',NULL),('99336737-e333-4b41-b1c0-c6bd0f03b8dc','2023-0069','993361b5-9da6-4fa2-81ac-849f77e76f58',1,4,1,9,1,'2024-07-15',NULL,'Recordatorio de Pago de Financiamiento $4,198.00',NULL,'2023-05-19 13:42:20','2023-05-19 13:42:20',NULL),('99356f50-00a8-468f-9543-8b8892c90576','2023-0070','9914b16a-d30c-4024-b9ee-cf38052804af',1,3,4,10,1,'2023-05-19',NULL,'Enganche pago inicial de $30,000.00',NULL,'2023-05-20 13:56:38','2023-05-20 13:56:53',NULL),('99356fe3-55ec-48c4-9336-9a25b9362408','2023-0071','9914b16a-d30c-4024-b9ee-cf38052804af',1,1,3,9,1,'2023-06-18',NULL,'Recordatorio de Pagos de Financiamiento $28,444.29',NULL,'2023-05-20 13:58:14','2023-06-28 19:21:40',NULL),('993570a3-e912-4926-aa1f-58cda1cc5b55','2023-0072','9914b16a-d30c-4024-b9ee-cf38052804af',1,4,1,9,1,'2023-07-18',NULL,'Recordatorio de Pago de Financiamiento $11,000.00',NULL,'2023-05-20 14:00:21','2023-05-20 14:00:21',NULL),('993570e5-a984-43c8-b834-838dab78b63b','2023-0073','9914b16a-d30c-4024-b9ee-cf38052804af',1,4,1,9,1,'2023-08-18',NULL,'Recordatorio de Pago de Financiamiento $11,000.00',NULL,'2023-05-20 14:01:04','2023-05-20 14:01:04',NULL),('9935713d-4541-49fa-bc24-52daf1348477','2023-0074','9914b16a-d30c-4024-b9ee-cf38052804af',1,4,1,9,1,'2023-09-18',NULL,'Recordatorio de Pago de Financiamiento$6,148.00',NULL,'2023-05-20 14:02:01','2023-05-20 14:02:01',NULL),('9935719f-1ff9-48b9-aa65-41d6301742ab','2023-0075','9914b16a-d30c-4024-b9ee-cf38052804af',1,4,1,9,1,'2023-10-18',NULL,'Recordatorio de Pago de Financiamiento $6,148.00',NULL,'2023-05-20 14:03:05','2023-05-20 14:03:05',NULL),('993571ce-83f3-4b71-acbe-d9c3163c3b37','2023-0076','9914b16a-d30c-4024-b9ee-cf38052804af',1,4,1,9,1,'2023-11-18',NULL,'Recordatorio de Pago de Financiamiento $6,148.00',NULL,'2023-05-20 14:03:36','2023-05-20 14:03:36',NULL),('993571fd-d4a2-4573-9b48-e2a6c67d22c7','2023-0077','9914b16a-d30c-4024-b9ee-cf38052804af',1,4,1,9,1,'2023-12-18',NULL,'Recordatorio de Pago de Financiamiento $6,148.00',NULL,'2023-05-20 14:04:07','2023-05-20 14:04:07',NULL),('9935723a-2629-4206-a771-04796d773d64','2023-0078','9914b16a-d30c-4024-b9ee-cf38052804af',1,4,1,9,1,'2024-01-18',NULL,'Recordatorio de Pago de Financiamiento $6,148.00',NULL,'2023-05-20 14:04:47','2023-05-20 14:04:47',NULL),('9935726e-304a-477a-b96d-411fb8676635','2023-0079','9914b16a-d30c-4024-b9ee-cf38052804af',1,4,1,9,1,'2024-02-18',NULL,'Recordatorio de Pago de Financiamiento $6,148.00',NULL,'2023-05-20 14:05:21','2023-05-20 14:05:21',NULL);

--
-- Table structure for table `type_accesories`
--

CREATE TABLE `type_accesories` (
  `id` int unsigned NOT NULL AUTO_INCREMENT,
  `name` varchar(100) COLLATE utf8mb4_unicode_ci DEFAULT NULL,
  PRIMARY KEY (`id`)
) ENGINE=InnoDB DEFAULT CHARSET=utf8mb4 COLLATE=utf8mb4_unicode_ci;

--
-- Dumping data for table `type_accesories`
--


--
-- Table structure for table `type_documents`
--

CREATE TABLE `type_documents` (
  `id` int unsigned NOT NULL AUTO_INCREMENT,
  `name` varchar(100) COLLATE utf8mb4_unicode_ci DEFAULT NULL,
  `created_at` timestamp NULL DEFAULT NULL,
  `updated_at` timestamp NULL DEFAULT NULL,
  PRIMARY KEY (`id`)
) ENGINE=InnoDB DEFAULT CHARSET=utf8mb4 COLLATE=utf8mb4_unicode_ci;

--
-- Dumping data for table `type_documents`
--


--
-- Table structure for table `type_emails_phones`
--

CREATE TABLE `type_emails_phones` (
  `id` int unsigned NOT NULL AUTO_INCREMENT,
  `name` varchar(255) COLLATE utf8mb4_unicode_ci DEFAULT NULL,
  `created_at` timestamp NULL DEFAULT NULL,
  `updated_at` timestamp NULL DEFAULT NULL,
  PRIMARY KEY (`id`)
) ENGINE=InnoDB DEFAULT CHARSET=utf8mb4 COLLATE=utf8mb4_unicode_ci;

--
-- Dumping data for table `type_emails_phones`
--


--
-- Table structure for table `type_panels`
--

CREATE TABLE `type_panels` (
  `id` int unsigned NOT NULL AUTO_INCREMENT,
  `name` varchar(255) COLLATE utf8mb4_unicode_ci NOT NULL,
  PRIMARY KEY (`id`)
) ENGINE=InnoDB DEFAULT CHARSET=utf8mb4 COLLATE=utf8mb4_unicode_ci;

--
-- Dumping data for table `type_panels`
--


--
-- Table structure for table `type_products`
--

CREATE TABLE `type_products` (
  `id` int unsigned NOT NULL AUTO_INCREMENT,
  `name` varchar(100) COLLATE utf8mb4_unicode_ci NOT NULL,
  PRIMARY KEY (`id`)
) ENGINE=InnoDB AUTO_INCREMENT=8 DEFAULT CHARSET=utf8mb4 COLLATE=utf8mb4_unicode_ci;

--
-- Dumping data for table `type_products`
--

INSERT INTO `type_products` VALUES (1,'panel'),(2,'inverter'),(3,'microinverter'),(4,'accesory'),(5,'structure'),(6,'workforce'),(7,'additional');

--
-- Table structure for table `type_tasks`
--

CREATE TABLE `type_tasks` (
  `id` int unsigned NOT NULL AUTO_INCREMENT,
  `name` varchar(100) COLLATE utf8mb4_unicode_ci DEFAULT NULL,
  PRIMARY KEY (`id`)
) ENGINE=InnoDB DEFAULT CHARSET=utf8mb4 COLLATE=utf8mb4_unicode_ci;

--
-- Dumping data for table `type_tasks`
--


--
-- Table structure for table `unit_costing`
--

CREATE TABLE `unit_costing` (
  `id` int unsigned NOT NULL AUTO_INCREMENT,
  `name` varchar(100) COLLATE utf8mb4_unicode_ci DEFAULT NULL,
  PRIMARY KEY (`id`)
) ENGINE=InnoDB DEFAULT CHARSET=utf8mb4 COLLATE=utf8mb4_unicode_ci;

--
-- Dumping data for table `unit_costing`
--


--
-- Table structure for table `user_companies`
--

CREATE TABLE `user_companies` (
  `id` int unsigned NOT NULL AUTO_INCREMENT,
  `user_id` int unsigned NOT NULL,
  `company_id` int unsigned NOT NULL,
  `created_at` timestamp NULL DEFAULT NULL,
  `updated_at` timestamp NULL DEFAULT NULL,
  PRIMARY KEY (`id`),
  KEY `user_companies_user_id_foreign` (`user_id`),
  KEY `user_companies_company_id_foreign` (`company_id`),
  CONSTRAINT `user_companies_company_id_foreign` FOREIGN KEY (`company_id`) REFERENCES `companies` (`id`) ON DELETE CASCADE ON UPDATE CASCADE,
  CONSTRAINT `user_companies_user_id_foreign` FOREIGN KEY (`user_id`) REFERENCES `users` (`id`) ON DELETE CASCADE ON UPDATE CASCADE
) ENGINE=InnoDB AUTO_INCREMENT=3 DEFAULT CHARSET=utf8mb4 COLLATE=utf8mb4_unicode_ci;

--
-- Dumping data for table `user_companies`
--

INSERT INTO `user_companies` VALUES (1,1,1,'2023-02-22 05:31:16','2023-02-22 05:31:16'),(2,2,2,'2023-05-05 01:08:00','2023-05-05 01:08:00');

--
-- Table structure for table `user_permissions`
--

CREATE TABLE `user_permissions` (
  `id` int unsigned NOT NULL AUTO_INCREMENT,
  `user_id` int unsigned NOT NULL,
  `permission_id` int unsigned NOT NULL,
  `created_at` timestamp NULL DEFAULT NULL,
  `updated_at` timestamp NULL DEFAULT NULL,
  PRIMARY KEY (`id`),
  KEY `user_permissions_user_id_foreign` (`user_id`),
  KEY `user_permissions_permission_id_foreign` (`permission_id`),
  CONSTRAINT `user_permissions_permission_id_foreign` FOREIGN KEY (`permission_id`) REFERENCES `permissions` (`id`) ON DELETE CASCADE ON UPDATE CASCADE,
  CONSTRAINT `user_permissions_user_id_foreign` FOREIGN KEY (`user_id`) REFERENCES `users` (`id`) ON DELETE CASCADE ON UPDATE CASCADE
) ENGINE=InnoDB DEFAULT CHARSET=utf8mb4 COLLATE=utf8mb4_unicode_ci;

--
-- Dumping data for table `user_permissions`
--


--
-- Table structure for table `user_roles`
--

CREATE TABLE `user_roles` (
  `id` int unsigned NOT NULL AUTO_INCREMENT,
  `rol_id` int unsigned NOT NULL,
  `user_id` int unsigned NOT NULL,
  `created_at` timestamp NULL DEFAULT NULL,
  `updated_at` timestamp NULL DEFAULT NULL,
  PRIMARY KEY (`id`),
  KEY `user_roles_rol_id_foreign` (`rol_id`),
  KEY `user_roles_user_id_foreign` (`user_id`),
  CONSTRAINT `user_roles_rol_id_foreign` FOREIGN KEY (`rol_id`) REFERENCES `roles` (`id`) ON DELETE CASCADE ON UPDATE CASCADE,
  CONSTRAINT `user_roles_user_id_foreign` FOREIGN KEY (`user_id`) REFERENCES `users` (`id`) ON DELETE CASCADE ON UPDATE CASCADE
) ENGINE=InnoDB DEFAULT CHARSET=utf8mb4 COLLATE=utf8mb4_unicode_ci;

--
-- Dumping data for table `user_roles`
--



